(4251,	'2023-10-02 13:04:43',	0,	2,	'2023-10-02 13:04:43',	1311),
(4252,	'2023-10-02 13:04:43',	0,	2,	'2023-10-02 13:04:43',	288),
(4253,	'2023-10-02 13:04:43',	0,	2,	'2023-10-02 13:04:43',	1312),
(4254,	'2023-10-02 13:04:43',	0,	2,	'2023-10-02 13:04:43',	289),
(4255,	'2023-10-02 13:04:43',	0,	2,	'2023-10-02 13:04:43',	1313),
(4256,	'2023-10-02 13:04:43',	0,	2,	'2023-10-02 13:04:43',	290),
(4257,	'2023-10-02 13:04:43',	0,	2,	'2023-10-02 13:04:43',	1314),
(4258,	'2023-10-02 13:04:43',	0,	2,	'2023-10-02 13:04:43',	291),
(4259,	'2023-10-02 13:04:43',	0,	2,	'2023-10-02 13:04:43',	1315),
(4260,	'2023-10-02 13:04:43',	0,	2,	'2023-10-02 13:04:43',	292),
(4261,	'2023-10-02 13:04:43',	0,	2,	'2023-10-02 13:04:43',	1316),
(4262,	'2023-10-02 13:04:43',	0,	2,	'2023-10-02 13:04:43',	293),
(4263,	'2023-10-02 13:04:43',	0,	2,	'2023-10-02 13:04:43',	1317),
(4264,	'2023-10-02 13:04:43',	0,	2,	'2023-10-02 13:04:43',	294),
(4265,	'2023-10-02 13:04:43',	0,	2,	'2023-10-02 13:04:43',	1318),
(4266,	'2023-10-02 13:04:43',	0,	2,	'2023-10-02 13:04:43',	295),
(4267,	'2023-10-02 13:04:43',	0,	2,	'2023-10-02 13:04:43',	1319),
(4268,	'2023-10-02 13:04:43',	0,	2,	'2023-10-02 13:04:43',	296),
(4269,	'2023-10-02 13:04:43',	0,	2,	'2023-10-02 13:04:43',	1320),
(4270,	'2023-10-02 13:04:43',	0,	2,	'2023-10-02 13:04:43',	297),
(4271,	'2023-10-02 13:04:43',	0,	2,	'2023-10-02 13:04:43',	1321),
(4272,	'2023-10-02 13:04:43',	0,	2,	'2023-10-02 13:04:43',	298),
(4273,	'2023-10-02 13:04:43',	0,	2,	'2023-10-02 13:04:43',	1322),
(4274,	'2023-10-02 13:04:43',	0,	2,	'2023-10-02 13:04:43',	299),
(4275,	'2023-10-02 13:04:44',	0,	2,	'2023-10-02 13:04:44',	1323),
(4276,	'2023-10-02 13:04:44',	0,	2,	'2023-10-02 13:04:44',	300),
(4277,	'2023-10-02 13:04:44',	0,	2,	'2023-10-02 13:04:44',	1324),
(4278,	'2023-10-02 13:04:44',	0,	2,	'2023-10-02 13:04:44',	301),
(4279,	'2023-10-02 13:04:44',	0,	2,	'2023-10-02 13:04:44',	1325),
(4280,	'2023-10-02 13:04:44',	0,	2,	'2023-10-02 13:04:44',	302),
(4281,	'2023-10-02 13:04:44',	0,	2,	'2023-10-02 13:04:44',	1326),
(4282,	'2023-10-02 13:04:44',	0,	2,	'2023-10-02 13:04:44',	303),
(4283,	'2023-10-02 13:04:44',	0,	2,	'2023-10-02 13:04:44',	1327),
(4284,	'2023-10-02 13:04:44',	0,	2,	'2023-10-02 13:04:44',	304),
(4285,	'2023-10-02 13:04:44',	0,	2,	'2023-10-02 13:04:44',	1328),
(4286,	'2023-10-02 13:04:44',	0,	2,	'2023-10-02 13:04:44',	305),
(4287,	'2023-10-02 13:04:44',	0,	2,	'2023-10-02 13:04:44',	1329),
(4288,	'2023-10-02 13:04:44',	0,	2,	'2023-10-02 13:04:44',	306),
(4289,	'2023-10-02 13:04:44',	0,	2,	'2023-10-02 13:04:44',	1330),
(4290,	'2023-10-02 13:04:44',	0,	2,	'2023-10-02 13:04:44',	307),
(4291,	'2023-10-02 13:04:44',	0,	2,	'2023-10-02 13:04:44',	1331),
(4292,	'2023-10-02 13:04:44',	0,	2,	'2023-10-02 13:04:44',	308),
(4293,	'2023-10-02 13:04:44',	0,	2,	'2023-10-02 13:04:44',	1332),
(4294,	'2023-10-02 13:04:44',	0,	2,	'2023-10-02 13:04:44',	309),
(4295,	'2023-10-02 13:04:44',	0,	2,	'2023-10-02 13:04:44',	1333),
(4296,	'2023-10-02 13:04:44',	0,	2,	'2023-10-02 13:04:44',	310),
(4297,	'2023-10-02 13:04:44',	0,	2,	'2023-10-02 13:04:44',	1334),
(4298,	'2023-10-02 13:04:44',	0,	2,	'2023-10-02 13:04:44',	311),
(4299,	'2023-10-02 13:04:44',	0,	2,	'2023-10-02 13:04:44',	1335),
(4300,	'2023-10-02 13:04:44',	0,	2,	'2023-10-02 13:04:44',	312),
(4301,	'2023-10-02 13:04:44',	0,	2,	'2023-10-02 13:04:44',	1336),
(4302,	'2023-10-02 13:04:44',	0,	2,	'2023-10-02 13:04:44',	1337),
(4303,	'2023-10-02 13:04:44',	0,	2,	'2023-10-02 13:04:44',	1338),
(4304,	'2023-10-02 13:04:44',	0,	2,	'2023-10-02 13:04:44',	1339),
(4305,	'2023-10-02 13:04:44',	0,	2,	'2023-10-02 13:04:44',	316),
(4306,	'2023-10-02 13:04:44',	0,	2,	'2023-10-02 13:04:44',	1340),
(4307,	'2023-10-02 13:04:44',	0,	2,	'2023-10-02 13:04:44',	317),
(4308,	'2023-10-02 13:04:44',	0,	2,	'2023-10-02 13:04:44',	1341),
(4309,	'2023-10-02 13:04:44',	0,	2,	'2023-10-02 13:04:44',	318),
(4310,	'2023-10-02 13:04:44',	0,	2,	'2023-10-02 13:04:44',	1342),
(4311,	'2023-10-02 13:04:44',	0,	2,	'2023-10-02 13:04:44',	319),
(4312,	'2023-10-02 13:04:44',	0,	2,	'2023-10-02 13:04:44',	1343),
(4313,	'2023-10-02 13:04:44',	0,	2,	'2023-10-02 13:04:44',	320),
(4314,	'2023-10-02 13:04:44',	0,	2,	'2023-10-02 13:04:44',	1344),
(4315,	'2023-10-02 13:04:44',	0,	2,	'2023-10-02 13:04:44',	321),
(4316,	'2023-10-02 13:04:44',	0,	2,	'2023-10-02 13:04:44',	1345),
(4317,	'2023-10-02 13:04:44',	0,	2,	'2023-10-02 13:04:44',	1346),
(4318,	'2023-10-02 13:04:44',	0,	2,	'2023-10-02 13:04:44',	1347),
(4319,	'2023-10-02 13:04:44',	0,	2,	'2023-10-02 13:04:44',	1348),
(4320,	'2023-10-02 13:04:44',	0,	2,	'2023-10-02 13:04:44',	325),
(4321,	'2023-10-02 13:04:44',	0,	2,	'2023-10-02 13:04:44',	1349),
(4322,	'2023-10-02 13:04:45',	0,	2,	'2023-10-02 13:04:45',	326),
(4323,	'2023-10-02 13:04:45',	0,	2,	'2023-10-02 13:04:45',	1350),
(4324,	'2023-10-02 13:04:45',	0,	2,	'2023-10-02 13:04:45',	1351),
(4325,	'2023-10-02 13:04:45',	0,	2,	'2023-10-02 13:04:45',	328),
(4326,	'2023-10-02 13:04:45',	0,	2,	'2023-10-02 13:04:45',	1352),
(4327,	'2023-10-02 13:04:45',	0,	2,	'2023-10-02 13:04:45',	329),
(4328,	'2023-10-02 13:04:45',	0,	2,	'2023-10-02 13:04:45',	1353),
(4329,	'2023-10-02 13:04:45',	0,	2,	'2023-10-02 13:04:45',	330),
(4330,	'2023-10-02 13:04:45',	0,	2,	'2023-10-02 13:04:45',	1354),
(4331,	'2023-10-02 13:04:45',	0,	2,	'2023-10-02 13:04:45',	331),
(4332,	'2023-10-02 13:04:45',	0,	2,	'2023-10-02 13:04:45',	1355),
(4333,	'2023-10-02 13:04:45',	0,	2,	'2023-10-02 13:04:45',	332),
(4334,	'2023-10-02 13:04:45',	0,	2,	'2023-10-02 13:04:45',	1356),
(4335,	'2023-10-02 13:04:45',	0,	2,	'2023-10-02 13:04:45',	333),
(4336,	'2023-10-02 13:04:45',	0,	2,	'2023-10-02 13:04:45',	1357),
(4337,	'2023-10-02 13:04:45',	0,	2,	'2023-10-02 13:04:45',	334),
(4338,	'2023-10-02 13:04:45',	0,	2,	'2023-10-02 13:04:45',	1358),
(4339,	'2023-10-02 13:04:45',	0,	2,	'2023-10-02 13:04:45',	335),
(4340,	'2023-10-02 13:04:45',	0,	2,	'2023-10-02 13:04:45',	1359),
(4341,	'2023-10-02 13:04:45',	0,	2,	'2023-10-02 13:04:45',	336),
(4342,	'2023-10-02 13:04:45',	0,	2,	'2023-10-02 13:04:45',	1360),
(4343,	'2023-10-02 13:04:45',	0,	2,	'2023-10-02 13:04:45',	337),
(4344,	'2023-10-02 13:04:45',	0,	2,	'2023-10-02 13:04:45',	1361),
(4345,	'2023-10-02 13:04:45',	0,	2,	'2023-10-02 13:04:45',	338),
(4346,	'2023-10-02 13:04:45',	0,	2,	'2023-10-02 13:04:45',	1362),
(4347,	'2023-10-02 13:04:45',	0,	2,	'2023-10-02 13:04:45',	339),
(4348,	'2023-10-02 13:04:45',	0,	2,	'2023-10-02 13:04:45',	1363),
(4349,	'2023-10-02 13:04:45',	0,	2,	'2023-10-02 13:04:45',	340),
(4350,	'2023-10-02 13:04:45',	0,	2,	'2023-10-02 13:04:45',	1364),
(4351,	'2023-10-02 13:04:45',	0,	2,	'2023-10-02 13:04:45',	341),
(4352,	'2023-10-02 13:04:45',	0,	2,	'2023-10-02 13:04:45',	1365),
(4353,	'2023-10-02 13:04:45',	0,	2,	'2023-10-02 13:04:45',	342),
(4354,	'2023-10-02 13:04:45',	0,	2,	'2023-10-02 13:04:45',	1366),
(4355,	'2023-10-02 13:04:45',	0,	2,	'2023-10-02 13:04:45',	343),
(4356,	'2023-10-02 13:04:45',	0,	2,	'2023-10-02 13:04:45',	1367),
(4357,	'2023-10-02 13:04:45',	0,	2,	'2023-10-02 13:04:45',	344),
(4358,	'2023-10-02 13:04:45',	0,	2,	'2023-10-02 13:04:45',	1368),
(4359,	'2023-10-02 13:04:45',	0,	2,	'2023-10-02 13:04:45',	345),
(4360,	'2023-10-02 13:04:45',	0,	2,	'2023-10-02 13:04:45',	1369),
(4361,	'2023-10-02 13:04:45',	0,	2,	'2023-10-02 13:04:45',	346),
(4362,	'2023-10-02 13:04:45',	0,	2,	'2023-10-02 13:04:45',	1370),
(4363,	'2023-10-02 13:04:45',	0,	2,	'2023-10-02 13:04:45',	347),
(4364,	'2023-10-02 13:04:45',	0,	2,	'2023-10-02 13:04:45',	1371),
(4365,	'2023-10-02 13:04:45',	0,	2,	'2023-10-02 13:04:45',	1372),
(4366,	'2023-10-02 13:04:45',	0,	2,	'2023-10-02 13:04:45',	1373),
(4367,	'2023-10-02 13:04:45',	0,	2,	'2023-10-02 13:04:45',	1374),
(4368,	'2023-10-02 13:04:45',	22,	2,	'2023-10-25 04:45:17',	1375),
(4369,	'2023-10-02 13:04:45',	0,	2,	'2023-10-02 13:04:45',	1376),
(4370,	'2023-10-02 13:04:45',	0,	2,	'2023-10-02 13:04:45',	1377),
(4371,	'2023-10-02 13:04:46',	0,	2,	'2023-10-02 13:04:46',	1378),
(4372,	'2023-10-02 13:04:46',	0,	2,	'2023-10-02 13:04:46',	1379),
(4373,	'2023-10-02 13:04:46',	0,	2,	'2023-10-02 13:04:46',	1380),
(4374,	'2023-10-02 13:04:46',	0,	2,	'2023-10-02 13:04:46',	1381),
(4375,	'2023-10-02 13:04:46',	0,	2,	'2023-10-02 13:04:46',	1382),
(4376,	'2023-10-02 13:04:46',	0,	2,	'2023-10-02 13:04:46',	1383),
(4377,	'2023-10-02 13:04:46',	0,	2,	'2023-10-02 13:04:46',	1384),
(4378,	'2023-10-02 13:04:46',	0,	2,	'2023-10-02 13:04:46',	1385),
(4379,	'2023-10-02 13:04:46',	0,	2,	'2023-10-02 13:04:46',	1386),
(4380,	'2023-10-02 13:04:46',	0,	2,	'2023-10-02 13:04:46',	1387),
(4381,	'2023-10-02 13:04:46',	0,	2,	'2023-10-02 13:04:46',	1388),
(4382,	'2023-10-02 13:04:46',	0,	2,	'2023-10-02 13:04:46',	1389),
(4383,	'2023-10-02 13:04:46',	0,	2,	'2023-10-02 13:04:46',	1390),
(4384,	'2023-10-02 13:04:46',	0,	2,	'2023-10-02 13:04:46',	1391),
(4385,	'2023-10-02 13:04:46',	0,	2,	'2023-10-02 13:04:46',	1392),
(4386,	'2023-10-02 13:04:46',	0,	2,	'2023-10-02 13:04:46',	1393),
(4387,	'2023-10-02 13:04:46',	0,	2,	'2023-10-02 13:04:46',	1394),
(4388,	'2023-10-02 13:04:46',	0,	2,	'2023-10-02 13:04:46',	1395),
(4389,	'2023-10-02 13:04:46',	0,	2,	'2023-10-02 13:04:46',	1396),
(4390,	'2023-10-02 13:04:46',	0,	2,	'2023-10-02 13:04:46',	1397),
(4391,	'2023-10-02 13:04:46',	0,	2,	'2023-10-02 13:04:46',	1398),
(4392,	'2023-10-02 13:04:46',	0,	2,	'2023-10-02 13:04:46',	1399),
(4393,	'2023-10-02 13:04:46',	0,	2,	'2023-10-02 13:04:46',	1400),
(4394,	'2023-10-02 13:04:46',	0,	2,	'2023-10-02 13:04:46',	1401),
(4395,	'2023-10-02 13:04:47',	0,	2,	'2023-10-02 13:04:47',	1402),
(4396,	'2023-10-02 13:04:47',	0,	2,	'2023-10-02 13:04:47',	1403),
(4397,	'2023-10-02 13:04:47',	0,	2,	'2023-10-02 13:04:47',	1404),
(4398,	'2023-10-02 13:04:47',	0,	2,	'2023-10-02 13:04:47',	1405),
(4399,	'2023-10-02 13:04:47',	0,	2,	'2023-10-02 13:04:47',	1406),
(4400,	'2023-10-02 13:04:47',	0,	2,	'2023-10-02 13:04:47',	1407),
(4401,	'2023-10-02 13:04:47',	0,	2,	'2023-10-02 13:04:47',	1408),
(4402,	'2023-10-02 13:04:47',	0,	2,	'2023-10-02 13:04:47',	1409),
(4403,	'2023-10-02 13:04:47',	0,	2,	'2023-10-02 13:04:47',	1410),
(4404,	'2023-10-02 13:04:47',	0,	2,	'2023-10-02 13:04:47',	1411),
(4405,	'2023-10-02 13:04:47',	0,	2,	'2023-10-02 13:04:47',	1412),
(4406,	'2023-10-02 13:04:47',	0,	2,	'2023-10-02 13:04:47',	1413),
(4407,	'2023-10-02 13:04:47',	0,	2,	'2023-10-02 13:04:47',	1414),
(4408,	'2023-10-02 13:04:47',	0,	2,	'2023-10-02 13:04:47',	1415),
(4409,	'2023-10-02 13:04:47',	0,	2,	'2023-10-02 13:04:47',	1416),
(4410,	'2023-10-02 13:04:47',	0,	2,	'2023-10-02 13:04:47',	1417),
(4411,	'2023-10-02 13:04:47',	0,	2,	'2023-10-02 13:04:47',	1418),
(4412,	'2023-10-02 13:04:47',	0,	2,	'2023-10-02 13:04:47',	1419),
(4413,	'2023-10-02 13:04:47',	0,	2,	'2023-10-02 13:04:47',	1420),
(4414,	'2023-10-02 13:04:47',	0,	2,	'2023-10-02 13:04:47',	1421),
(4415,	'2023-10-02 13:04:47',	0,	2,	'2023-10-02 13:04:47',	1422),
(4416,	'2023-10-02 13:04:47',	0,	2,	'2023-10-02 13:04:47',	1423),
(4417,	'2023-10-02 13:04:47',	0,	2,	'2023-10-02 13:04:47',	1424),
(4418,	'2023-10-02 13:04:47',	0,	2,	'2023-10-02 13:04:47',	1425),
(4419,	'2023-10-02 13:04:47',	0,	2,	'2023-10-02 13:04:47',	1426),
(4420,	'2023-10-02 13:04:47',	0,	2,	'2023-10-02 13:04:47',	1427),
(4421,	'2023-10-02 13:04:47',	0,	2,	'2023-10-02 13:04:47',	1428),
(4422,	'2023-10-02 13:04:47',	0,	2,	'2023-10-02 13:04:47',	1429),
(4423,	'2023-10-02 13:04:47',	0,	2,	'2023-10-02 13:04:47',	1430),
(4424,	'2023-10-02 13:04:47',	0,	2,	'2023-10-02 13:04:47',	1431),
(4425,	'2023-10-02 13:04:47',	0,	2,	'2023-10-02 13:04:47',	1432),
(4426,	'2023-10-02 13:04:47',	0,	2,	'2023-10-02 13:04:47',	1433),
(4427,	'2023-10-02 13:04:47',	0,	2,	'2023-10-02 13:04:47',	1434),
(4428,	'2023-10-02 13:04:48',	0,	2,	'2023-10-02 13:04:48',	1435),
(4429,	'2023-10-02 13:04:48',	0,	2,	'2023-10-02 13:04:48',	1436),
(4430,	'2023-10-02 13:04:48',	0,	2,	'2023-10-02 13:04:48',	1437),
(4431,	'2023-10-02 13:04:48',	0,	2,	'2023-10-02 13:04:48',	1438),
(4432,	'2023-10-02 13:04:48',	0,	2,	'2023-10-02 13:04:48',	1439),
(4433,	'2023-10-02 13:04:48',	0,	2,	'2023-10-02 13:04:48',	1440),
(4434,	'2023-10-02 13:04:48',	0,	2,	'2023-10-02 13:04:48',	1441),
(4435,	'2023-10-02 13:04:48',	0,	2,	'2023-10-02 13:04:48',	1442),
(4436,	'2023-10-02 13:04:48',	0,	2,	'2023-10-02 13:04:48',	1443),
(4437,	'2023-10-02 13:04:48',	0,	2,	'2023-10-02 13:04:48',	1444),
(4438,	'2023-10-02 13:04:48',	0,	2,	'2023-10-02 13:04:48',	1445),
(4439,	'2023-10-02 13:04:48',	0,	2,	'2023-10-02 13:04:48',	1446),
(4440,	'2023-10-02 13:04:48',	0,	2,	'2023-10-02 13:04:48',	1447),
(4441,	'2023-10-02 13:04:48',	0,	2,	'2023-10-02 13:04:48',	1448),
(4442,	'2023-10-02 13:04:48',	0,	2,	'2023-10-02 13:04:48',	1449),
(4443,	'2023-10-02 13:04:48',	0,	2,	'2023-10-02 13:04:48',	1450),
(4444,	'2023-10-02 13:04:48',	0,	2,	'2023-10-02 13:04:48',	1451),
(4445,	'2023-10-02 13:04:48',	0,	2,	'2023-10-02 13:04:48',	1452),
(4446,	'2023-10-02 13:04:48',	0,	2,	'2023-10-02 13:04:48',	1453),
(4447,	'2023-10-02 13:04:48',	0,	2,	'2023-10-02 13:04:48',	1454),
(4448,	'2023-10-02 13:04:48',	0,	2,	'2023-10-02 13:04:48',	1455),
(4449,	'2023-10-02 13:04:48',	0,	2,	'2023-10-02 13:04:48',	1456),
(4450,	'2023-10-02 13:04:48',	0,	2,	'2023-10-02 13:04:48',	1457),
(4451,	'2023-10-02 13:04:48',	0,	2,	'2023-10-02 13:04:48',	1458),
(4452,	'2023-10-02 13:04:48',	0,	2,	'2023-10-02 13:04:48',	1459),
(4453,	'2023-10-02 13:04:48',	0,	2,	'2023-10-02 13:04:48',	1460),
(4454,	'2023-10-02 13:04:48',	0,	2,	'2023-10-02 13:04:48',	1461),
(4455,	'2023-10-02 13:04:48',	0,	2,	'2023-10-02 13:04:48',	1462),
(4456,	'2023-10-02 13:04:48',	0,	2,	'2023-10-02 13:04:48',	1463),
(4457,	'2023-10-02 13:04:48',	0,	2,	'2023-10-02 13:04:48',	1464),
(4458,	'2023-10-02 13:04:48',	0,	2,	'2023-10-02 13:04:48',	1465),
(4459,	'2023-10-02 13:04:48',	0,	2,	'2023-10-02 13:04:48',	1466),
(4460,	'2023-10-02 13:04:48',	0,	2,	'2023-10-02 13:04:48',	1467),
(4461,	'2023-10-02 13:04:48',	0,	2,	'2023-10-02 13:04:48',	1468),
(4462,	'2023-10-02 13:04:48',	0,	2,	'2023-10-02 13:04:48',	1469),
(4463,	'2023-10-02 13:04:48',	0,	2,	'2023-10-02 13:04:48',	1470),
(4464,	'2023-10-02 13:04:48',	0,	2,	'2023-10-02 13:04:48',	1471),
(4465,	'2023-10-02 13:04:48',	0,	2,	'2023-10-02 13:04:48',	1472),
(4466,	'2023-10-02 13:04:48',	0,	2,	'2023-10-02 13:04:48',	1473),
(4467,	'2023-10-02 13:04:48',	0,	2,	'2023-10-02 13:04:48',	1474),
(4468,	'2023-10-02 13:04:49',	0,	2,	'2023-10-02 13:04:49',	1475),
(4469,	'2023-10-02 13:04:49',	0,	2,	'2023-10-02 13:04:49',	1476),
(4470,	'2023-10-02 13:04:49',	0,	2,	'2023-10-02 13:04:49',	1477),
(4471,	'2023-10-02 13:04:49',	0,	2,	'2023-10-02 13:04:49',	1478),
(4472,	'2023-10-02 13:04:49',	0,	2,	'2023-10-02 13:04:49',	1479),
(4473,	'2023-10-02 13:04:49',	0,	2,	'2023-10-02 13:04:49',	1480),
(4474,	'2023-10-02 13:04:49',	0,	2,	'2023-10-02 13:04:49',	1481),
(4475,	'2023-10-02 13:04:49',	0,	2,	'2023-10-02 13:04:49',	1482),
(4476,	'2023-10-02 13:04:49',	0,	2,	'2023-10-02 13:04:49',	1483),
(4477,	'2023-10-02 13:04:49',	0,	2,	'2023-10-02 13:04:49',	1484),
(4478,	'2023-10-02 13:04:49',	0,	2,	'2023-10-02 13:04:49',	1485),
(4479,	'2023-10-02 13:04:49',	0,	2,	'2023-10-02 13:04:49',	1486),
(4480,	'2023-10-02 13:04:49',	0,	2,	'2023-10-02 13:04:49',	1487),
(4481,	'2023-10-02 13:04:49',	0,	2,	'2023-10-02 13:04:49',	1488),
(4482,	'2023-10-02 13:04:49',	0,	2,	'2023-10-02 13:04:49',	1489),
(4483,	'2023-10-02 13:04:49',	0,	2,	'2023-10-02 13:04:49',	1490),
(4484,	'2023-10-02 13:04:49',	0,	2,	'2023-10-02 13:04:49',	1491),
(4485,	'2023-10-02 13:04:49',	0,	2,	'2023-10-02 13:04:49',	1492),
(4486,	'2023-10-02 13:04:49',	0,	2,	'2023-10-02 13:04:49',	1493),
(4487,	'2023-10-02 13:04:49',	0,	2,	'2023-10-02 13:04:49',	1494),
(4488,	'2023-10-02 13:04:49',	0,	2,	'2023-10-02 13:04:49',	1495),
(4489,	'2023-10-02 13:04:49',	0,	2,	'2023-10-02 13:04:49',	1496),
(4490,	'2023-10-02 13:04:49',	0,	2,	'2023-10-02 13:04:49',	1497),
(4491,	'2023-10-02 13:04:49',	0,	2,	'2023-10-02 13:04:49',	1498),
(4492,	'2023-10-02 13:04:49',	0,	2,	'2023-10-02 13:04:49',	610),
(4493,	'2023-10-02 13:04:49',	0,	2,	'2023-10-02 13:04:49',	613),
(4494,	'2023-10-02 13:04:49',	0,	2,	'2023-10-02 13:04:49',	614),
(4495,	'2023-10-02 13:04:49',	0,	2,	'2023-10-02 13:04:49',	778),
(4496,	'2023-10-02 13:04:49',	0,	2,	'2023-10-02 13:04:49',	779),
(4497,	'2023-10-02 13:04:49',	0,	2,	'2023-10-02 13:04:49',	780),
(4498,	'2023-10-02 13:04:49',	0,	2,	'2023-10-02 13:04:49',	781),
(4499,	'2023-10-02 13:04:49',	0,	2,	'2023-10-02 13:04:49',	782),
(4500,	'2023-10-02 13:04:49',	0,	2,	'2023-10-02 13:04:49',	783),
(4501,	'2023-10-02 13:04:49',	0,	2,	'2023-10-02 13:04:49',	784),
(4502,	'2023-10-02 13:04:49',	0,	2,	'2023-10-02 13:04:49',	785),
(4503,	'2023-10-02 13:04:49',	0,	2,	'2023-10-02 13:04:49',	786),
(4504,	'2023-10-02 13:04:49',	0,	2,	'2023-10-02 13:04:49',	787),
(4505,	'2023-10-02 13:04:49',	0,	2,	'2023-10-02 13:04:49',	788),
(4506,	'2023-10-02 13:04:49',	0,	2,	'2023-10-02 13:04:49',	789),
(4507,	'2023-10-02 13:04:49',	0,	2,	'2023-10-02 13:04:49',	790),
(4508,	'2023-10-02 13:04:49',	0,	2,	'2023-10-02 13:04:49',	791),
(4509,	'2023-10-02 13:04:49',	0,	2,	'2023-10-02 13:04:49',	792),
(4510,	'2023-10-02 13:04:49',	0,	2,	'2023-10-02 13:04:49',	793),
(4511,	'2023-10-02 13:04:49',	0,	2,	'2023-10-02 13:04:49',	794),
(4512,	'2023-10-02 13:04:49',	0,	2,	'2023-10-02 13:04:49',	795),
(4513,	'2023-10-02 13:04:49',	0,	2,	'2023-10-02 13:04:49',	796),
(4514,	'2023-10-02 13:04:49',	0,	2,	'2023-10-02 13:04:49',	797),
(4515,	'2023-10-02 13:04:49',	0,	2,	'2023-10-02 13:04:49',	798),
(4516,	'2023-10-02 13:04:49',	0,	2,	'2023-10-02 13:04:49',	799),
(4517,	'2023-10-02 13:04:49',	0,	2,	'2023-10-02 13:04:49',	800),
(4518,	'2023-10-02 13:04:49',	0,	2,	'2023-10-02 13:04:49',	801),
(4519,	'2023-10-02 13:04:49',	0,	2,	'2023-10-02 13:04:49',	802),
(4520,	'2023-10-02 13:04:49',	0,	2,	'2023-10-02 13:04:49',	803),
(4521,	'2023-10-02 13:04:49',	0,	2,	'2023-10-02 13:04:49',	906),
(4522,	'2023-10-02 13:04:49',	0,	2,	'2023-10-02 13:04:49',	907),
(4523,	'2023-10-02 13:04:49',	0,	2,	'2023-10-02 13:04:49',	908),
(4524,	'2023-10-02 13:04:49',	0,	2,	'2023-10-02 13:04:49',	942),
(4525,	'2023-10-02 13:04:49',	0,	2,	'2023-10-02 13:04:49',	943),
(4526,	'2023-10-02 13:04:49',	0,	2,	'2023-10-02 13:04:49',	944),
(4527,	'2023-10-02 13:04:49',	0,	2,	'2023-10-02 13:04:49',	945),
(4528,	'2023-10-02 13:04:49',	0,	2,	'2023-10-02 13:04:49',	946),
(4529,	'2023-10-02 13:04:49',	0,	2,	'2023-10-02 13:04:49',	947),
(4530,	'2023-10-02 13:04:49',	0,	2,	'2023-10-02 13:04:49',	948),
(4531,	'2023-10-02 13:04:49',	0,	2,	'2023-10-02 13:04:49',	949),
(4532,	'2023-10-02 13:04:49',	0,	2,	'2023-10-02 13:04:49',	950),
(4533,	'2023-10-02 13:04:49',	0,	2,	'2023-10-02 13:04:49',	951),
(4534,	'2023-10-02 13:04:49',	0,	2,	'2023-10-02 13:04:49',	952),
(4535,	'2023-10-02 13:04:49',	0,	2,	'2023-10-02 13:04:49',	953),
(4536,	'2023-10-02 13:04:49',	0,	2,	'2023-10-02 13:04:49',	954),
(4537,	'2023-10-02 13:04:49',	0,	2,	'2023-10-02 13:04:49',	955),
(4538,	'2023-10-02 13:04:49',	0,	2,	'2023-10-02 13:04:49',	956),
(4539,	'2023-10-02 13:04:49',	0,	2,	'2023-10-02 13:04:49',	957),
(4540,	'2023-10-02 13:04:49',	0,	2,	'2023-10-02 13:04:49',	958),
(4541,	'2023-10-02 13:04:50',	0,	2,	'2023-10-02 13:04:50',	959),
(4542,	'2023-10-02 13:04:50',	0,	2,	'2023-10-02 13:04:50',	976),
(4543,	'2023-10-02 13:04:50',	0,	2,	'2023-10-02 13:04:50',	977),
(4544,	'2023-10-02 13:04:50',	0,	2,	'2023-10-02 13:04:50',	978),
(4545,	'2023-10-02 13:04:50',	0,	2,	'2023-10-02 13:04:50',	979),
(4546,	'2023-10-02 13:04:50',	0,	2,	'2023-10-02 13:04:50',	980),
(4547,	'2023-10-02 13:04:50',	0,	2,	'2023-10-02 13:04:50',	981),
(4548,	'2023-10-02 13:04:50',	0,	2,	'2023-10-02 13:04:50',	982),
(4549,	'2023-10-02 13:04:50',	0,	2,	'2023-10-02 13:04:50',	983),
(4550,	'2023-10-02 13:04:50',	0,	2,	'2023-10-02 13:04:50',	984),
(4551,	'2023-10-02 13:04:50',	0,	2,	'2023-10-02 13:04:50',	985),
(4552,	'2023-10-02 13:04:50',	0,	2,	'2023-10-02 13:04:50',	986),
(4553,	'2023-10-02 13:04:50',	0,	2,	'2023-10-02 13:04:50',	987),
(4554,	'2023-10-02 13:04:50',	0,	2,	'2023-10-02 13:04:50',	988),
(4555,	'2023-10-02 13:04:50',	0,	2,	'2023-10-02 13:04:50',	989),
(4556,	'2023-10-02 13:04:50',	0,	2,	'2023-10-02 13:04:50',	990),
(4557,	'2023-10-02 13:04:50',	0,	2,	'2023-10-02 13:04:50',	1008),
(4558,	'2023-10-02 13:04:50',	0,	2,	'2023-10-02 13:04:50',	1009),
(4559,	'2023-10-02 13:04:50',	0,	2,	'2023-10-02 13:04:50',	1010),
(4560,	'2023-10-02 13:04:50',	0,	2,	'2023-10-02 13:04:50',	1011),
(4561,	'2023-10-02 13:04:50',	0,	2,	'2023-10-02 13:04:50',	1012),
(4562,	'2023-10-02 13:04:50',	0,	2,	'2023-10-02 13:04:50',	1013),
(4563,	'2023-10-02 13:04:50',	0,	2,	'2023-10-02 13:04:50',	1014),
(4564,	'2023-10-02 13:04:50',	0,	2,	'2023-10-02 13:04:50',	1015),
(4565,	'2023-10-02 13:04:50',	0,	2,	'2023-10-02 13:04:50',	1016),
(4566,	'2023-10-02 13:04:50',	0,	2,	'2023-10-02 13:04:50',	1017),
(4567,	'2023-10-02 13:04:50',	0,	2,	'2023-10-02 13:04:50',	1018),
(4568,	'2023-10-02 13:04:50',	0,	2,	'2023-10-02 13:04:50',	1019),
(4569,	'2023-10-02 13:04:50',	0,	2,	'2023-10-02 13:04:50',	1020),
(4570,	'2023-10-02 13:04:50',	0,	2,	'2023-10-02 13:04:50',	1021),
(4571,	'2023-10-02 13:04:50',	0,	2,	'2023-10-02 13:04:50',	1022),
(4572,	'2023-10-02 13:04:50',	0,	2,	'2023-10-02 13:04:50',	1023),
(4573,	'2023-10-02 13:07:52',	0,	3,	'2023-10-02 13:07:52',	1024),
(4574,	'2023-10-02 13:07:52',	0,	3,	'2023-10-02 13:07:52',	1025),
(4575,	'2023-10-02 13:07:52',	0,	3,	'2023-10-02 13:07:52',	1026),
(4576,	'2023-10-02 13:07:52',	0,	3,	'2023-10-02 13:07:52',	1027),
(4577,	'2023-10-02 13:07:52',	0,	3,	'2023-10-02 13:07:52',	1028),
(4578,	'2023-10-02 13:07:52',	0,	3,	'2023-10-02 13:07:52',	1029),
(4579,	'2023-10-02 13:07:52',	0,	3,	'2023-10-02 13:07:52',	1030),
(4580,	'2023-10-02 13:07:52',	0,	3,	'2023-10-02 13:07:52',	1031),
(4581,	'2023-10-02 13:07:52',	0,	3,	'2023-10-02 13:07:52',	1032),
(4582,	'2023-10-02 13:07:52',	0,	3,	'2023-10-02 13:07:52',	1033),
(4583,	'2023-10-02 13:07:52',	0,	3,	'2023-10-02 13:07:52',	1034),
(4584,	'2023-10-02 13:07:52',	0,	3,	'2023-10-02 13:07:52',	11),
(4585,	'2023-10-02 13:07:52',	0,	3,	'2023-10-02 13:07:52',	1035),
(4586,	'2023-10-02 13:07:52',	0,	3,	'2023-10-02 13:07:52',	1036),
(4587,	'2023-10-02 13:07:52',	0,	3,	'2023-10-02 13:07:52',	1037),
(4588,	'2023-10-02 13:07:52',	0,	3,	'2023-10-02 13:07:52',	1038),
(4589,	'2023-10-02 13:07:52',	0,	3,	'2023-10-02 13:07:52',	1039),
(4590,	'2023-10-02 13:07:52',	0,	3,	'2023-10-02 13:07:52',	1040),
(4591,	'2023-10-02 13:07:52',	0,	3,	'2023-10-02 13:07:52',	1041),
(4592,	'2023-10-02 13:07:52',	0,	3,	'2023-10-02 13:07:52',	1042),
(4593,	'2023-10-02 13:07:52',	0,	3,	'2023-10-02 13:07:52',	1043),
(4594,	'2023-10-02 13:07:52',	0,	3,	'2023-10-02 13:07:52',	1044),
(4595,	'2023-10-02 13:07:52',	0,	3,	'2023-10-02 13:07:52',	21),
(4596,	'2023-10-02 13:07:52',	0,	3,	'2023-10-02 13:07:52',	1045),
(4597,	'2023-10-02 13:07:52',	0,	3,	'2023-10-02 13:07:52',	1046),
(4598,	'2023-10-02 13:07:52',	0,	3,	'2023-10-02 13:07:52',	1047),
(4599,	'2023-10-02 13:07:52',	0,	3,	'2023-10-02 13:07:52',	1048),
(4600,	'2023-10-02 13:07:52',	0,	3,	'2023-10-02 13:07:52',	1049),
(4601,	'2023-10-02 13:07:52',	0,	3,	'2023-10-02 13:07:52',	1050),
(4602,	'2023-10-02 13:07:52',	0,	3,	'2023-10-02 13:07:52',	1051),
(4603,	'2023-10-02 13:07:52',	0,	3,	'2023-10-02 13:07:52',	1052),
(4604,	'2023-10-02 13:07:52',	0,	3,	'2023-10-02 13:07:52',	1053),
(4605,	'2023-10-02 13:07:52',	0,	3,	'2023-10-02 13:07:52',	1054),
(4606,	'2023-10-02 13:07:52',	0,	3,	'2023-10-02 13:07:52',	31),
(4607,	'2023-10-02 13:07:52',	0,	3,	'2023-10-02 13:07:52',	1055),
(4608,	'2023-10-02 13:07:52',	0,	3,	'2023-10-02 13:07:52',	1056),
(4609,	'2023-10-02 13:07:52',	0,	3,	'2023-10-02 13:07:52',	1057),
(4610,	'2023-10-02 13:07:52',	0,	3,	'2023-10-02 13:07:52',	1058),
(4611,	'2023-10-02 13:07:52',	0,	3,	'2023-10-02 13:07:52',	1059),
(4612,	'2023-10-02 13:07:52',	0,	3,	'2023-10-02 13:07:52',	1060),
(4613,	'2023-10-02 13:07:52',	0,	3,	'2023-10-02 13:07:52',	1061),
(4614,	'2023-10-02 13:07:52',	0,	3,	'2023-10-02 13:07:52',	1062),
(4615,	'2023-10-02 13:07:52',	0,	3,	'2023-10-02 13:07:52',	1063),
(4616,	'2023-10-02 13:07:52',	0,	3,	'2023-10-02 13:07:52',	1064),
(4617,	'2023-10-02 13:07:52',	0,	3,	'2023-10-02 13:07:52',	41),
(4618,	'2023-10-02 13:07:52',	0,	3,	'2023-10-02 13:07:52',	1065),
(4619,	'2023-10-02 13:07:52',	0,	3,	'2023-10-02 13:07:52',	1066),
(4620,	'2023-10-02 13:07:52',	0,	3,	'2023-10-02 13:07:52',	1067),
(4621,	'2023-10-02 13:07:52',	0,	3,	'2023-10-02 13:07:52',	1068),
(4622,	'2023-10-02 13:07:53',	0,	3,	'2023-10-02 13:07:53',	1069),
(4623,	'2023-10-02 13:07:53',	0,	3,	'2023-10-02 13:07:53',	1070),
(4624,	'2023-10-02 13:07:53',	0,	3,	'2023-10-02 13:07:53',	1071),
(4625,	'2023-10-02 13:07:53',	0,	3,	'2023-10-02 13:07:53',	1072),
(4626,	'2023-10-02 13:07:53',	0,	3,	'2023-10-02 13:07:53',	1073),
(4627,	'2023-10-02 13:07:53',	0,	3,	'2023-10-02 13:07:53',	1074),
(4628,	'2023-10-02 13:07:53',	0,	3,	'2023-10-02 13:07:53',	51),
(4629,	'2023-10-02 13:07:53',	0,	3,	'2023-10-02 13:07:53',	1075),
(4630,	'2023-10-02 13:07:53',	0,	3,	'2023-10-02 13:07:53',	1076),
(4631,	'2023-10-02 13:07:53',	0,	3,	'2023-10-02 13:07:53',	1077),
(4632,	'2023-10-02 13:07:53',	0,	3,	'2023-10-02 13:07:53',	1078),
(4633,	'2023-10-02 13:07:53',	0,	3,	'2023-10-02 13:07:53',	1079),
(4634,	'2023-10-02 13:07:53',	0,	3,	'2023-10-02 13:07:53',	1080),
(4635,	'2023-10-02 13:07:53',	0,	3,	'2023-10-02 13:07:53',	1081),
(4636,	'2023-10-02 13:07:53',	0,	3,	'2023-10-02 13:07:53',	1082),
(4637,	'2023-10-02 13:07:53',	0,	3,	'2023-10-02 13:07:53',	1083),
(4638,	'2023-10-02 13:07:53',	0,	3,	'2023-10-02 13:07:53',	1084),
(4639,	'2023-10-02 13:07:53',	0,	3,	'2023-10-02 13:07:53',	61),
(4640,	'2023-10-02 13:07:53',	0,	3,	'2023-10-02 13:07:53',	1085),
(4641,	'2023-10-02 13:07:53',	0,	3,	'2023-10-02 13:07:53',	1086),
(4642,	'2023-10-02 13:07:53',	0,	3,	'2023-10-02 13:07:53',	1087),
(4643,	'2023-10-02 13:07:53',	0,	3,	'2023-10-02 13:07:53',	1088),
(4644,	'2023-10-02 13:07:53',	0,	3,	'2023-10-02 13:07:53',	1089),
(4645,	'2023-10-02 13:07:53',	0,	3,	'2023-10-02 13:07:53',	1090),
(4646,	'2023-10-02 13:07:53',	0,	3,	'2023-10-02 13:07:53',	1091),
(4647,	'2023-10-02 13:07:53',	0,	3,	'2023-10-02 13:07:53',	1092),
(4648,	'2023-10-02 13:07:53',	0,	3,	'2023-10-02 13:07:53',	1093),
(4649,	'2023-10-02 13:07:53',	0,	3,	'2023-10-02 13:07:53',	1094),
(4650,	'2023-10-02 13:07:53',	0,	3,	'2023-10-02 13:07:53',	1095),
(4651,	'2023-10-02 13:07:53',	0,	3,	'2023-10-02 13:07:53',	1096),
(4652,	'2023-10-02 13:07:53',	0,	3,	'2023-10-02 13:07:53',	1097),
(4653,	'2023-10-02 13:07:53',	0,	3,	'2023-10-02 13:07:53',	1098),
(4654,	'2023-10-02 13:07:53',	0,	3,	'2023-10-02 13:07:53',	1099),
(4655,	'2023-10-02 13:07:53',	0,	3,	'2023-10-02 13:07:53',	1100),
(4656,	'2023-10-02 13:07:53',	0,	3,	'2023-10-02 13:07:53',	1101),
(4657,	'2023-10-02 13:07:53',	0,	3,	'2023-10-02 13:07:53',	1102),
(4658,	'2023-10-02 13:07:53',	0,	3,	'2023-10-02 13:07:53',	1103),
(4659,	'2023-10-02 13:07:53',	0,	3,	'2023-10-02 13:07:53',	1104),
(4660,	'2023-10-02 13:07:53',	0,	3,	'2023-10-02 13:07:53',	81),
(4661,	'2023-10-02 13:07:53',	0,	3,	'2023-10-02 13:07:53',	1105),
(4662,	'2023-10-02 13:07:53',	0,	3,	'2023-10-02 13:07:53',	1106),
(4663,	'2023-10-02 13:07:53',	0,	3,	'2023-10-02 13:07:53',	1107),
(4664,	'2023-10-02 13:07:53',	0,	3,	'2023-10-02 13:07:53',	1108),
(4665,	'2023-10-02 13:07:53',	0,	3,	'2023-10-02 13:07:53',	1109),
(4666,	'2023-10-02 13:07:53',	0,	3,	'2023-10-02 13:07:53',	1110),
(4667,	'2023-10-02 13:07:53',	0,	3,	'2023-10-02 13:07:53',	1111),
(4668,	'2023-10-02 13:07:53',	0,	3,	'2023-10-02 13:07:53',	1112),
(4669,	'2023-10-02 13:07:53',	0,	3,	'2023-10-02 13:07:53',	1113),
(4670,	'2023-10-02 13:07:53',	0,	3,	'2023-10-02 13:07:53',	1114),
(4671,	'2023-10-02 13:07:53',	0,	3,	'2023-10-02 13:07:53',	91),
(4672,	'2023-10-02 13:07:53',	0,	3,	'2023-10-02 13:07:53',	1115),
(4673,	'2023-10-02 13:07:53',	0,	3,	'2023-10-02 13:07:53',	92),
(4674,	'2023-10-02 13:07:53',	0,	3,	'2023-10-02 13:07:53',	1116),
(4675,	'2023-10-02 13:07:53',	0,	3,	'2023-10-02 13:07:53',	93),
(4676,	'2023-10-02 13:07:53',	0,	3,	'2023-10-02 13:07:53',	1117),
(4677,	'2023-10-02 13:07:53',	0,	3,	'2023-10-02 13:07:53',	94),
(4678,	'2023-10-02 13:07:53',	0,	3,	'2023-10-02 13:07:53',	1118),
(4679,	'2023-10-02 13:07:53',	0,	3,	'2023-10-02 13:07:53',	95),
(4680,	'2023-10-02 13:07:53',	0,	3,	'2023-10-02 13:07:53',	1119),
(4681,	'2023-10-02 13:07:53',	0,	3,	'2023-10-02 13:07:53',	96),
(4682,	'2023-10-02 13:07:53',	0,	3,	'2023-10-02 13:07:53',	1120),
(4683,	'2023-10-02 13:07:53',	0,	3,	'2023-10-02 13:07:53',	97),
(4684,	'2023-10-02 13:07:53',	0,	3,	'2023-10-02 13:07:53',	1121),
(4685,	'2023-10-02 13:07:53',	0,	3,	'2023-10-02 13:07:53',	98),
(4686,	'2023-10-02 13:07:53',	0,	3,	'2023-10-02 13:07:53',	1122),
(4687,	'2023-10-02 13:07:53',	0,	3,	'2023-10-02 13:07:53',	99),
(4688,	'2023-10-02 13:07:53',	0,	3,	'2023-10-02 13:07:53',	1123),
(4689,	'2023-10-02 13:07:53',	0,	3,	'2023-10-02 13:07:53',	1124),
(4690,	'2023-10-02 13:07:53',	0,	3,	'2023-10-02 13:07:53',	1125),
(4691,	'2023-10-02 13:07:53',	0,	3,	'2023-10-02 13:07:53',	1126),
(4692,	'2023-10-02 13:07:53',	0,	3,	'2023-10-02 13:07:53',	1127),
(4693,	'2023-10-02 13:07:53',	0,	3,	'2023-10-02 13:07:53',	104),
(4694,	'2023-10-02 13:07:53',	0,	3,	'2023-10-02 13:07:53',	1128),
(4695,	'2023-10-02 13:07:53',	0,	3,	'2023-10-02 13:07:53',	105),
(4696,	'2023-10-02 13:07:54',	0,	3,	'2023-10-02 13:07:54',	1129),
(4697,	'2023-10-02 13:07:54',	0,	3,	'2023-10-02 13:07:54',	106),
(4698,	'2023-10-02 13:07:54',	0,	3,	'2023-10-02 13:07:54',	1130),
(4699,	'2023-10-02 13:07:54',	0,	3,	'2023-10-02 13:07:54',	107),
(4700,	'2023-10-02 13:07:54',	0,	3,	'2023-10-02 13:07:54',	1131),
(4701,	'2023-10-02 13:07:54',	0,	3,	'2023-10-02 13:07:54',	108),
(4702,	'2023-10-02 13:07:54',	0,	3,	'2023-10-02 13:07:54',	1132),
(4703,	'2023-10-02 13:07:54',	0,	3,	'2023-10-02 13:07:54',	109),
(4704,	'2023-10-02 13:07:54',	0,	3,	'2023-10-02 13:07:54',	1133),
(4705,	'2023-10-02 13:07:54',	0,	3,	'2023-10-02 13:07:54',	110),
(4706,	'2023-10-02 13:07:54',	0,	3,	'2023-10-02 13:07:54',	1134),
(4707,	'2023-10-02 13:07:54',	0,	3,	'2023-10-02 13:07:54',	111),
(4708,	'2023-10-02 13:07:54',	0,	3,	'2023-10-02 13:07:54',	1135),
(4709,	'2023-10-02 13:07:54',	0,	3,	'2023-10-02 13:07:54',	112),
(4710,	'2023-10-02 13:07:54',	0,	3,	'2023-10-02 13:07:54',	1136),
(4711,	'2023-10-02 13:07:54',	0,	3,	'2023-10-02 13:07:54',	113),
(4712,	'2023-10-02 13:07:54',	0,	3,	'2023-10-02 13:07:54',	1137),
(4713,	'2023-10-02 13:07:54',	0,	3,	'2023-10-02 13:07:54',	114),
(4714,	'2023-10-02 13:07:54',	0,	3,	'2023-10-02 13:07:54',	1138),
(4715,	'2023-10-02 13:07:54',	0,	3,	'2023-10-02 13:07:54',	115),
(4716,	'2023-10-02 13:07:54',	0,	3,	'2023-10-02 13:07:54',	1139),
(4717,	'2023-10-02 13:07:54',	0,	3,	'2023-10-02 13:07:54',	116),
(4718,	'2023-10-02 13:07:54',	0,	3,	'2023-10-02 13:07:54',	1140),
(4719,	'2023-10-02 13:07:54',	0,	3,	'2023-10-02 13:07:54',	117),
(4720,	'2023-10-02 13:07:54',	0,	3,	'2023-10-02 13:07:54',	1141),
(4721,	'2023-10-02 13:07:54',	0,	3,	'2023-10-02 13:07:54',	118),
(4722,	'2023-10-02 13:07:54',	0,	3,	'2023-10-02 13:07:54',	1142),
(4723,	'2023-10-02 13:07:54',	0,	3,	'2023-10-02 13:07:54',	119),
(4724,	'2023-10-02 13:07:54',	0,	3,	'2023-10-02 13:07:54',	1143),
(4725,	'2023-10-02 13:07:54',	0,	3,	'2023-10-02 13:07:54',	120),
(4726,	'2023-10-02 13:07:54',	0,	3,	'2023-10-02 13:07:54',	1144),
(4727,	'2023-10-02 13:07:54',	0,	3,	'2023-10-02 13:07:54',	121),
(4728,	'2023-10-02 13:07:54',	0,	3,	'2023-10-02 13:07:54',	1145),
(4729,	'2023-10-02 13:07:54',	0,	3,	'2023-10-02 13:07:54',	122),
(4730,	'2023-10-02 13:07:54',	0,	3,	'2023-10-02 13:07:54',	1146),
(4731,	'2023-10-02 13:07:54',	0,	3,	'2023-10-02 13:07:54',	123),
(4732,	'2023-10-02 13:07:54',	0,	3,	'2023-10-02 13:07:54',	1147),
(4733,	'2023-10-02 13:07:54',	0,	3,	'2023-10-02 13:07:54',	124),
(4734,	'2023-10-02 13:07:54',	0,	3,	'2023-10-02 13:07:54',	1148),
(4735,	'2023-10-02 13:07:54',	0,	3,	'2023-10-02 13:07:54',	125),
(4736,	'2023-10-02 13:07:54',	0,	3,	'2023-10-02 13:07:54',	1149),
(4737,	'2023-10-02 13:07:54',	0,	3,	'2023-10-02 13:07:54',	126),
(4738,	'2023-10-02 13:07:54',	0,	3,	'2023-10-02 13:07:54',	1150),
(4739,	'2023-10-02 13:07:54',	0,	3,	'2023-10-02 13:07:54',	127),
(4740,	'2023-10-02 13:07:54',	0,	3,	'2023-10-02 13:07:54',	1151),
(4741,	'2023-10-02 13:07:54',	0,	3,	'2023-10-02 13:07:54',	128),
(4742,	'2023-10-02 13:07:54',	0,	3,	'2023-10-02 13:07:54',	1152),
(4743,	'2023-10-02 13:07:54',	0,	3,	'2023-10-02 13:07:54',	129),
(4744,	'2023-10-02 13:07:54',	0,	3,	'2023-10-02 13:07:54',	1153),
(4745,	'2023-10-02 13:07:54',	0,	3,	'2023-10-02 13:07:54',	130),
(4746,	'2023-10-02 13:07:54',	0,	3,	'2023-10-02 13:07:54',	1154),
(4747,	'2023-10-02 13:07:54',	0,	3,	'2023-10-02 13:07:54',	131),
(4748,	'2023-10-02 13:07:54',	0,	3,	'2023-10-02 13:07:54',	1155),
(4749,	'2023-10-02 13:07:54',	0,	3,	'2023-10-02 13:07:54',	132),
(4750,	'2023-10-02 13:07:54',	0,	3,	'2023-10-02 13:07:54',	1156),
(4751,	'2023-10-02 13:07:54',	0,	3,	'2023-10-02 13:07:54',	133),
(4752,	'2023-10-02 13:07:54',	0,	3,	'2023-10-02 13:07:54',	1157),
(4753,	'2023-10-02 13:07:54',	0,	3,	'2023-10-02 13:07:54',	134),
(4754,	'2023-10-02 13:07:54',	0,	3,	'2023-10-02 13:07:54',	1158),
(4755,	'2023-10-02 13:07:54',	0,	3,	'2023-10-02 13:07:54',	135),
(4756,	'2023-10-02 13:07:54',	0,	3,	'2023-10-02 13:07:54',	1159),
(4757,	'2023-10-02 13:07:54',	0,	3,	'2023-10-02 13:07:54',	1160),
(4758,	'2023-10-02 13:07:54',	0,	3,	'2023-10-02 13:07:54',	1161),
(4759,	'2023-10-02 13:07:54',	0,	3,	'2023-10-02 13:07:54',	1162),
(4760,	'2023-10-02 13:07:54',	0,	3,	'2023-10-02 13:07:54',	1163),
(4761,	'2023-10-02 13:07:54',	0,	3,	'2023-10-02 13:07:54',	1164),
(4762,	'2023-10-02 13:07:54',	0,	3,	'2023-10-02 13:07:54',	1165),
(4763,	'2023-10-02 13:07:54',	0,	3,	'2023-10-02 13:07:54',	142),
(4764,	'2023-10-02 13:07:54',	0,	3,	'2023-10-02 13:07:54',	1166),
(4765,	'2023-10-02 13:07:54',	0,	3,	'2023-10-02 13:07:54',	143),
(4766,	'2023-10-02 13:07:54',	0,	3,	'2023-10-02 13:07:54',	1167),
(4767,	'2023-10-02 13:07:54',	0,	3,	'2023-10-02 13:07:54',	144),
(4768,	'2023-10-02 13:07:54',	0,	3,	'2023-10-02 13:07:54',	1168),
(4769,	'2023-10-02 13:07:54',	0,	3,	'2023-10-02 13:07:54',	145),
(4770,	'2023-10-02 13:07:54',	0,	3,	'2023-10-02 13:07:54',	1169),
(4771,	'2023-10-02 13:07:54',	0,	3,	'2023-10-02 13:07:54',	146),
(4772,	'2023-10-02 13:07:54',	0,	3,	'2023-10-02 13:07:54',	1170),
(4773,	'2023-10-02 13:07:54',	0,	3,	'2023-10-02 13:07:54',	1171),
(4774,	'2023-10-02 13:07:54',	0,	3,	'2023-10-02 13:07:54',	1172),
(4775,	'2023-10-02 13:07:54',	0,	3,	'2023-10-02 13:07:54',	149),
(4776,	'2023-10-02 13:07:54',	0,	3,	'2023-10-02 13:07:54',	1173),
(4777,	'2023-10-02 13:07:54',	0,	3,	'2023-10-02 13:07:54',	1174),
(4778,	'2023-10-02 13:07:54',	0,	3,	'2023-10-02 13:07:54',	1175),
(4779,	'2023-10-02 13:07:54',	0,	3,	'2023-10-02 13:07:54',	1176),
(4780,	'2023-10-02 13:07:55',	0,	3,	'2023-10-02 13:07:55',	153),
(4781,	'2023-10-02 13:07:55',	0,	3,	'2023-10-02 13:07:55',	1177),
(4782,	'2023-10-02 13:07:55',	0,	3,	'2023-10-02 13:07:55',	1178),
(4783,	'2023-10-02 13:07:55',	0,	3,	'2023-10-02 13:07:55',	1179),
(4784,	'2023-10-02 13:07:55',	0,	3,	'2023-10-02 13:07:55',	1180),
(4785,	'2023-10-02 13:07:55',	0,	3,	'2023-10-02 13:07:55',	157),
(4786,	'2023-10-02 13:07:55',	0,	3,	'2023-10-02 13:07:55',	1181),
(4787,	'2023-10-02 13:07:55',	0,	3,	'2023-10-02 13:07:55',	158),
(4788,	'2023-10-02 13:07:55',	0,	3,	'2023-10-02 13:07:55',	1182),
(4789,	'2023-10-02 13:07:55',	0,	3,	'2023-10-02 13:07:55',	1183),
(4790,	'2023-10-02 13:07:55',	0,	3,	'2023-10-02 13:07:55',	1184),
(4791,	'2023-10-02 13:07:55',	0,	3,	'2023-10-02 13:07:55',	1185),
(4792,	'2023-10-02 13:07:55',	0,	3,	'2023-10-02 13:07:55',	162),
(4793,	'2023-10-02 13:07:55',	0,	3,	'2023-10-02 13:07:55',	1186),
(4794,	'2023-10-02 13:07:55',	0,	3,	'2023-10-02 13:07:55',	1187),
(4795,	'2023-10-02 13:07:55',	0,	3,	'2023-10-02 13:07:55',	1188),
(4796,	'2023-10-02 13:07:55',	0,	3,	'2023-10-02 13:07:55',	1189),
(4797,	'2023-10-02 13:07:55',	0,	3,	'2023-10-02 13:07:55',	1190),
(4798,	'2023-10-02 13:07:55',	0,	3,	'2023-10-02 13:07:55',	1191),
(4799,	'2023-10-02 13:07:55',	0,	3,	'2023-10-02 13:07:55',	1192),
(4800,	'2023-10-02 13:07:55',	0,	3,	'2023-10-02 13:07:55',	1193),
(4801,	'2023-10-02 13:07:55',	0,	3,	'2023-10-02 13:07:55',	1194),
(4802,	'2023-10-02 13:07:55',	0,	3,	'2023-10-02 13:07:55',	1195),
(4803,	'2023-10-02 13:07:55',	0,	3,	'2023-10-02 13:07:55',	1196),
(4804,	'2023-10-02 13:07:55',	0,	3,	'2023-10-02 13:07:55',	173),
(4805,	'2023-10-02 13:07:55',	0,	3,	'2023-10-02 13:07:55',	1197),
(4806,	'2023-10-02 13:07:55',	0,	3,	'2023-10-02 13:07:55',	174),
(4807,	'2023-10-02 13:07:55',	0,	3,	'2023-10-02 13:07:55',	1198),
(4808,	'2023-10-02 13:07:55',	0,	3,	'2023-10-02 13:07:55',	175),
(4809,	'2023-10-02 13:07:55',	0,	3,	'2023-10-02 13:07:55',	1199),
(4810,	'2023-10-02 13:07:55',	0,	3,	'2023-10-02 13:07:55',	1200),
(4811,	'2023-10-02 13:07:55',	0,	3,	'2023-10-02 13:07:55',	177),
(4812,	'2023-10-02 13:07:55',	0,	3,	'2023-10-02 13:07:55',	1201),
(4813,	'2023-10-02 13:07:55',	0,	3,	'2023-10-02 13:07:55',	1202),
(4814,	'2023-10-02 13:07:55',	0,	3,	'2023-10-02 13:07:55',	1203),
(4815,	'2023-10-02 13:07:55',	0,	3,	'2023-10-02 13:07:55',	1204),
(4816,	'2023-10-02 13:07:55',	0,	3,	'2023-10-02 13:07:55',	1205),
(4817,	'2023-10-02 13:07:55',	0,	3,	'2023-10-02 13:07:55',	1206),
(4818,	'2023-10-02 13:07:55',	0,	3,	'2023-10-02 13:07:55',	1207),
(4819,	'2023-10-02 13:07:55',	0,	3,	'2023-10-02 13:07:55',	1208),
(4820,	'2023-10-02 13:07:55',	0,	3,	'2023-10-02 13:07:55',	1209),
(4821,	'2023-10-02 13:07:55',	0,	3,	'2023-10-02 13:07:55',	1210),
(4822,	'2023-10-02 13:07:55',	0,	3,	'2023-10-02 13:07:55',	1211),
(4823,	'2023-10-02 13:07:55',	0,	3,	'2023-10-02 13:07:55',	1212),
(4824,	'2023-10-02 13:07:55',	0,	3,	'2023-10-02 13:07:55',	189),
(4825,	'2023-10-02 13:07:55',	0,	3,	'2023-10-02 13:07:55',	1213),
(4826,	'2023-10-02 13:07:55',	0,	3,	'2023-10-02 13:07:55',	190),
(4827,	'2023-10-02 13:07:55',	0,	3,	'2023-10-02 13:07:55',	1214),
(4828,	'2023-10-02 13:07:55',	0,	3,	'2023-10-02 13:07:55',	191),
(4829,	'2023-10-02 13:07:55',	0,	3,	'2023-10-02 13:07:55',	1215),
(4830,	'2023-10-02 13:07:55',	0,	3,	'2023-10-02 13:07:55',	192),
(4831,	'2023-10-02 13:07:55',	0,	3,	'2023-10-02 13:07:55',	1216),
(4832,	'2023-10-02 13:07:55',	0,	3,	'2023-10-02 13:07:55',	193),
(4833,	'2023-10-02 13:07:55',	0,	3,	'2023-10-02 13:07:55',	1217),
(4834,	'2023-10-02 13:07:55',	0,	3,	'2023-10-02 13:07:55',	194),
(4835,	'2023-10-02 13:07:55',	0,	3,	'2023-10-02 13:07:55',	1218),
(4836,	'2023-10-02 13:07:55',	0,	3,	'2023-10-02 13:07:55',	195),
(4837,	'2023-10-02 13:07:55',	0,	3,	'2023-10-02 13:07:55',	1219),
(4838,	'2023-10-02 13:07:55',	0,	3,	'2023-10-02 13:07:55',	196),
(4839,	'2023-10-02 13:07:55',	0,	3,	'2023-10-02 13:07:55',	1220),
(4840,	'2023-10-02 13:07:55',	0,	3,	'2023-10-02 13:07:55',	197),
(4841,	'2023-10-02 13:07:55',	0,	3,	'2023-10-02 13:07:55',	1221),
(4842,	'2023-10-02 13:07:55',	0,	3,	'2023-10-02 13:07:55',	1222),
(4843,	'2023-10-02 13:07:55',	0,	3,	'2023-10-02 13:07:55',	1223),
(4844,	'2023-10-02 13:07:55',	0,	3,	'2023-10-02 13:07:55',	200),
(4845,	'2023-10-02 13:07:55',	0,	3,	'2023-10-02 13:07:55',	1224),
(4846,	'2023-10-02 13:07:55',	0,	3,	'2023-10-02 13:07:55',	201),
(4847,	'2023-10-02 13:07:55',	0,	3,	'2023-10-02 13:07:55',	1225),
(4848,	'2023-10-02 13:07:55',	0,	3,	'2023-10-02 13:07:55',	202),
(4849,	'2023-10-02 13:07:55',	0,	3,	'2023-10-02 13:07:55',	1226),
(4850,	'2023-10-02 13:07:55',	0,	3,	'2023-10-02 13:07:55',	203),
(4851,	'2023-10-02 13:07:55',	0,	3,	'2023-10-02 13:07:55',	1227),
(4852,	'2023-10-02 13:07:55',	0,	3,	'2023-10-02 13:07:55',	1228),
(4853,	'2023-10-02 13:07:55',	0,	3,	'2023-10-02 13:07:55',	205),
(4854,	'2023-10-02 13:07:55',	0,	3,	'2023-10-02 13:07:55',	1229),
(4855,	'2023-10-02 13:07:55',	0,	3,	'2023-10-02 13:07:55',	206),
(4856,	'2023-10-02 13:07:55',	0,	3,	'2023-10-02 13:07:55',	1230),
(4857,	'2023-10-02 13:07:55',	0,	3,	'2023-10-02 13:07:55',	207),
(4858,	'2023-10-02 13:07:55',	0,	3,	'2023-10-02 13:07:55',	1231),
(4859,	'2023-10-02 13:07:55',	0,	3,	'2023-10-02 13:07:55',	1232),
(4860,	'2023-10-02 13:07:55',	0,	3,	'2023-10-02 13:07:55',	1233),
(4861,	'2023-10-02 13:07:55',	0,	3,	'2023-10-02 13:07:55',	1234),
(4862,	'2023-10-02 13:07:55',	0,	3,	'2023-10-02 13:07:55',	1235),
(4863,	'2023-10-02 13:07:55',	0,	3,	'2023-10-02 13:07:55',	1236),
(4864,	'2023-10-02 13:07:55',	0,	3,	'2023-10-02 13:07:55',	213),
(4865,	'2023-10-02 13:07:55',	0,	3,	'2023-10-02 13:07:55',	1237),
(4866,	'2023-10-02 13:07:55',	0,	3,	'2023-10-02 13:07:55',	214),
(4867,	'2023-10-02 13:07:55',	0,	3,	'2023-10-02 13:07:55',	1238),
(4868,	'2023-10-02 13:07:55',	0,	3,	'2023-10-02 13:07:55',	215),
(4869,	'2023-10-02 13:07:55',	0,	3,	'2023-10-02 13:07:55',	1239),
(4870,	'2023-10-02 13:07:55',	0,	3,	'2023-10-02 13:07:55',	216),
(4871,	'2023-10-02 13:07:55',	0,	3,	'2023-10-02 13:07:55',	1240),
(4872,	'2023-10-02 13:07:56',	0,	3,	'2023-10-02 13:07:56',	217),
(4873,	'2023-10-02 13:07:56',	0,	3,	'2023-10-02 13:07:56',	1241),
(4874,	'2023-10-02 13:07:56',	0,	3,	'2023-10-02 13:07:56',	218),
(4875,	'2023-10-02 13:07:56',	0,	3,	'2023-10-02 13:07:56',	1242),
(4876,	'2023-10-02 13:07:56',	0,	3,	'2023-10-02 13:07:56',	219),
(4877,	'2023-10-02 13:07:56',	0,	3,	'2023-10-02 13:07:56',	1243),
(4878,	'2023-10-02 13:07:56',	0,	3,	'2023-10-02 13:07:56',	220),
(4879,	'2023-10-02 13:07:56',	0,	3,	'2023-10-02 13:07:56',	1244),
(4880,	'2023-10-02 13:07:56',	0,	3,	'2023-10-02 13:07:56',	221),
(4881,	'2023-10-02 13:07:56',	0,	3,	'2023-10-02 13:07:56',	1245),
(4882,	'2023-10-02 13:07:56',	0,	3,	'2023-10-02 13:07:56',	222),
(4883,	'2023-10-02 13:07:56',	0,	3,	'2023-10-02 13:07:56',	1246),
(4884,	'2023-10-02 13:07:56',	0,	3,	'2023-10-02 13:07:56',	223),
(4885,	'2023-10-02 13:07:56',	0,	3,	'2023-10-02 13:07:56',	1247),
(4886,	'2023-10-02 13:07:56',	0,	3,	'2023-10-02 13:07:56',	224),
(4887,	'2023-10-02 13:07:56',	0,	3,	'2023-10-02 13:07:56',	1248),
(4888,	'2023-10-02 13:07:56',	0,	3,	'2023-10-02 13:07:56',	225),
(4889,	'2023-10-02 13:07:56',	0,	3,	'2023-10-02 13:07:56',	1249),
(4890,	'2023-10-02 13:07:56',	0,	3,	'2023-10-02 13:07:56',	226),
(4891,	'2023-10-02 13:07:56',	0,	3,	'2023-10-02 13:07:56',	1250),
(4892,	'2023-10-02 13:07:56',	0,	3,	'2023-10-02 13:07:56',	227),
(4893,	'2023-10-02 13:07:56',	0,	3,	'2023-10-02 13:07:56',	1251),
(4894,	'2023-10-02 13:07:56',	0,	3,	'2023-10-02 13:07:56',	228),
(4895,	'2023-10-02 13:07:56',	0,	3,	'2023-10-02 13:07:56',	1252),
(4896,	'2023-10-02 13:07:56',	0,	3,	'2023-10-02 13:07:56',	229),
(4897,	'2023-10-02 13:07:56',	0,	3,	'2023-10-02 13:07:56',	1253),
(4898,	'2023-10-02 13:07:56',	0,	3,	'2023-10-02 13:07:56',	230),
(4899,	'2023-10-02 13:07:56',	0,	3,	'2023-10-02 13:07:56',	1254),
(4900,	'2023-10-02 13:07:56',	0,	3,	'2023-10-02 13:07:56',	231),
(4901,	'2023-10-02 13:07:56',	0,	3,	'2023-10-02 13:07:56',	1255),
(4902,	'2023-10-02 13:07:56',	0,	3,	'2023-10-02 13:07:56',	232),
(4903,	'2023-10-02 13:07:56',	0,	3,	'2023-10-02 13:07:56',	1256),
(4904,	'2023-10-02 13:07:56',	0,	3,	'2023-10-02 13:07:56',	233),
(4905,	'2023-10-02 13:07:56',	0,	3,	'2023-10-02 13:07:56',	1257),
(4906,	'2023-10-02 13:07:56',	0,	3,	'2023-10-02 13:07:56',	234),
(4907,	'2023-10-02 13:07:56',	0,	3,	'2023-10-02 13:07:56',	1258),
(4908,	'2023-10-02 13:07:56',	0,	3,	'2023-10-02 13:07:56',	235),
(4909,	'2023-10-02 13:07:56',	0,	3,	'2023-10-02 13:07:56',	1259),
(4910,	'2023-10-02 13:07:56',	0,	3,	'2023-10-02 13:07:56',	236),
(4911,	'2023-10-02 13:07:56',	0,	3,	'2023-10-02 13:07:56',	1260),
(4912,	'2023-10-02 13:07:56',	0,	3,	'2023-10-02 13:07:56',	237),
(4913,	'2023-10-02 13:07:56',	0,	3,	'2023-10-02 13:07:56',	1261),
(4914,	'2023-10-02 13:07:56',	0,	3,	'2023-10-02 13:07:56',	238),
(4915,	'2023-10-02 13:07:56',	0,	3,	'2023-10-02 13:07:56',	1262),
(4916,	'2023-10-02 13:07:56',	0,	3,	'2023-10-02 13:07:56',	239),
(4917,	'2023-10-02 13:07:56',	0,	3,	'2023-10-02 13:07:56',	1263),
(4918,	'2023-10-02 13:07:56',	0,	3,	'2023-10-02 13:07:56',	240),
(4919,	'2023-10-02 13:07:56',	0,	3,	'2023-10-02 13:07:56',	1264),
(4920,	'2023-10-02 13:07:56',	0,	3,	'2023-10-02 13:07:56',	241),
(4921,	'2023-10-02 13:07:56',	0,	3,	'2023-10-02 13:07:56',	1265),
(4922,	'2023-10-02 13:07:56',	0,	3,	'2023-10-02 13:07:56',	242),
(4923,	'2023-10-02 13:07:56',	0,	3,	'2023-10-02 13:07:56',	1266),
(4924,	'2023-10-02 13:07:56',	0,	3,	'2023-10-02 13:07:56',	243),
(4925,	'2023-10-02 13:07:56',	0,	3,	'2023-10-02 13:07:56',	1267),
(4926,	'2023-10-02 13:07:56',	0,	3,	'2023-10-02 13:07:56',	244),
(4927,	'2023-10-02 13:07:56',	0,	3,	'2023-10-02 13:07:56',	1268),
(4928,	'2023-10-02 13:07:56',	0,	3,	'2023-10-02 13:07:56',	245),
(4929,	'2023-10-02 13:07:56',	0,	3,	'2023-10-02 13:07:56',	1269),
(4930,	'2023-10-02 13:07:56',	0,	3,	'2023-10-02 13:07:56',	246),
(4931,	'2023-10-02 13:07:56',	0,	3,	'2023-10-02 13:07:56',	1270),
(4932,	'2023-10-02 13:07:56',	0,	3,	'2023-10-02 13:07:56',	247),
(4933,	'2023-10-02 13:07:56',	0,	3,	'2023-10-02 13:07:56',	1271),
(4934,	'2023-10-02 13:07:56',	0,	3,	'2023-10-02 13:07:56',	248),
(4935,	'2023-10-02 13:07:56',	0,	3,	'2023-10-02 13:07:56',	1272),
(4936,	'2023-10-02 13:07:56',	0,	3,	'2023-10-02 13:07:56',	249),
(4937,	'2023-10-02 13:07:56',	0,	3,	'2023-10-02 13:07:56',	1273),
(4938,	'2023-10-02 13:07:56',	0,	3,	'2023-10-02 13:07:56',	250),
(4939,	'2023-10-02 13:07:56',	0,	3,	'2023-10-02 13:07:56',	1274),
(4940,	'2023-10-02 13:07:56',	0,	3,	'2023-10-02 13:07:56',	251),
(4941,	'2023-10-02 13:07:56',	0,	3,	'2023-10-02 13:07:56',	1275),
(4942,	'2023-10-02 13:07:56',	0,	3,	'2023-10-02 13:07:56',	252),
(4943,	'2023-10-02 13:07:56',	0,	3,	'2023-10-02 13:07:56',	1276),
(4944,	'2023-10-02 13:07:56',	0,	3,	'2023-10-02 13:07:56',	253),
(4945,	'2023-10-02 13:07:56',	0,	3,	'2023-10-02 13:07:56',	1277),
(4946,	'2023-10-02 13:07:56',	0,	3,	'2023-10-02 13:07:56',	254),
(4947,	'2023-10-02 13:07:56',	0,	3,	'2023-10-02 13:07:56',	1278),
(4948,	'2023-10-02 13:07:56',	0,	3,	'2023-10-02 13:07:56',	255),
(4949,	'2023-10-02 13:07:56',	0,	3,	'2023-10-02 13:07:56',	1279),
(4950,	'2023-10-02 13:07:56',	0,	3,	'2023-10-02 13:07:56',	256),
(4951,	'2023-10-02 13:07:56',	0,	3,	'2023-10-02 13:07:56',	1280),
(4952,	'2023-10-02 13:07:56',	0,	3,	'2023-10-02 13:07:56',	257),
(4953,	'2023-10-02 13:07:56',	0,	3,	'2023-10-02 13:07:56',	1281),
(4954,	'2023-10-02 13:07:56',	0,	3,	'2023-10-02 13:07:56',	258),
(4955,	'2023-10-02 13:07:56',	0,	3,	'2023-10-02 13:07:56',	1282),
(4956,	'2023-10-02 13:07:56',	0,	3,	'2023-10-02 13:07:56',	259),
(4957,	'2023-10-02 13:07:56',	0,	3,	'2023-10-02 13:07:56',	1283),
(4958,	'2023-10-02 13:07:56',	0,	3,	'2023-10-02 13:07:56',	260),
(4959,	'2023-10-02 13:07:56',	0,	3,	'2023-10-02 13:07:56',	1284),
(4960,	'2023-10-02 13:07:56',	0,	3,	'2023-10-02 13:07:56',	261),
(4961,	'2023-10-02 13:07:56',	0,	3,	'2023-10-02 13:07:56',	1285),
(4962,	'2023-10-02 13:07:56',	0,	3,	'2023-10-02 13:07:56',	262),
(4963,	'2023-10-02 13:07:56',	0,	3,	'2023-10-02 13:07:56',	1286),
(4964,	'2023-10-02 13:07:56',	0,	3,	'2023-10-02 13:07:56',	263),
(4965,	'2023-10-02 13:07:56',	0,	3,	'2023-10-02 13:07:56',	1287),
(4966,	'2023-10-02 13:07:56',	0,	3,	'2023-10-02 13:07:56',	264),
(4967,	'2023-10-02 13:07:56',	0,	3,	'2023-10-02 13:07:56',	1288),
(4968,	'2023-10-02 13:07:56',	0,	3,	'2023-10-02 13:07:56',	265),
(4969,	'2023-10-02 13:07:56',	0,	3,	'2023-10-02 13:07:56',	1289),
(4970,	'2023-10-02 13:07:56',	0,	3,	'2023-10-02 13:07:56',	266),
(4971,	'2023-10-02 13:07:56',	0,	3,	'2023-10-02 13:07:56',	1290),
(4972,	'2023-10-02 13:07:56',	0,	3,	'2023-10-02 13:07:56',	267),
(4973,	'2023-10-02 13:07:56',	0,	3,	'2023-10-02 13:07:56',	1291),
(4974,	'2023-10-02 13:07:56',	0,	3,	'2023-10-02 13:07:56',	268),
(4975,	'2023-10-02 13:07:56',	0,	3,	'2023-10-02 13:07:56',	1292),
(4976,	'2023-10-02 13:07:56',	0,	3,	'2023-10-02 13:07:56',	269),
(4977,	'2023-10-02 13:07:56',	0,	3,	'2023-10-02 13:07:56',	1293),
(4978,	'2023-10-02 13:07:56',	0,	3,	'2023-10-02 13:07:56',	270),
(4979,	'2023-10-02 13:07:56',	0,	3,	'2023-10-02 13:07:56',	1294),
(4980,	'2023-10-02 13:07:56',	0,	3,	'2023-10-02 13:07:56',	271),
(4981,	'2023-10-02 13:07:56',	0,	3,	'2023-10-02 13:07:56',	1295),
(4982,	'2023-10-02 13:07:56',	0,	3,	'2023-10-02 13:07:56',	272),
(4983,	'2023-10-02 13:07:56',	0,	3,	'2023-10-02 13:07:56',	1296),
(4984,	'2023-10-02 13:07:56',	0,	3,	'2023-10-02 13:07:56',	273),
(4985,	'2023-10-02 13:07:56',	0,	3,	'2023-10-02 13:07:56',	1297),
(4986,	'2023-10-02 13:07:56',	0,	3,	'2023-10-02 13:07:56',	274),
(4987,	'2023-10-02 13:07:56',	0,	3,	'2023-10-02 13:07:56',	1298),
(4988,	'2023-10-02 13:07:56',	0,	3,	'2023-10-02 13:07:56',	275),
(4989,	'2023-10-02 13:07:56',	0,	3,	'2023-10-02 13:07:56',	1299),
(4990,	'2023-10-02 13:07:56',	0,	3,	'2023-10-02 13:07:56',	276),
(4991,	'2023-10-02 13:07:56',	0,	3,	'2023-10-02 13:07:56',	1300),
(4992,	'2023-10-02 13:07:56',	0,	3,	'2023-10-02 13:07:56',	277),
(4993,	'2023-10-02 13:07:57',	0,	3,	'2023-10-02 13:07:57',	1301),
(4994,	'2023-10-02 13:07:57',	0,	3,	'2023-10-02 13:07:57',	278),
(4995,	'2023-10-02 13:07:57',	0,	3,	'2023-10-02 13:07:57',	1302),
(4996,	'2023-10-02 13:07:57',	0,	3,	'2023-10-02 13:07:57',	279),
(4997,	'2023-10-02 13:07:57',	0,	3,	'2023-10-02 13:07:57',	1303),
(4998,	'2023-10-02 13:07:57',	0,	3,	'2023-10-02 13:07:57',	280),
(4999,	'2023-10-02 13:07:57',	0,	3,	'2023-10-02 13:07:57',	1304),
(5000,	'2023-10-02 13:07:57',	0,	3,	'2023-10-02 13:07:57',	281),
(5001,	'2023-10-02 13:07:57',	0,	3,	'2023-10-02 13:07:57',	1305),
(5002,	'2023-10-02 13:07:57',	0,	3,	'2023-10-02 13:07:57',	282),
(5003,	'2023-10-02 13:07:57',	0,	3,	'2023-10-02 13:07:57',	1306),
(5004,	'2023-10-02 13:07:57',	0,	3,	'2023-10-02 13:07:57',	283),
(5005,	'2023-10-02 13:07:57',	0,	3,	'2023-10-02 13:07:57',	1307),
(5006,	'2023-10-02 13:07:57',	0,	3,	'2023-10-02 13:07:57',	284),
(5007,	'2023-10-02 13:07:57',	0,	3,	'2023-10-02 13:07:57',	1308),
(5008,	'2023-10-02 13:07:57',	0,	3,	'2023-10-02 13:07:57',	285),
(5009,	'2023-10-02 13:07:57',	0,	3,	'2023-10-02 13:07:57',	1309),
(5010,	'2023-10-02 13:07:57',	0,	3,	'2023-10-02 13:07:57',	286),
(5011,	'2023-10-02 13:07:57',	0,	3,	'2023-10-02 13:07:57',	1310),
(5012,	'2023-10-02 13:07:57',	0,	3,	'2023-10-02 13:07:57',	287),
(5013,	'2023-10-02 13:07:57',	0,	3,	'2023-10-02 13:07:57',	1311),
(5014,	'2023-10-02 13:07:57',	0,	3,	'2023-10-02 13:07:57',	288),
(5015,	'2023-10-02 13:07:57',	0,	3,	'2023-10-02 13:07:57',	1312),
(5016,	'2023-10-02 13:07:57',	0,	3,	'2023-10-02 13:07:57',	289),
(5017,	'2023-10-02 13:07:57',	0,	3,	'2023-10-02 13:07:57',	1313),
(5018,	'2023-10-02 13:07:57',	0,	3,	'2023-10-02 13:07:57',	290),
(5019,	'2023-10-02 13:07:57',	0,	3,	'2023-10-02 13:07:57',	1314),
(5020,	'2023-10-02 13:07:57',	0,	3,	'2023-10-02 13:07:57',	291),
(5021,	'2023-10-02 13:07:57',	0,	3,	'2023-10-02 13:07:57',	1315),
(5022,	'2023-10-02 13:07:57',	0,	3,	'2023-10-02 13:07:57',	292),
(5023,	'2023-10-02 13:07:57',	0,	3,	'2023-10-02 13:07:57',	1316),
(5024,	'2023-10-02 13:07:57',	0,	3,	'2023-10-02 13:07:57',	293),
(5025,	'2023-10-02 13:07:57',	0,	3,	'2023-10-02 13:07:57',	1317),
(5026,	'2023-10-02 13:07:57',	0,	3,	'2023-10-02 13:07:57',	294),
(5027,	'2023-10-02 13:07:57',	0,	3,	'2023-10-02 13:07:57',	1318),
(5028,	'2023-10-02 13:07:57',	0,	3,	'2023-10-02 13:07:57',	295),
(5029,	'2023-10-02 13:07:57',	0,	3,	'2023-10-02 13:07:57',	1319),
(5030,	'2023-10-02 13:07:57',	0,	3,	'2023-10-02 13:07:57',	296),
(5031,	'2023-10-02 13:07:57',	0,	3,	'2023-10-02 13:07:57',	1320),
(5032,	'2023-10-02 13:07:57',	0,	3,	'2023-10-02 13:07:57',	297),
(5033,	'2023-10-02 13:07:57',	0,	3,	'2023-10-02 13:07:57',	1321),
(5034,	'2023-10-02 13:07:57',	0,	3,	'2023-10-02 13:07:57',	298),
(5035,	'2023-10-02 13:07:57',	0,	3,	'2023-10-02 13:07:57',	1322),
(5036,	'2023-10-02 13:07:57',	0,	3,	'2023-10-02 13:07:57',	299),
(5037,	'2023-10-02 13:07:57',	0,	3,	'2023-10-02 13:07:57',	1323),
(5038,	'2023-10-02 13:07:57',	0,	3,	'2023-10-02 13:07:57',	300),
(5039,	'2023-10-02 13:07:57',	0,	3,	'2023-10-02 13:07:57',	1324),
(5040,	'2023-10-02 13:07:57',	0,	3,	'2023-10-02 13:07:57',	301),
(5041,	'2023-10-02 13:07:57',	0,	3,	'2023-10-02 13:07:57',	1325),
(5042,	'2023-10-02 13:07:57',	0,	3,	'2023-10-02 13:07:57',	302),
(5043,	'2023-10-02 13:07:57',	0,	3,	'2023-10-02 13:07:57',	1326),
(5044,	'2023-10-02 13:07:57',	0,	3,	'2023-10-02 13:07:57',	303),
(5045,	'2023-10-02 13:07:57',	0,	3,	'2023-10-02 13:07:57',	1327),
(5046,	'2023-10-02 13:07:57',	0,	3,	'2023-10-02 13:07:57',	304),
(5047,	'2023-10-02 13:07:57',	0,	3,	'2023-10-02 13:07:57',	1328),
(5048,	'2023-10-02 13:07:57',	0,	3,	'2023-10-02 13:07:57',	305),
(5049,	'2023-10-02 13:07:57',	0,	3,	'2023-10-02 13:07:57',	1329),
(5050,	'2023-10-02 13:07:57',	0,	3,	'2023-10-02 13:07:57',	306),
(5051,	'2023-10-02 13:07:57',	0,	3,	'2023-10-02 13:07:57',	1330),
(5052,	'2023-10-02 13:07:57',	0,	3,	'2023-10-02 13:07:57',	307),
(5053,	'2023-10-02 13:07:57',	0,	3,	'2023-10-02 13:07:57',	1331),
(5054,	'2023-10-02 13:07:57',	0,	3,	'2023-10-02 13:07:57',	308),
(5055,	'2023-10-02 13:07:57',	0,	3,	'2023-10-02 13:07:57',	1332),
(5056,	'2023-10-02 13:07:57',	0,	3,	'2023-10-02 13:07:57',	309),
(5057,	'2023-10-02 13:07:57',	0,	3,	'2023-10-02 13:07:57',	1333),
(5058,	'2023-10-02 13:07:57',	0,	3,	'2023-10-02 13:07:57',	310),
(5059,	'2023-10-02 13:07:57',	0,	3,	'2023-10-02 13:07:57',	1334),
(5060,	'2023-10-02 13:07:57',	0,	3,	'2023-10-02 13:07:57',	311),
(5061,	'2023-10-02 13:07:57',	0,	3,	'2023-10-02 13:07:57',	1335),
(5062,	'2023-10-02 13:07:57',	0,	3,	'2023-10-02 13:07:57',	312),
(5063,	'2023-10-02 13:07:57',	0,	3,	'2023-10-02 13:07:57',	1336),
(5064,	'2023-10-02 13:07:57',	0,	3,	'2023-10-02 13:07:57',	1337),
(5065,	'2023-10-02 13:07:57',	0,	3,	'2023-10-02 13:07:57',	1338),
(5066,	'2023-10-02 13:07:57',	0,	3,	'2023-10-02 13:07:57',	1339),
(5067,	'2023-10-02 13:07:57',	0,	3,	'2023-10-02 13:07:57',	316),
(5068,	'2023-10-02 13:07:57',	0,	3,	'2023-10-02 13:07:57',	1340),
(5069,	'2023-10-02 13:07:57',	0,	3,	'2023-10-02 13:07:57',	317),
(5070,	'2023-10-02 13:07:57',	0,	3,	'2023-10-02 13:07:57',	1341),
(5071,	'2023-10-02 13:07:57',	0,	3,	'2023-10-02 13:07:57',	318),
(5072,	'2023-10-02 13:07:57',	0,	3,	'2023-10-02 13:07:57',	1342),
(5073,	'2023-10-02 13:07:57',	0,	3,	'2023-10-02 13:07:57',	319),
(5074,	'2023-10-02 13:07:57',	0,	3,	'2023-10-02 13:07:57',	1343),
(5075,	'2023-10-02 13:07:57',	0,	3,	'2023-10-02 13:07:57',	320),
(5076,	'2023-10-02 13:07:57',	0,	3,	'2023-10-02 13:07:57',	1344),
(5077,	'2023-10-02 13:07:57',	0,	3,	'2023-10-02 13:07:57',	321),
(5078,	'2023-10-02 13:07:57',	0,	3,	'2023-10-02 13:07:57',	1345),
(5079,	'2023-10-02 13:07:57',	0,	3,	'2023-10-02 13:07:57',	1346),
(5080,	'2023-10-02 13:07:57',	0,	3,	'2023-10-02 13:07:57',	1347),
(5081,	'2023-10-02 13:07:57',	0,	3,	'2023-10-02 13:07:57',	1348),
(5082,	'2023-10-02 13:07:57',	0,	3,	'2023-10-02 13:07:57',	325),
(5083,	'2023-10-02 13:07:57',	0,	3,	'2023-10-02 13:07:57',	1349),
(5084,	'2023-10-02 13:07:57',	0,	3,	'2023-10-02 13:07:57',	326),
(5085,	'2023-10-02 13:07:57',	0,	3,	'2023-10-02 13:07:57',	1350),
(5086,	'2023-10-02 13:07:57',	0,	3,	'2023-10-02 13:07:57',	1351),
(5087,	'2023-10-02 13:07:57',	0,	3,	'2023-10-02 13:07:57',	328),
(5088,	'2023-10-02 13:07:57',	0,	3,	'2023-10-02 13:07:57',	1352),
(5089,	'2023-10-02 13:07:57',	0,	3,	'2023-10-02 13:07:57',	329),
(5090,	'2023-10-02 13:07:57',	0,	3,	'2023-10-02 13:07:57',	1353),
(5091,	'2023-10-02 13:07:57',	0,	3,	'2023-10-02 13:07:57',	330),
(5092,	'2023-10-02 13:07:57',	0,	3,	'2023-10-02 13:07:57',	1354),
(5093,	'2023-10-02 13:07:57',	0,	3,	'2023-10-02 13:07:57',	331),
(5094,	'2023-10-02 13:07:57',	0,	3,	'2023-10-02 13:07:57',	1355),
(5095,	'2023-10-02 13:07:57',	0,	3,	'2023-10-02 13:07:57',	332),
(5096,	'2023-10-02 13:07:57',	0,	3,	'2023-10-02 13:07:57',	1356),
(5097,	'2023-10-02 13:07:57',	0,	3,	'2023-10-02 13:07:57',	333),
(5098,	'2023-10-02 13:07:57',	0,	3,	'2023-10-02 13:07:57',	1357),
(5099,	'2023-10-02 13:07:57',	0,	3,	'2023-10-02 13:07:57',	334),
(5100,	'2023-10-02 13:07:57',	0,	3,	'2023-10-02 13:07:57',	1358),
(5101,	'2023-10-02 13:07:57',	0,	3,	'2023-10-02 13:07:57',	335),
(5102,	'2023-10-02 13:07:57',	0,	3,	'2023-10-02 13:07:57',	1359),
(5103,	'2023-10-02 13:07:57',	0,	3,	'2023-10-02 13:07:57',	336),
(5104,	'2023-10-02 13:07:57',	0,	3,	'2023-10-02 13:07:57',	1360),
(5105,	'2023-10-02 13:07:57',	0,	3,	'2023-10-02 13:07:57',	337),
(5106,	'2023-10-02 13:07:57',	0,	3,	'2023-10-02 13:07:57',	1361),
(5107,	'2023-10-02 13:07:57',	0,	3,	'2023-10-02 13:07:57',	338),
(5108,	'2023-10-02 13:07:57',	0,	3,	'2023-10-02 13:07:57',	1362),
(5109,	'2023-10-02 13:07:57',	0,	3,	'2023-10-02 13:07:57',	339),
(5110,	'2023-10-02 13:07:57',	0,	3,	'2023-10-02 13:07:57',	1363),
(5111,	'2023-10-02 13:07:57',	0,	3,	'2023-10-02 13:07:57',	340),
(5112,	'2023-10-02 13:07:57',	0,	3,	'2023-10-02 13:07:57',	1364),
(5113,	'2023-10-02 13:07:57',	0,	3,	'2023-10-02 13:07:57',	341),
(5114,	'2023-10-02 13:07:57',	0,	3,	'2023-10-02 13:07:57',	1365),
(5115,	'2023-10-02 13:07:57',	0,	3,	'2023-10-02 13:07:57',	342),
(5116,	'2023-10-02 13:07:57',	0,	3,	'2023-10-02 13:07:57',	1366),
(5117,	'2023-10-02 13:07:57',	0,	3,	'2023-10-02 13:07:57',	343),
(5118,	'2023-10-02 13:07:57',	0,	3,	'2023-10-02 13:07:57',	1367),
(5119,	'2023-10-02 13:07:58',	0,	3,	'2023-10-02 13:07:58',	344),
(5120,	'2023-10-02 13:07:58',	0,	3,	'2023-10-02 13:07:58',	1368),
(5121,	'2023-10-02 13:07:58',	0,	3,	'2023-10-02 13:07:58',	345),
(5122,	'2023-10-02 13:07:58',	0,	3,	'2023-10-02 13:07:58',	1369),
(5123,	'2023-10-02 13:07:58',	0,	3,	'2023-10-02 13:07:58',	346),
(5124,	'2023-10-02 13:07:58',	0,	3,	'2023-10-02 13:07:58',	1370),
(5125,	'2023-10-02 13:07:58',	0,	3,	'2023-10-02 13:07:58',	347),
(5126,	'2023-10-02 13:07:58',	0,	3,	'2023-10-02 13:07:58',	1371),
(5127,	'2023-10-02 13:07:58',	0,	3,	'2023-10-02 13:07:58',	1372),
(5128,	'2023-10-02 13:07:58',	0,	3,	'2023-10-02 13:07:58',	1373),
(5129,	'2023-10-02 13:07:58',	0,	3,	'2023-10-02 13:07:58',	1374),
(5130,	'2023-10-02 13:07:58',	25,	3,	'2023-10-25 04:54:13',	1375),
(5131,	'2023-10-02 13:07:58',	0,	3,	'2023-10-02 13:07:58',	1376),
(5132,	'2023-10-02 13:07:58',	0,	3,	'2023-10-02 13:07:58',	1377),
(5133,	'2023-10-02 13:07:58',	0,	3,	'2023-10-02 13:07:58',	1378),
(5134,	'2023-10-02 13:07:58',	0,	3,	'2023-10-02 13:07:58',	1379),
(5135,	'2023-10-02 13:07:58',	0,	3,	'2023-10-02 13:07:58',	1380),
(5136,	'2023-10-02 13:07:58',	0,	3,	'2023-10-02 13:07:58',	1381),
(5137,	'2023-10-02 13:07:58',	0,	3,	'2023-10-02 13:07:58',	1382),
(5138,	'2023-10-02 13:07:58',	0,	3,	'2023-10-02 13:07:58',	1383),
(5139,	'2023-10-02 13:07:58',	0,	3,	'2023-10-02 13:07:58',	1384),
(5140,	'2023-10-02 13:07:58',	0,	3,	'2023-10-02 13:07:58',	1385),
(5141,	'2023-10-02 13:07:58',	0,	3,	'2023-10-02 13:07:58',	1386),
(5142,	'2023-10-02 13:07:58',	0,	3,	'2023-10-02 13:07:58',	1387),
(5143,	'2023-10-02 13:07:58',	0,	3,	'2023-10-02 13:07:58',	1388),
(5144,	'2023-10-02 13:07:58',	0,	3,	'2023-10-02 13:07:58',	1389),
(5145,	'2023-10-02 13:07:58',	0,	3,	'2023-10-02 13:07:58',	1390),
(5146,	'2023-10-02 13:07:58',	0,	3,	'2023-10-02 13:07:58',	1391),
(5147,	'2023-10-02 13:07:58',	0,	3,	'2023-10-02 13:07:58',	1392),
(5148,	'2023-10-02 13:07:58',	0,	3,	'2023-10-02 13:07:58',	1393),
(5149,	'2023-10-02 13:07:58',	0,	3,	'2023-10-02 13:07:58',	1394),
(5150,	'2023-10-02 13:07:58',	0,	3,	'2023-10-02 13:07:58',	1395),
(5151,	'2023-10-02 13:07:58',	0,	3,	'2023-10-02 13:07:58',	1396),
(5152,	'2023-10-02 13:07:58',	0,	3,	'2023-10-02 13:07:58',	1397),
(5153,	'2023-10-02 13:07:58',	0,	3,	'2023-10-02 13:07:58',	1398),
(5154,	'2023-10-02 13:07:58',	0,	3,	'2023-10-02 13:07:58',	1399),
(5155,	'2023-10-02 13:07:58',	0,	3,	'2023-10-02 13:07:58',	1400),
(5156,	'2023-10-02 13:07:58',	0,	3,	'2023-10-02 13:07:58',	1401),
(5157,	'2023-10-02 13:07:58',	0,	3,	'2023-10-02 13:07:58',	1402),
(5158,	'2023-10-02 13:07:58',	0,	3,	'2023-10-02 13:07:58',	1403),
(5159,	'2023-10-02 13:07:58',	0,	3,	'2023-10-02 13:07:58',	1404),
(5160,	'2023-10-02 13:07:58',	0,	3,	'2023-10-02 13:07:58',	1405),
(5161,	'2023-10-02 13:07:58',	0,	3,	'2023-10-02 13:07:58',	1406),
(5162,	'2023-10-02 13:07:58',	0,	3,	'2023-10-02 13:07:58',	1407),
(5163,	'2023-10-02 13:07:58',	0,	3,	'2023-10-02 13:07:58',	1408),
(5164,	'2023-10-02 13:07:58',	0,	3,	'2023-10-02 13:07:58',	1409),
(5165,	'2023-10-02 13:07:58',	0,	3,	'2023-10-02 13:07:58',	1410),
(5166,	'2023-10-02 13:07:58',	0,	3,	'2023-10-02 13:07:58',	1411),
(5167,	'2023-10-02 13:07:58',	0,	3,	'2023-10-02 13:07:58',	1412),
(5168,	'2023-10-02 13:07:58',	0,	3,	'2023-10-02 13:07:58',	1413),
(5169,	'2023-10-02 13:07:58',	0,	3,	'2023-10-02 13:07:58',	1414),
(5170,	'2023-10-02 13:07:58',	0,	3,	'2023-10-02 13:07:58',	1415),
(5171,	'2023-10-02 13:07:58',	0,	3,	'2023-10-02 13:07:58',	1416),
(5172,	'2023-10-02 13:07:58',	0,	3,	'2023-10-02 13:07:58',	1417),
(5173,	'2023-10-02 13:07:58',	0,	3,	'2023-10-02 13:07:58',	1418),
(5174,	'2023-10-02 13:07:58',	0,	3,	'2023-10-02 13:07:58',	1419),
(5175,	'2023-10-02 13:07:58',	0,	3,	'2023-10-02 13:07:58',	1420),
(5176,	'2023-10-02 13:07:58',	0,	3,	'2023-10-02 13:07:58',	1421),
(5177,	'2023-10-02 13:07:58',	0,	3,	'2023-10-02 13:07:58',	1422),
(5178,	'2023-10-02 13:07:58',	0,	3,	'2023-10-02 13:07:58',	1423),
(5179,	'2023-10-02 13:07:58',	0,	3,	'2023-10-02 13:07:58',	1424),
(5180,	'2023-10-02 13:07:58',	0,	3,	'2023-10-02 13:07:58',	1425),
(5181,	'2023-10-02 13:07:58',	0,	3,	'2023-10-02 13:07:58',	1426),
(5182,	'2023-10-02 13:07:58',	0,	3,	'2023-10-02 13:07:58',	1427),
(5183,	'2023-10-02 13:07:58',	0,	3,	'2023-10-02 13:07:58',	1428),
(5184,	'2023-10-02 13:07:58',	0,	3,	'2023-10-02 13:07:58',	1429),
(5185,	'2023-10-02 13:07:58',	0,	3,	'2023-10-02 13:07:58',	1430),
(5186,	'2023-10-02 13:07:58',	0,	3,	'2023-10-02 13:07:58',	1431),
(5187,	'2023-10-02 13:07:58',	0,	3,	'2023-10-02 13:07:58',	1432),
(5188,	'2023-10-02 13:07:58',	0,	3,	'2023-10-02 13:07:58',	1433),
(5189,	'2023-10-02 13:07:58',	0,	3,	'2023-10-02 13:07:58',	1434),
(5190,	'2023-10-02 13:07:58',	0,	3,	'2023-10-02 13:07:58',	1435),
(5191,	'2023-10-02 13:07:58',	0,	3,	'2023-10-02 13:07:58',	1436),
(5192,	'2023-10-02 13:07:58',	0,	3,	'2023-10-02 13:07:58',	1437),
(5193,	'2023-10-02 13:07:58',	0,	3,	'2023-10-02 13:07:58',	1438),
(5194,	'2023-10-02 13:07:58',	0,	3,	'2023-10-02 13:07:58',	1439),
(5195,	'2023-10-02 13:07:58',	0,	3,	'2023-10-02 13:07:58',	1440),
(5196,	'2023-10-02 13:07:58',	0,	3,	'2023-10-02 13:07:58',	1441),
(5197,	'2023-10-02 13:07:58',	0,	3,	'2023-10-02 13:07:58',	1442),
(5198,	'2023-10-02 13:07:58',	0,	3,	'2023-10-02 13:07:58',	1443),
(5199,	'2023-10-02 13:07:58',	0,	3,	'2023-10-02 13:07:58',	1444),
(5200,	'2023-10-02 13:07:58',	0,	3,	'2023-10-02 13:07:58',	1445),
(5201,	'2023-10-02 13:07:58',	0,	3,	'2023-10-02 13:07:58',	1446),
(5202,	'2023-10-02 13:07:58',	0,	3,	'2023-10-02 13:07:58',	1447),
(5203,	'2023-10-02 13:07:58',	0,	3,	'2023-10-02 13:07:58',	1448),
(5204,	'2023-10-02 13:07:58',	0,	3,	'2023-10-02 13:07:58',	1449),
(5205,	'2023-10-02 13:07:58',	0,	3,	'2023-10-02 13:07:58',	1450),
(5206,	'2023-10-02 13:07:58',	0,	3,	'2023-10-02 13:07:58',	1451),
(5207,	'2023-10-02 13:07:58',	0,	3,	'2023-10-02 13:07:58',	1452),
(5208,	'2023-10-02 13:07:58',	0,	3,	'2023-10-02 13:07:58',	1453),
(5209,	'2023-10-02 13:07:58',	0,	3,	'2023-10-02 13:07:58',	1454),
(5210,	'2023-10-02 13:07:58',	0,	3,	'2023-10-02 13:07:58',	1455),
(5211,	'2023-10-02 13:07:58',	0,	3,	'2023-10-02 13:07:58',	1456),
(5212,	'2023-10-02 13:07:58',	0,	3,	'2023-10-02 13:07:58',	1457),
(5213,	'2023-10-02 13:07:58',	0,	3,	'2023-10-02 13:07:58',	1458),
(5214,	'2023-10-02 13:07:58',	0,	3,	'2023-10-02 13:07:58',	1459),
(5215,	'2023-10-02 13:07:58',	0,	3,	'2023-10-02 13:07:58',	1460),
(5216,	'2023-10-02 13:07:58',	0,	3,	'2023-10-02 13:07:58',	1461),
(5217,	'2023-10-02 13:07:58',	0,	3,	'2023-10-02 13:07:58',	1462),
(5218,	'2023-10-02 13:07:58',	0,	3,	'2023-10-02 13:07:58',	1463),
(5219,	'2023-10-02 13:07:58',	0,	3,	'2023-10-02 13:07:58',	1464),
(5220,	'2023-10-02 13:07:58',	0,	3,	'2023-10-02 13:07:58',	1465),
(5221,	'2023-10-02 13:07:58',	0,	3,	'2023-10-02 13:07:58',	1466),
(5222,	'2023-10-02 13:07:58',	0,	3,	'2023-10-02 13:07:58',	1467),
(5223,	'2023-10-02 13:07:58',	0,	3,	'2023-10-02 13:07:58',	1468),
(5224,	'2023-10-02 13:07:58',	0,	3,	'2023-10-02 13:07:58',	1469),
(5225,	'2023-10-02 13:07:58',	0,	3,	'2023-10-02 13:07:58',	1470),
(5226,	'2023-10-02 13:07:58',	0,	3,	'2023-10-02 13:07:58',	1471),
(5227,	'2023-10-02 13:07:58',	0,	3,	'2023-10-02 13:07:58',	1472),
(5228,	'2023-10-02 13:07:58',	0,	3,	'2023-10-02 13:07:58',	1473),
(5229,	'2023-10-02 13:07:58',	0,	3,	'2023-10-02 13:07:58',	1474),
(5230,	'2023-10-02 13:07:58',	0,	3,	'2023-10-02 13:07:58',	1475),
(5231,	'2023-10-02 13:07:58',	0,	3,	'2023-10-02 13:07:58',	1476),
(5232,	'2023-10-02 13:07:58',	0,	3,	'2023-10-02 13:07:58',	1477),
(5233,	'2023-10-02 13:07:58',	0,	3,	'2023-10-02 13:07:58',	1478),
(5234,	'2023-10-02 13:07:58',	0,	3,	'2023-10-02 13:07:58',	1479),
(5235,	'2023-10-02 13:07:58',	0,	3,	'2023-10-02 13:07:58',	1480),
(5236,	'2023-10-02 13:07:58',	0,	3,	'2023-10-02 13:07:58',	1481),
(5237,	'2023-10-02 13:07:58',	0,	3,	'2023-10-02 13:07:58',	1482),
(5238,	'2023-10-02 13:07:58',	0,	3,	'2023-10-02 13:07:58',	1483),
(5239,	'2023-10-02 13:07:58',	0,	3,	'2023-10-02 13:07:58',	1484),
(5240,	'2023-10-02 13:07:58',	0,	3,	'2023-10-02 13:07:58',	1485),
(5241,	'2023-10-02 13:07:58',	0,	3,	'2023-10-02 13:07:58',	1486),
(5242,	'2023-10-02 13:07:58',	0,	3,	'2023-10-02 13:07:58',	1487),
(5243,	'2023-10-02 13:07:58',	0,	3,	'2023-10-02 13:07:58',	1488),
(5244,	'2023-10-02 13:07:58',	0,	3,	'2023-10-02 13:07:58',	1489),
(5245,	'2023-10-02 13:07:58',	0,	3,	'2023-10-02 13:07:58',	1490),
(5246,	'2023-10-02 13:07:58',	0,	3,	'2023-10-02 13:07:58',	1491),
(5247,	'2023-10-02 13:07:58',	0,	3,	'2023-10-02 13:07:58',	1492),
(5248,	'2023-10-02 13:07:58',	0,	3,	'2023-10-02 13:07:58',	1493),
(5249,	'2023-10-02 13:07:58',	0,	3,	'2023-10-02 13:07:58',	1494),
(5250,	'2023-10-02 13:07:58',	0,	3,	'2023-10-02 13:07:58',	1495),
(5251,	'2023-10-02 13:07:58',	0,	3,	'2023-10-02 13:07:58',	1496),
(5252,	'2023-10-02 13:07:58',	0,	3,	'2023-10-02 13:07:58',	1497),
(5253,	'2023-10-02 13:07:58',	0,	3,	'2023-10-02 13:07:58',	1498),
(5254,	'2023-10-02 13:07:58',	0,	3,	'2023-10-02 13:07:58',	610),
(5255,	'2023-10-02 13:07:58',	0,	3,	'2023-10-02 13:07:58',	613),
(5256,	'2023-10-02 13:07:58',	0,	3,	'2023-10-02 13:07:58',	614),
(5257,	'2023-10-02 13:07:58',	0,	3,	'2023-10-02 13:07:58',	778),
(5258,	'2023-10-02 13:07:58',	0,	3,	'2023-10-02 13:07:58',	779),
(5259,	'2023-10-02 13:07:58',	0,	3,	'2023-10-02 13:07:58',	780),
(5260,	'2023-10-02 13:07:58',	0,	3,	'2023-10-02 13:07:58',	781),
(5261,	'2023-10-02 13:07:58',	0,	3,	'2023-10-02 13:07:58',	782),
(5262,	'2023-10-02 13:07:59',	0,	3,	'2023-10-02 13:07:59',	783),
(5263,	'2023-10-02 13:07:59',	0,	3,	'2023-10-02 13:07:59',	784),
(5264,	'2023-10-02 13:07:59',	0,	3,	'2023-10-02 13:07:59',	785),
(5265,	'2023-10-02 13:07:59',	0,	3,	'2023-10-02 13:07:59',	786),
(5266,	'2023-10-02 13:07:59',	0,	3,	'2023-10-02 13:07:59',	787),
(5267,	'2023-10-02 13:07:59',	0,	3,	'2023-10-02 13:07:59',	788),
(5268,	'2023-10-02 13:07:59',	0,	3,	'2023-10-02 13:07:59',	789),
(5269,	'2023-10-02 13:07:59',	0,	3,	'2023-10-02 13:07:59',	790),
(5270,	'2023-10-02 13:07:59',	0,	3,	'2023-10-02 13:07:59',	791),
(5271,	'2023-10-02 13:07:59',	0,	3,	'2023-10-02 13:07:59',	792),
(5272,	'2023-10-02 13:07:59',	0,	3,	'2023-10-02 13:07:59',	793),
(5273,	'2023-10-02 13:07:59',	0,	3,	'2023-10-02 13:07:59',	794),
(5274,	'2023-10-02 13:07:59',	0,	3,	'2023-10-02 13:07:59',	795),
(5275,	'2023-10-02 13:07:59',	0,	3,	'2023-10-02 13:07:59',	796),
(5276,	'2023-10-02 13:07:59',	0,	3,	'2023-10-02 13:07:59',	797),
(5277,	'2023-10-02 13:07:59',	0,	3,	'2023-10-02 13:07:59',	798),
(5278,	'2023-10-02 13:07:59',	0,	3,	'2023-10-02 13:07:59',	799),
(5279,	'2023-10-02 13:07:59',	0,	3,	'2023-10-02 13:07:59',	800),
(5280,	'2023-10-02 13:07:59',	0,	3,	'2023-10-02 13:07:59',	801),
(5281,	'2023-10-02 13:07:59',	0,	3,	'2023-10-02 13:07:59',	802),
(5282,	'2023-10-02 13:07:59',	0,	3,	'2023-10-02 13:07:59',	803),
(5283,	'2023-10-02 13:07:59',	0,	3,	'2023-10-02 13:07:59',	906),
(5284,	'2023-10-02 13:07:59',	0,	3,	'2023-10-02 13:07:59',	907),
(5285,	'2023-10-02 13:07:59',	0,	3,	'2023-10-02 13:07:59',	908),
(5286,	'2023-10-02 13:07:59',	0,	3,	'2023-10-02 13:07:59',	942),
(5287,	'2023-10-02 13:07:59',	0,	3,	'2023-10-02 13:07:59',	943),
(5288,	'2023-10-02 13:07:59',	0,	3,	'2023-10-02 13:07:59',	944),
(5289,	'2023-10-02 13:07:59',	0,	3,	'2023-10-02 13:07:59',	945),
(5290,	'2023-10-02 13:07:59',	0,	3,	'2023-10-02 13:07:59',	946),
(5291,	'2023-10-02 13:07:59',	0,	3,	'2023-10-02 13:07:59',	947),
(5292,	'2023-10-02 13:07:59',	0,	3,	'2023-10-02 13:07:59',	948),
(5293,	'2023-10-02 13:07:59',	0,	3,	'2023-10-02 13:07:59',	949),
(5294,	'2023-10-02 13:07:59',	0,	3,	'2023-10-02 13:07:59',	950),
(5295,	'2023-10-02 13:07:59',	0,	3,	'2023-10-02 13:07:59',	951),
(5296,	'2023-10-02 13:07:59',	0,	3,	'2023-10-02 13:07:59',	952),
(5297,	'2023-10-02 13:07:59',	0,	3,	'2023-10-02 13:07:59',	953),
(5298,	'2023-10-02 13:07:59',	0,	3,	'2023-10-02 13:07:59',	954),
(5299,	'2023-10-02 13:07:59',	0,	3,	'2023-10-02 13:07:59',	955),
(5300,	'2023-10-02 13:07:59',	0,	3,	'2023-10-02 13:07:59',	956),
(5301,	'2023-10-02 13:07:59',	0,	3,	'2023-10-02 13:07:59',	957),
(5302,	'2023-10-02 13:07:59',	0,	3,	'2023-10-02 13:07:59',	958),
(5303,	'2023-10-02 13:07:59',	0,	3,	'2023-10-02 13:07:59',	959),
(5304,	'2023-10-02 13:07:59',	0,	3,	'2023-10-02 13:07:59',	976),
(5305,	'2023-10-02 13:07:59',	0,	3,	'2023-10-02 13:07:59',	977),
(5306,	'2023-10-02 13:07:59',	0,	3,	'2023-10-02 13:07:59',	978),
(5307,	'2023-10-02 13:07:59',	0,	3,	'2023-10-02 13:07:59',	979),
(5308,	'2023-10-02 13:07:59',	0,	3,	'2023-10-02 13:07:59',	980),
(5309,	'2023-10-02 13:07:59',	0,	3,	'2023-10-02 13:07:59',	981),
(5310,	'2023-10-02 13:07:59',	0,	3,	'2023-10-02 13:07:59',	982),
(5311,	'2023-10-02 13:07:59',	0,	3,	'2023-10-02 13:07:59',	983),
(5312,	'2023-10-02 13:07:59',	0,	3,	'2023-10-02 13:07:59',	984),
(5313,	'2023-10-02 13:07:59',	0,	3,	'2023-10-02 13:07:59',	985),
(5314,	'2023-10-02 13:07:59',	0,	3,	'2023-10-02 13:07:59',	986),
(5315,	'2023-10-02 13:07:59',	0,	3,	'2023-10-02 13:07:59',	987),
(5316,	'2023-10-02 13:07:59',	0,	3,	'2023-10-02 13:07:59',	988),
(5317,	'2023-10-02 13:07:59',	0,	3,	'2023-10-02 13:07:59',	989),
(5318,	'2023-10-02 13:07:59',	0,	3,	'2023-10-02 13:07:59',	990),
(5319,	'2023-10-02 13:07:59',	0,	3,	'2023-10-02 13:07:59',	1008),
(5320,	'2023-10-02 13:07:59',	0,	3,	'2023-10-02 13:07:59',	1009),
(5321,	'2023-10-02 13:07:59',	0,	3,	'2023-10-02 13:07:59',	1010),
(5322,	'2023-10-02 13:07:59',	0,	3,	'2023-10-02 13:07:59',	1011),
(5323,	'2023-10-02 13:07:59',	0,	3,	'2023-10-02 13:07:59',	1012),
(5324,	'2023-10-02 13:07:59',	0,	3,	'2023-10-02 13:07:59',	1013),
(5325,	'2023-10-02 13:07:59',	0,	3,	'2023-10-02 13:07:59',	1014),
(5326,	'2023-10-02 13:07:59',	0,	3,	'2023-10-02 13:07:59',	1015),
(5327,	'2023-10-02 13:07:59',	0,	3,	'2023-10-02 13:07:59',	1016),
(5328,	'2023-10-02 13:07:59',	0,	3,	'2023-10-02 13:07:59',	1017),
(5329,	'2023-10-02 13:07:59',	0,	3,	'2023-10-02 13:07:59',	1018),
(5330,	'2023-10-02 13:07:59',	0,	3,	'2023-10-02 13:07:59',	1019),
(5331,	'2023-10-02 13:07:59',	0,	3,	'2023-10-02 13:07:59',	1020),
(5332,	'2023-10-02 13:07:59',	0,	3,	'2023-10-02 13:07:59',	1021),
(5333,	'2023-10-02 13:07:59',	0,	3,	'2023-10-02 13:07:59',	1022),
(5334,	'2023-10-02 13:07:59',	0,	3,	'2023-10-02 13:07:59',	1023);

CREATE TABLE `invoice` (
  `invoice_id` bigint NOT NULL AUTO_INCREMENT,
  `created_at` datetime NOT NULL,
  `invoice_status` enum('PENDING','PAID','VOID') CHARACTER SET utf8mb4 COLLATE utf8mb4_0900_ai_ci DEFAULT NULL,
  `organization_id` bigint NOT NULL,
  `organization_type` enum('LARGE_ORGANIZATION','ORGANIZATION','CORPORATE') CHARACTER SET utf8mb4 COLLATE utf8mb4_0900_ai_ci DEFAULT NULL,
  `stripe_customer_email` varchar(255) DEFAULT NULL,
  `stripe_customer_id` varchar(255) DEFAULT NULL,
  `stripe_invoice_id` varchar(255) DEFAULT NULL,
  `updated_at` datetime DEFAULT NULL,
  `license_key` varchar(255) DEFAULT NULL,
  `amount` double NOT NULL,
  `number_of_youth` int NOT NULL,
  `invoice_type` enum('NEW','EXISTING','INCREASE_NO_OF_YOUTH','RENEW_SUBSCRIPTION') DEFAULT NULL,
  `name_of_organization` varchar(255) DEFAULT NULL,
  PRIMARY KEY (`invoice_id`)
) ENGINE=MyISAM DEFAULT CHARSET=utf8mb4 COLLATE=utf8mb4_0900_ai_ci;

INSERT INTO `invoice` (`invoice_id`, `created_at`, `invoice_status`, `organization_id`, `organization_type`, `stripe_customer_email`, `stripe_customer_id`, `stripe_invoice_id`, `updated_at`, `license_key`, `amount`, `number_of_youth`, `invoice_type`, `name_of_organization`) VALUES
(1,	'2022-05-24 10:59:12',	'PAID',	1,	'LARGE_ORGANIZATION',	'vasant.evincedev@gmail.com',	'cus_LkQI4bXr9KrSUc',	'in_1L2vSDSAj5Uzair54ZWtryVL',	'2022-05-24 11:02:00',	'ZP25-RNEL-T0CH-BJB1',	0,	0,	NULL,	NULL),
(2,	'2022-05-24 10:59:44',	'PAID',	1,	'ORGANIZATION',	'vasant.evincedev@gmail.com',	'cus_LkQJOoKAY8uVJq',	'in_1L2vSjSAj5Uzair5lEGy2mbi',	'2022-05-24 11:05:00',	'GRTN-7FBB-FZ3N-ZXTW',	0,	0,	NULL,	NULL),
(3,	'2022-05-24 11:08:09',	'PAID',	1,	'ORGANIZATION',	'vasant.evincedev@gmail.com',	'cus_LkQJOoKAY8uVJq',	'in_1L2vasSAj5Uzair5XYirMlYy',	'2022-06-08 10:18:26',	'BGQ7-MV4O-02BE-HVHN',	0,	0,	NULL,	NULL),
(4,	'2022-06-07 12:13:27',	'PAID',	1,	'LARGE_ORGANIZATION',	'vasant.evincedev@gmail.com',	'cus_LkQI4bXr9KrSUc',	'in_1L81HkSAj5Uzair56T3pslF7',	'2022-06-08 11:07:38',	'6V6R-TV1C-9MNS-47TH',	0,	0,	NULL,	NULL),
(5,	'2022-06-08 06:26:24',	'PENDING',	1,	'LARGE_ORGANIZATION',	'vasant.evincedev@gmail.com',	'cus_LkQI4bXr9KrSUc',	'in_1L8ILRSAj5Uzair5BJ2cXPfa',	'2022-06-08 06:26:24',	'6JMX-1BEB-822L-LFBO',	0,	0,	NULL,	NULL),
(6,	'2022-06-08 06:29:04',	'PENDING',	1,	'LARGE_ORGANIZATION',	'vasant.evincedev@gmail.com',	'cus_LkQI4bXr9KrSUc',	'in_1L8IO1SAj5Uzair5j9IshD4f',	'2022-06-08 06:29:04',	'57CI-0FXW-XJKG-6SH2',	0,	0,	NULL,	NULL),
(7,	'2022-06-08 07:45:27',	'PAID',	1,	'LARGE_ORGANIZATION',	'vasant.evincedev@gmail.com',	'cus_LkQI4bXr9KrSUc',	'in_1L8JZwSAj5Uzair5PegYNPn1',	'2022-06-10 12:27:08',	'O8FF-Q2JW-TEM6-WU24',	0,	0,	NULL,	NULL),
(8,	'2022-06-08 08:22:16',	'PENDING',	1,	'LARGE_ORGANIZATION',	'vasant.evincedev@gmail.com',	'cus_LkQI4bXr9KrSUc',	'in_1L8K9ZSAj5Uzair5tBhWxFjN',	'2022-06-08 08:22:16',	'SEZN-2LT7-3QWL-MX3T',	0,	0,	NULL,	NULL),
(9,	'2022-06-10 12:17:04',	'PENDING',	1,	'LARGE_ORGANIZATION',	'vasant.evincedev@gmail.com',	'cus_LkQI4bXr9KrSUc',	'in_1L96luSAj5Uzair5NVNxWEes',	'2022-06-10 12:17:04',	'DKIG-HDVQ-DIVV-NBGE',	0,	0,	NULL,	NULL),
(10,	'2022-08-09 07:57:10',	'PENDING',	1,	'LARGE_ORGANIZATION',	'headwick@yopmail.com',	'cus_LkQI4bXr9KrSUc',	'in_1LUnJISAj5Uzair5hLB3nX4Y',	'2022-08-09 07:57:10',	'V2VW-N9H9-QPG8-9QDB',	0,	0,	NULL,	NULL),
(11,	'2022-08-09 07:57:13',	'PAID',	1,	'LARGE_ORGANIZATION',	'headwick@yopmail.com',	'cus_LkQI4bXr9KrSUc',	'in_1LUnJKSAj5Uzair5f9QFzff7',	'2022-08-09 07:57:37',	'86CJ-XKTD-E6ZM-7XG7',	0,	0,	NULL,	NULL),
(12,	'2022-08-12 12:21:37',	'PENDING',	1,	'LARGE_ORGANIZATION',	'headwick@yopmail.com',	'cus_LkQI4bXr9KrSUc',	'in_1LVwrqSAj5Uzair53ekCMtZl',	'2022-08-12 12:21:37',	'AJSQ-J89C-Y77R-I2XF',	0,	0,	NULL,	NULL),
(13,	'2022-08-12 12:21:39',	'PENDING',	1,	'LARGE_ORGANIZATION',	'headwick@yopmail.com',	'cus_LkQI4bXr9KrSUc',	'in_1LVwrtSAj5Uzair5YpaLxyPi',	'2022-08-12 12:21:39',	'KWCG-5N2S-DTN3-S9JF',	0,	0,	NULL,	NULL),
(14,	'2022-08-12 12:26:39',	'PENDING',	1,	'LARGE_ORGANIZATION',	'abhishek.evdpl@gmail.com',	'cus_LkQI4bXr9KrSUc',	'in_1LVwwjSAj5Uzair5eyktDfoj',	'2022-08-12 12:26:39',	'RLO1-DGTE-4B34-E6PR',	0,	0,	NULL,	NULL),
(15,	'2022-08-12 13:18:11',	'PENDING',	1,	'LARGE_ORGANIZATION',	'abhishekk.evdpl@gmail.com',	'cus_LkQI4bXr9KrSUc',	'in_1LVxkbSAj5Uzair5IZvwzdFf',	'2022-08-12 13:18:11',	'WBAL-ETBR-TX9W-D442',	0,	0,	NULL,	NULL),
(16,	'2022-08-12 13:30:37',	'PENDING',	1,	'LARGE_ORGANIZATION',	'abhishekk.evdpl@gmail.com',	'cus_LkQI4bXr9KrSUc',	'in_1LVxwdSAj5Uzair5y3JuR3he',	'2022-08-12 13:30:37',	'2P5B-QVRT-4QRG-EPX4',	0,	0,	NULL,	NULL),
(17,	'2022-08-16 06:40:54',	'PAID',	1,	'LARGE_ORGANIZATION',	'abhishekk@evincedev.com',	'cus_LkQI4bXr9KrSUc',	'in_1LXJSKSAj5Uzair5zwy66ZQd',	'2022-08-18 11:52:31',	'NQWL-G5BR-SGGD-KLBJ',	0,	0,	NULL,	NULL),
(18,	'2022-08-16 09:52:10',	'PENDING',	39,	'LARGE_ORGANIZATION',	'abhishekk@evincedev.com',	'cus_MFsBKupuFSL8VF',	'in_1LXMRQSAj5Uzair5qoicKTtj',	'2022-08-16 09:52:10',	'G0DS-7MRN-6JFO-E35E',	0,	0,	NULL,	NULL),
(19,	'2022-08-16 10:01:27',	'PENDING',	21,	'ORGANIZATION',	'abhishekk.evdpl@gmail.com',	'cus_LpzSqDBecqhxT7',	'in_1LXMaPSAj5Uzair5EyJcazOg',	'2022-08-16 10:01:27',	'C8XI-9W7F-7R9B-ANW4',	0,	0,	NULL,	NULL),
(20,	'2022-08-17 04:19:10',	'PAID',	1,	'LARGE_ORGANIZATION',	'vasant.evincedev@gmail.com',	'cus_LkQI4bXr9KrSUc',	'in_1LXdihSAj5Uzair5UAmaVyuh',	'2022-08-17 04:22:27',	'YXZK-4YJ2-MJ4Z-VKDM',	0,	0,	NULL,	NULL),
(21,	'2022-08-17 04:46:05',	'PENDING',	1,	'LARGE_ORGANIZATION',	'abhishekk.evdpl@gmail.com',	'cus_LkQI4bXr9KrSUc',	'in_1LXe8kSAj5Uzair5peybarsd',	'2022-08-17 04:46:05',	'M7F9-1ZYK-HICF-8HL2',	0,	0,	NULL,	NULL),
(22,	'2022-08-17 05:24:33',	'PENDING',	1,	'LARGE_ORGANIZATION',	'headwick@yopmail.com',	'cus_LkQI4bXr9KrSUc',	'in_1LXejySAj5Uzair5o6tDOI6o',	'2022-08-17 05:24:33',	'Z0SS-CW4E-HWMK-SEX5',	0,	0,	NULL,	NULL),
(23,	'2022-08-17 05:27:12',	'PAID',	1,	'LARGE_ORGANIZATION',	'headwick@yopmail.com',	'cus_LkQI4bXr9KrSUc',	'in_1LXemYSAj5Uzair56bu2WkE5',	'2022-09-06 08:11:33',	'B3YG-CL3I-BR7J-9C9K',	0,	0,	NULL,	NULL),
(24,	'2022-08-17 06:02:59',	'PENDING',	1,	'LARGE_ORGANIZATION',	'vasant.evincedev@gmail.com',	'cus_LkQI4bXr9KrSUc',	'in_1LXfLBSAj5Uzair5RPGmzR0A',	'2022-08-17 06:02:59',	'1NQ8-BO2W-DI8R-DV95',	0,	0,	NULL,	NULL),
(25,	'2022-08-17 06:10:03',	'PENDING',	1,	'LARGE_ORGANIZATION',	'vasant.evincedev@gmail.com',	'cus_LkQI4bXr9KrSUc',	'in_1LXfS0SAj5Uzair505JyiRvk',	'2022-08-17 06:10:03',	'6C9K-SDU6-7CUN-8R1F',	0,	0,	NULL,	NULL),
(26,	'2022-08-17 06:23:03',	'PENDING',	1,	'LARGE_ORGANIZATION',	'vasant.evincedev@gmail.com',	'cus_LkQI4bXr9KrSUc',	'in_1LXfeaSAj5Uzair5UANNUpOz',	'2022-08-17 06:23:03',	'2L31-JAL5-4ZTI-M62O',	0,	0,	NULL,	NULL),
(27,	'2022-08-17 06:23:12',	'PENDING',	1,	'LARGE_ORGANIZATION',	'vasant.evincedev@gmail.com',	'cus_LkQI4bXr9KrSUc',	'in_1LXfejSAj5Uzair58OhTIO9i',	'2022-08-17 06:23:12',	'39GA-MIGB-PTFR-4NY2',	0,	0,	NULL,	NULL),
(28,	'2022-08-17 06:23:20',	'PENDING',	1,	'LARGE_ORGANIZATION',	'vasant.evincedev@gmail.com',	'cus_LkQI4bXr9KrSUc',	'in_1LXfesSAj5Uzair56l1XEgk4',	'2022-08-17 06:23:20',	'COFO-TS1K-MWI5-JKCP',	0,	0,	NULL,	NULL),
(29,	'2022-08-17 06:23:40',	'PENDING',	1,	'LARGE_ORGANIZATION',	'vasant.evincedev@gmail.com',	'cus_LkQI4bXr9KrSUc',	'in_1LXffCSAj5Uzair5v7LpO7di',	'2022-08-17 06:23:40',	'2SW2-758P-NWZH-FS9G',	0,	0,	NULL,	NULL),
(30,	'2022-08-17 06:25:53',	'PENDING',	1,	'LARGE_ORGANIZATION',	'headwick@yopmail.com',	'cus_LkQI4bXr9KrSUc',	'in_1LXfhLSAj5Uzair5PUG8Ksq2',	'2022-08-17 06:25:53',	'FWR7-JPZC-5UIJ-QVCA',	0,	0,	NULL,	NULL),
(31,	'2022-08-17 06:31:41',	'PENDING',	1,	'LARGE_ORGANIZATION',	'abhishekk.evdpl@gmail.com',	'cus_LkQI4bXr9KrSUc',	'in_1LXfmxSAj5Uzair5NPc8nBRs',	'2022-08-17 06:31:41',	'9CAB-QB5G-E7TU-658S',	0,	0,	NULL,	NULL),
(32,	'2022-08-17 06:32:27',	'PENDING',	21,	'ORGANIZATION',	'abhishekk.evdpl@gmail.com',	'cus_LpzSqDBecqhxT7',	'in_1LXfnhSAj5Uzair59wNFQvJN',	'2022-08-17 06:32:27',	'LL6F-QN1Y-R3GX-A8RG',	0,	0,	NULL,	NULL),
(33,	'2022-08-17 06:32:42',	'PENDING',	21,	'ORGANIZATION',	'abhishekk.evdpl@gmail.com',	'cus_LpzSqDBecqhxT7',	'in_1LXfnvSAj5Uzair5gMQhqI36',	'2022-08-17 06:32:42',	'1RE3-KJ3U-3PJE-RRRH',	0,	0,	NULL,	NULL),
(34,	'2022-08-17 06:32:43',	'PENDING',	21,	'ORGANIZATION',	'abhishekk.evdpl@gmail.com',	'cus_LpzSqDBecqhxT7',	'in_1LXfnwSAj5Uzair5FIBZTlm2',	'2022-08-17 06:32:43',	'08VS-EJNC-9MRG-QJLQ',	0,	0,	NULL,	NULL),
(35,	'2022-08-17 06:34:53',	'PENDING',	1,	'LARGE_ORGANIZATION',	'testtesting0335@gmail.com',	'cus_LkQI4bXr9KrSUc',	'in_1LXfq2SAj5Uzair5P3eX3o0N',	'2022-08-17 06:34:53',	'YTYJ-QOH6-GPSA-T1AV',	0,	0,	NULL,	NULL),
(36,	'2022-08-22 04:37:19',	'PENDING',	1,	'LARGE_ORGANIZATION',	'abhishekk@evincedev.com',	'cus_LkQI4bXr9KrSUc',	'in_1LZSO0SAj5Uzair5nqn2RkpU',	'2022-08-22 04:37:19',	'P8GG-ZE3G-632P-QZKF',	0,	0,	NULL,	NULL),
(37,	'2022-08-22 04:37:45',	'PENDING',	1,	'LARGE_ORGANIZATION',	'abhishekk@evincedev.com',	'cus_LkQI4bXr9KrSUc',	'in_1LZSORSAj5Uzair587QfMeBg',	'2022-08-22 04:37:45',	'IJJ8-AOAP-JMAE-FEUI',	0,	0,	NULL,	NULL),
(38,	'2022-08-22 04:38:06',	'PENDING',	1,	'LARGE_ORGANIZATION',	'abhishekk@evincedev.com',	'cus_LkQI4bXr9KrSUc',	'in_1LZSOlSAj5Uzair5IMRUbcY9',	'2022-08-22 04:38:06',	'7XFT-8WV4-36QD-ZGEO',	0,	0,	NULL,	NULL),
(39,	'2022-08-22 04:38:42',	'PENDING',	1,	'LARGE_ORGANIZATION',	'abhishekk@evincedev.com',	'cus_LkQI4bXr9KrSUc',	'in_1LZSPMSAj5Uzair5gnkUVcnL',	'2022-08-22 04:38:42',	'PTH6-SWLW-FTEY-W460',	0,	0,	NULL,	NULL),
(40,	'2022-08-22 04:38:51',	'PENDING',	1,	'LARGE_ORGANIZATION',	'abhishekk@evincedev.com',	'cus_LkQI4bXr9KrSUc',	'in_1LZSPVSAj5Uzair5Ibkkgpx6',	'2022-08-22 04:38:51',	'AHTJ-PD37-TTLW-18BC',	0,	0,	NULL,	NULL),
(41,	'2022-09-07 07:29:37',	'PENDING',	63,	'LARGE_ORGANIZATION',	'colt@yopmail.com',	'cus_MO4rhyJkWs9JLm',	'in_1LfIhWSAj5Uzair5DxrQbTno',	'2022-09-07 07:29:37',	'I52V-71FT-V7DB-3D53',	0,	0,	NULL,	NULL),
(42,	'2022-09-07 13:00:48',	'PAID',	61,	'LARGE_ORGANIZATION',	'headwick@yopmail.com',	'cus_MOACKppjZNagb6',	'in_1LfNs2SAj5Uzair5AIkLJrki',	'2022-09-08 13:54:59',	'34P3-4Y9D-KQKT-VDMH',	0,	0,	NULL,	NULL),
(43,	'2022-09-07 13:01:21',	'PENDING',	61,	'LARGE_ORGANIZATION',	'headwick@yopmail.com',	'cus_MOACKppjZNagb6',	'in_1LfNsZSAj5Uzair5eKJYUwC2',	'2022-09-07 13:01:21',	'3477-1871-H23U-26T0',	0,	0,	NULL,	NULL),
(44,	'2022-09-07 13:01:53',	'PENDING',	61,	'LARGE_ORGANIZATION',	'abhishekk.evdpl@gmail.com',	'cus_MOACKppjZNagb6',	'in_1LfNt5SAj5Uzair5kU8GCyYH',	'2022-09-07 13:01:53',	'SPYI-SR2A-R6U0-W52O',	0,	0,	NULL,	NULL),
(45,	'2022-09-07 13:03:17',	'PENDING',	61,	'LARGE_ORGANIZATION',	'abhishekk@evincedev.com',	'cus_MOACKppjZNagb6',	'in_1LfNuQSAj5Uzair5OFDjeYuQ',	'2022-09-07 13:03:17',	'F5Z2-IX31-EN10-AGLO',	0,	0,	NULL,	NULL),
(46,	'2022-09-07 13:04:27',	'PENDING',	61,	'LARGE_ORGANIZATION',	'abhishekk@evincedev.com',	'cus_MOACKppjZNagb6',	'in_1LfNvYSAj5Uzair5f5QyPluR',	'2022-09-07 13:04:27',	'HNCN-2FS6-416X-YQ1N',	0,	0,	NULL,	NULL),
(47,	'2022-09-07 13:04:29',	'PENDING',	61,	'LARGE_ORGANIZATION',	'abhishekk@evincedev.com',	'cus_MOACKppjZNagb6',	'in_1LfNvbSAj5Uzair5ZtgLAUJN',	'2022-09-07 13:04:29',	'KJYB-BZK3-1ZRB-YVUM',	0,	0,	NULL,	NULL),
(48,	'2022-09-07 13:05:54',	'PENDING',	62,	'LARGE_ORGANIZATION',	'testtesting0335@gmail.com',	'cus_MOAHa25jIMqYh4',	'in_1LfNwxSAj5Uzair5RtM8D6LL',	'2022-09-07 13:05:54',	'ZQOF-TC2X-SIJD-11UX',	0,	0,	NULL,	NULL),
(49,	'2022-09-07 13:06:52',	'PENDING',	61,	'LARGE_ORGANIZATION',	'headwick@yopmail.com',	'cus_MOACKppjZNagb6',	'in_1LfNxuSAj5Uzair5sZzbtIZ2',	'2022-09-07 13:06:52',	'WWJ6-DD6U-SJO0-N55D',	0,	0,	NULL,	NULL),
(50,	'2022-09-07 13:15:21',	'PENDING',	64,	'LARGE_ORGANIZATION',	'abhishekk@evincedev.com',	'cus_MOAQAnnj7JcL69',	'in_1LfO67SAj5Uzair5Z19TjnlM',	'2022-09-07 13:15:21',	'J1KS-IHTL-190J-XTZR',	0,	0,	NULL,	NULL),
(51,	'2022-09-07 13:28:08',	'PENDING',	21,	'ORGANIZATION',	'testtesting0335@gmail.com',	'cus_LpzSqDBecqhxT7',	'in_1LfOIUSAj5Uzair5JumMQxKW',	'2022-09-07 13:28:08',	'WZ9Y-91MJ-QWE2-951G',	0,	0,	NULL,	NULL),
(52,	'2022-09-07 13:28:10',	'PENDING',	21,	'ORGANIZATION',	'testtesting0335@gmail.com',	'cus_LpzSqDBecqhxT7',	'in_1LfOIWSAj5Uzair5HcK2Gujh',	'2022-09-07 13:28:10',	'NRYM-Z4MG-R2C2-6434',	0,	0,	NULL,	NULL),
(53,	'2022-09-08 14:12:55',	'PAID',	161,	'ORGANIZATION',	'vyas222@yopmail.com',	'cus_MOYaNIJh6mIMSR',	'in_1LflTNSAj5Uzair56RIkeLJH',	'2022-09-08 14:17:04',	'U37P-2ANU-4IOD-6IXW',	0,	0,	NULL,	NULL),
(54,	'2022-09-08 14:14:51',	'PAID',	161,	'ORGANIZATION',	'vyas222@yopmail.com',	'cus_MOYaNIJh6mIMSR',	'in_1LflVFSAj5Uzair5w781eGHV',	'2022-09-08 14:16:57',	'SH1P-RVQ6-2RTE-0LQN',	0,	0,	NULL,	NULL),
(55,	'2022-09-08 14:16:10',	'PENDING',	161,	'ORGANIZATION',	'vyas222@yopmail.com',	'cus_MOYaNIJh6mIMSR',	'in_1LflWWSAj5Uzair5ELM6OG92',	'2022-09-08 14:16:10',	'6XRU-LCVU-3UP1-1R1I',	0,	0,	NULL,	NULL),
(56,	'2022-09-09 06:26:32',	'PAID',	58,	'LARGE_ORGANIZATION',	'royal@yopmail.com',	'cus_MOoIRGrU185kBV',	'in_1Lg0faSAj5Uzair57FjPtukT',	'2022-09-09 06:34:42',	'CJJM-219Q-CLRL-PRNR',	0,	0,	NULL,	NULL),
(57,	'2022-09-09 06:33:30',	'PENDING',	58,	'LARGE_ORGANIZATION',	'royal@yopmail.com',	'cus_MOoIRGrU185kBV',	'in_1Lg0mJSAj5Uzair5LIicDoqD',	'2022-09-09 06:33:30',	'P2S0-MBUK-Q378-U7JB',	0,	0,	NULL,	NULL),
(58,	'2022-09-09 07:14:43',	'PAID',	66,	'LARGE_ORGANIZATION',	'loreallgorg@yopmail.com',	'cus_MOp4RnIigAu4kM',	'in_1Lg1QCSAj5Uzair5Qsf7H3IR',	'2022-09-09 07:15:11',	'NGLL-1IS9-2Q3F-FV7U',	0,	0,	NULL,	NULL),
(59,	'2022-09-09 07:30:27',	'PAID',	65,	'LARGE_ORGANIZATION',	'beverlyhillsorg@yopmail.com',	'cus_MOpKWW6HhU5g9N',	'in_1Lg1fQSAj5Uzair5kmEnAlCv',	'2022-09-09 07:31:05',	'ITK2-H0UO-39D1-82B9',	0,	0,	NULL,	NULL),
(60,	'2022-09-09 08:11:49',	'PAID',	162,	'ORGANIZATION',	'org236@yopmail.com',	'cus_MOpzNRVGlepb0X',	'in_1Lg2JTSAj5Uzair5I7vanzSN',	'2022-09-09 08:12:13',	'4CZD-IROY-G4TT-3R6H',	0,	0,	NULL,	NULL),
(61,	'2022-09-09 08:33:31',	'PAID',	58,	'LARGE_ORGANIZATION',	'royal999@yopmail.com',	'cus_MOoIRGrU185kBV',	'in_1Lg2eTSAj5Uzair5mZ3SUDDJ',	'2022-09-09 08:34:51',	'UC57-T53X-PJ9N-ZAKP',	0,	0,	NULL,	NULL),
(62,	'2022-09-09 08:37:17',	'PAID',	163,	'ORGANIZATION',	'royal999@yopmail.com',	'cus_MOqONmb2S13Bc5',	'in_1Lg2i7SAj5Uzair5PbscCyl9',	'2022-09-09 08:42:06',	'D10A-OKFM-PL2R-3NLT',	0,	0,	NULL,	NULL),
(63,	'2022-09-09 08:37:19',	'PAID',	163,	'ORGANIZATION',	'royal999@yopmail.com',	'cus_MOqONmb2S13Bc5',	'in_1Lg2i9SAj5Uzair5fIi5EzZU',	'2022-09-09 08:37:45',	'VKH6-X8DJ-Z925-9N4K',	0,	0,	NULL,	NULL),
(64,	'2022-09-09 08:46:52',	'PAID',	164,	'ORGANIZATION',	'peter444@yopmail.com',	'cus_MOqYtlVAoM3tqa',	'in_1Lg2rNSAj5Uzair56QdUQDWj',	'2022-09-09 08:47:16',	'YIE0-VBCD-3A79-X3IJ',	0,	0,	NULL,	NULL),
(65,	'2022-09-09 10:37:43',	'PAID',	165,	'ORGANIZATION',	'roger450@yopmail.com',	'cus_MOsLDGX1CPK305',	'in_1Lg4afSAj5Uzair5K8l5cg7b',	'2022-09-09 10:37:55',	'KT5H-QZ7C-RYJP-9WMI',	0,	0,	NULL,	NULL),
(66,	'2022-09-09 10:47:45',	'PAID',	166,	'ORGANIZATION',	'universe234@yopmail.com',	'cus_MOsVlhovwxfn4v',	'in_1Lg4kNSAj5Uzair52tv6kJ21',	'2022-09-09 10:48:10',	'2U25-ZXLB-Z9HP-LX8K',	0,	0,	NULL,	NULL),
(67,	'2022-09-09 11:29:40',	'PAID',	67,	'LARGE_ORGANIZATION',	'lgorg@yopmail.com',	'cus_MOtB5tToSyXJ4S',	'in_1Lg5OwSAj5Uzair5reynWIid',	'2022-09-09 11:29:57',	'GP26-PX5R-ZV3G-4XXM',	0,	0,	NULL,	NULL),
(68,	'2022-09-09 11:37:13',	'PAID',	168,	'ORGANIZATION',	'turish455@yopmail.com',	'cus_MOtIH1apwZGzzY',	'in_1Lg5WFSAj5Uzair5An0XvaZ5',	'2022-09-09 11:37:44',	'OX1S-XS7B-GT97-157E',	0,	0,	NULL,	NULL),
(69,	'2022-09-09 13:00:16',	'PAID',	62,	'LARGE_ORGANIZATION',	'boston@yopmail.com',	'cus_MOAHa25jIMqYh4',	'in_1Lg6ocSAj5Uzair56sTWwjeL',	'2022-09-09 13:01:15',	'WSIC-PVD8-XGMR-K8BT',	0,	0,	NULL,	NULL),
(70,	'2022-09-09 13:02:12',	'PAID',	62,	'LARGE_ORGANIZATION',	'abhishekk@evincedev.com',	'cus_MOAHa25jIMqYh4',	'in_1Lg6qUSAj5Uzair5So2iC9z4',	'2022-09-09 13:02:26',	'OC0U-7FGD-MYKM-5X6D',	0,	0,	NULL,	NULL),
(71,	'2022-09-13 09:29:48',	'PAID',	170,	'ORGANIZATION',	'rushabhsorathiya@gmail.com',	'cus_MQM9UH30JD6gyI',	'in_1LhVR8SAj5Uzair5ZkdnGJXO',	'2022-09-13 09:32:28',	'W4PW-7WN1-EX2K-EWD8',	0,	0,	NULL,	NULL),
(72,	'2022-09-13 09:29:50',	'PAID',	170,	'ORGANIZATION',	'rushabhsorathiya@gmail.com',	'cus_MQM9UH30JD6gyI',	'in_1LhVRASAj5Uzair545qelWId',	'2022-09-13 09:32:29',	'GRRU-627J-OMJD-6IYI',	0,	0,	NULL,	NULL),
(73,	'2022-09-13 09:29:51',	'PAID',	170,	'ORGANIZATION',	'rushabhsorathiya@gmail.com',	'cus_MQM9UH30JD6gyI',	'in_1LhVRASAj5Uzair5SeA6Lk0g',	'2022-09-13 09:32:31',	'K3PJ-97WS-GI8F-6WBY',	0,	0,	NULL,	NULL),
(74,	'2022-09-13 09:30:51',	'PENDING',	68,	'LARGE_ORGANIZATION',	'rushabh@evincedev.com',	'cus_MQMAHywvLr5tId',	'in_1LhVS8SAj5Uzair5Y5bwJV5u',	'2022-09-13 09:30:51',	'E4UR-Z5OU-WU2K-R85T',	0,	0,	NULL,	NULL),
(75,	'2022-09-13 09:30:53',	'PENDING',	68,	'LARGE_ORGANIZATION',	'rushabh@evincedev.com',	'cus_MQMAHywvLr5tId',	'in_1LhVS9SAj5Uzair56NF2kihv',	'2022-09-13 09:30:53',	'9COX-XG64-EVB4-N28H',	0,	0,	NULL,	NULL),
(76,	'2022-09-13 09:30:55',	'PENDING',	68,	'LARGE_ORGANIZATION',	'rushabh@evincedev.com',	'cus_MQMAHywvLr5tId',	'in_1LhVSBSAj5Uzair5F1kun0FR',	'2022-09-13 09:30:55',	'C5YM-7XRF-M7IC-TISB',	0,	0,	NULL,	NULL),
(77,	'2022-09-13 09:30:56',	'PENDING',	68,	'LARGE_ORGANIZATION',	'rushabh@evincedev.com',	'cus_MQMAHywvLr5tId',	'in_1LhVSBSAj5Uzair5Cs8JqOSm',	'2022-09-13 09:30:56',	'JK9M-BS7T-LQEK-8XME',	0,	0,	NULL,	NULL),
(78,	'2022-09-13 09:30:58',	'PENDING',	68,	'LARGE_ORGANIZATION',	'rushabh@evincedev.com',	'cus_MQMAHywvLr5tId',	'in_1LhVSFSAj5Uzair5SR0qadhJ',	'2022-09-13 09:30:58',	'CFHU-0CI0-P37K-L2PG',	0,	0,	NULL,	NULL),
(79,	'2022-09-13 09:37:56',	'PENDING',	61,	'LARGE_ORGANIZATION',	'barden@yopmail.com',	'cus_MOACKppjZNagb6',	'in_1LhVYzSAj5Uzair5eT2m5V8Q',	'2022-09-13 09:37:56',	'1JTR-78IX-TM6Q-LD4J',	0,	0,	NULL,	NULL),
(80,	'2022-09-13 09:38:59',	'PENDING',	68,	'LARGE_ORGANIZATION',	'kent@yopmail.com',	'cus_MQMAHywvLr5tId',	'in_1LhVZzSAj5Uzair5CwvneOKX',	'2022-09-13 09:38:59',	'V2PO-OGFH-PT6S-NA6U',	0,	0,	NULL,	NULL),
(81,	'2022-09-13 09:39:01',	'PENDING',	68,	'LARGE_ORGANIZATION',	'kent@yopmail.com',	'cus_MQMAHywvLr5tId',	'in_1LhVa1SAj5Uzair5zLJTgL1b',	'2022-09-13 09:39:01',	'ZG4V-J83J-LI4B-KKML',	0,	0,	NULL,	NULL),
(82,	'2022-09-13 09:39:04',	'PENDING',	68,	'LARGE_ORGANIZATION',	'kent@yopmail.com',	'cus_MQMAHywvLr5tId',	'in_1LhVa0SAj5Uzair5oAXqXb8W',	'2022-09-13 09:39:04',	'8BJW-NLAS-KD3P-WBH1',	0,	0,	NULL,	NULL),
(83,	'2022-09-13 09:39:04',	'PENDING',	68,	'LARGE_ORGANIZATION',	'kent@yopmail.com',	'cus_MQMAHywvLr5tId',	'in_1LhVa2SAj5Uzair5LdGOdLr2',	'2022-09-13 09:39:04',	'BKSU-5MXZ-CV9T-RM35',	0,	0,	NULL,	NULL),
(84,	'2022-09-13 09:39:05',	'PENDING',	68,	'LARGE_ORGANIZATION',	'kent@yopmail.com',	'cus_MQMAHywvLr5tId',	'in_1LhVa1SAj5Uzair5lqNIvem2',	'2022-09-13 09:39:05',	'3NC5-IM6B-BJOR-YT75',	0,	0,	NULL,	NULL),
(85,	'2022-09-13 09:39:07',	'PENDING',	68,	'LARGE_ORGANIZATION',	'kent@yopmail.com',	'cus_MQMAHywvLr5tId',	'in_1LhVa1SAj5Uzair5cRNrKkiW',	'2022-09-13 09:39:07',	'IMZB-TIP9-SHZR-54SD',	0,	0,	NULL,	NULL),
(86,	'2022-09-13 09:39:08',	'PENDING',	68,	'LARGE_ORGANIZATION',	'kent@yopmail.com',	'cus_MQMAHywvLr5tId',	'in_1LhVa3SAj5Uzair5QmBWBm8r',	'2022-09-13 09:39:08',	'8H1C-CR9A-9LMF-1C6D',	0,	0,	NULL,	NULL),
(87,	'2022-09-13 09:39:10',	'PENDING',	68,	'LARGE_ORGANIZATION',	'kent@yopmail.com',	'cus_MQMAHywvLr5tId',	'in_1LhVa9SAj5Uzair5TtFizhuO',	'2022-09-13 09:39:10',	'OC3E-3NJV-UM9B-G8TR',	0,	0,	NULL,	NULL),
(88,	'2022-09-13 09:39:10',	'PENDING',	68,	'LARGE_ORGANIZATION',	'kent@yopmail.com',	'cus_MQMAHywvLr5tId',	'in_1LhVa5SAj5Uzair5t5RenJHF',	'2022-09-13 09:39:10',	'8XL8-48UI-RISG-SF3W',	0,	0,	NULL,	NULL),
(89,	'2022-09-13 09:39:12',	'PENDING',	68,	'LARGE_ORGANIZATION',	'kent@yopmail.com',	'cus_MQMAHywvLr5tId',	'in_1LhVaASAj5Uzair5kkRKAaNU',	'2022-09-13 09:39:12',	'JW5O-N6GO-X5S5-JMU5',	0,	0,	NULL,	NULL),
(90,	'2022-09-13 09:44:49',	'PENDING',	68,	'LARGE_ORGANIZATION',	'kentcountry@yopmail.com',	'cus_MQMAHywvLr5tId',	'in_1LhVffSAj5Uzair53cWTvFgC',	'2022-09-13 09:44:49',	'IG00-YWFZ-12BZ-Z712',	0,	0,	NULL,	NULL),
(91,	'2022-09-13 09:46:09',	'PENDING',	61,	'LARGE_ORGANIZATION',	'testmultipleinvoice@yopmail.com',	'cus_MOACKppjZNagb6',	'in_1LhVgvSAj5Uzair5zGsUAqp3',	'2022-09-13 09:46:09',	'9OD1-TH41-VY32-CYEF',	0,	0,	NULL,	NULL),
(92,	'2022-09-13 09:46:10',	'PENDING',	61,	'LARGE_ORGANIZATION',	'testmultipleinvoice@yopmail.com',	'cus_MOACKppjZNagb6',	'in_1LhVguSAj5Uzair5q7bKw7T5',	'2022-09-13 09:46:10',	'OFEL-3MRO-T3RH-K4M9',	0,	0,	NULL,	NULL),
(93,	'2022-09-13 09:46:12',	'PENDING',	61,	'LARGE_ORGANIZATION',	'testmultipleinvoice@yopmail.com',	'cus_MOACKppjZNagb6',	'in_1LhVguSAj5Uzair5GwNKbwku',	'2022-09-13 09:46:12',	'ZA5L-0ESE-IRJF-MIH9',	0,	0,	NULL,	NULL),
(94,	'2022-09-13 09:46:12',	'PENDING',	61,	'LARGE_ORGANIZATION',	'testmultipleinvoice@yopmail.com',	'cus_MOACKppjZNagb6',	'in_1LhVguSAj5Uzair57F4KCfcT',	'2022-09-13 09:46:12',	'IWTM-QISI-US4E-G8F2',	0,	0,	NULL,	NULL),
(95,	'2022-09-13 09:46:16',	'PENDING',	61,	'LARGE_ORGANIZATION',	'testmultipleinvoice@yopmail.com',	'cus_MOACKppjZNagb6',	'in_1LhVgvSAj5Uzair582lPFk9c',	'2022-09-13 09:46:16',	'0GQS-Y4M0-TA93-996T',	0,	0,	NULL,	NULL),
(96,	'2022-09-13 09:46:17',	'PENDING',	61,	'LARGE_ORGANIZATION',	'testmultipleinvoice@yopmail.com',	'cus_MOACKppjZNagb6',	'in_1LhVh3SAj5Uzair5dlstgFUz',	'2022-09-13 09:46:17',	'V903-ATGR-JLTL-SEI3',	0,	0,	NULL,	NULL),
(97,	'2022-09-13 09:46:18',	'PENDING',	61,	'LARGE_ORGANIZATION',	'testmultipleinvoice@yopmail.com',	'cus_MOACKppjZNagb6',	'in_1LhVgvSAj5Uzair5kypMMbUr',	'2022-09-13 09:46:18',	'ANY3-L95E-98E8-PP40',	0,	0,	NULL,	NULL),
(98,	'2022-09-13 09:46:19',	'PENDING',	61,	'LARGE_ORGANIZATION',	'testmultipleinvoice@yopmail.com',	'cus_MOACKppjZNagb6',	'in_1LhVh2SAj5Uzair5L5DRJFB4',	'2022-09-13 09:46:19',	'EGU2-DR9J-IYHQ-1TH6',	0,	0,	NULL,	NULL),
(99,	'2022-09-13 09:46:20',	'PENDING',	61,	'LARGE_ORGANIZATION',	'testmultipleinvoice@yopmail.com',	'cus_MOACKppjZNagb6',	'in_1LhVh3SAj5Uzair50koR5afz',	'2022-09-13 09:46:20',	'B21T-ZKU2-ESH6-Y9ZL',	0,	0,	NULL,	NULL),
(100,	'2022-09-13 09:46:24',	'PENDING',	61,	'LARGE_ORGANIZATION',	'testmultipleinvoice@yopmail.com',	'cus_MOACKppjZNagb6',	'in_1LhVh8SAj5Uzair5Kkld1zYh',	'2022-09-13 09:46:24',	'5B2U-IU1H-RI9R-J8VQ',	0,	0,	NULL,	NULL),
(101,	'2022-09-13 09:46:26',	'PENDING',	61,	'LARGE_ORGANIZATION',	'testmultipleinvoice@yopmail.com',	'cus_MOACKppjZNagb6',	'in_1LhVhASAj5Uzair5JJc87tkG',	'2022-09-13 09:46:26',	'4WL6-XQMO-79Q2-LM3L',	0,	0,	NULL,	NULL),
(102,	'2022-09-13 09:46:27',	'PENDING',	61,	'LARGE_ORGANIZATION',	'testmultipleinvoice@yopmail.com',	'cus_MOACKppjZNagb6',	'in_1LhVhCSAj5Uzair5xQgqF7hD',	'2022-09-13 09:46:27',	'MLEG-DZNH-AJXN-C9XO',	0,	0,	NULL,	NULL),
(103,	'2022-09-13 09:46:28',	'PENDING',	61,	'LARGE_ORGANIZATION',	'testmultipleinvoice@yopmail.com',	'cus_MOACKppjZNagb6',	'in_1LhVhBSAj5Uzair560imeyrA',	'2022-09-13 09:46:28',	'73BC-ZEWR-AVMI-5PX9',	0,	0,	NULL,	NULL),
(104,	'2022-09-13 09:46:29',	'PENDING',	61,	'LARGE_ORGANIZATION',	'testmultipleinvoice@yopmail.com',	'cus_MOACKppjZNagb6',	'in_1LhVhASAj5Uzair5z8sJ2GT9',	'2022-09-13 09:46:29',	'PI7Z-STFJ-O5SZ-SUN0',	0,	0,	NULL,	NULL),
(105,	'2022-09-13 09:46:32',	'PENDING',	61,	'LARGE_ORGANIZATION',	'testmultipleinvoice@yopmail.com',	'cus_MOACKppjZNagb6',	'in_1LhVh6SAj5Uzair5mpoyLegQ',	'2022-09-13 09:46:32',	'YKR3-R6NN-2U2P-6YJQ',	0,	0,	NULL,	NULL),
(106,	'2022-09-13 09:46:34',	'PENDING',	61,	'LARGE_ORGANIZATION',	'testmultipleinvoice@yopmail.com',	'cus_MOACKppjZNagb6',	'in_1LhVhKSAj5Uzair5jb5jEnAU',	'2022-09-13 09:46:34',	'T00C-V1X1-7K5M-ZISY',	0,	0,	NULL,	NULL),
(107,	'2022-09-13 09:46:35',	'PENDING',	61,	'LARGE_ORGANIZATION',	'testmultipleinvoice@yopmail.com',	'cus_MOACKppjZNagb6',	'in_1LhVhGSAj5Uzair5v2KxquGJ',	'2022-09-13 09:46:35',	'YH1Z-CH99-KPDC-7L4A',	0,	0,	NULL,	NULL),
(108,	'2022-09-13 09:46:36',	'PENDING',	61,	'LARGE_ORGANIZATION',	'testmultipleinvoice@yopmail.com',	'cus_MOACKppjZNagb6',	'in_1LhVhGSAj5Uzair5d8kjq7Uz',	'2022-09-13 09:46:36',	'NPRL-6ML9-RIGI-SFVO',	0,	0,	NULL,	NULL),
(109,	'2022-09-13 09:46:38',	'PENDING',	61,	'LARGE_ORGANIZATION',	'testmultipleinvoice@yopmail.com',	'cus_MOACKppjZNagb6',	'in_1LhVhLSAj5Uzair52eTccuvX',	'2022-09-13 09:46:38',	'ZKYH-87LS-MQJN-SMWT',	0,	0,	NULL,	NULL),
(110,	'2022-09-13 09:46:40',	'PENDING',	61,	'LARGE_ORGANIZATION',	'testmultipleinvoice@yopmail.com',	'cus_MOACKppjZNagb6',	'in_1LhVhQSAj5Uzair519RDi1DJ',	'2022-09-13 09:46:40',	'0B8W-ZL54-LQ4H-LBCN',	0,	0,	NULL,	NULL),
(111,	'2022-09-13 09:46:41',	'PENDING',	61,	'LARGE_ORGANIZATION',	'testmultipleinvoice@yopmail.com',	'cus_MOACKppjZNagb6',	'in_1LhVhPSAj5Uzair5DjD4Z8Cm',	'2022-09-13 09:46:41',	'EIOS-UBG2-Q7XC-0DJG',	0,	0,	NULL,	NULL),
(112,	'2022-09-13 09:46:42',	'PENDING',	61,	'LARGE_ORGANIZATION',	'testmultipleinvoice@yopmail.com',	'cus_MOACKppjZNagb6',	'in_1LhVhJSAj5Uzair5iTno2WQ7',	'2022-09-13 09:46:42',	'9OMR-2GWL-DFEJ-Q20Y',	0,	0,	NULL,	NULL),
(113,	'2022-09-13 09:46:43',	'PENDING',	61,	'LARGE_ORGANIZATION',	'testmultipleinvoice@yopmail.com',	'cus_MOACKppjZNagb6',	'in_1LhVhQSAj5Uzair5dFoVsHqr',	'2022-09-13 09:46:43',	'69XO-YDQG-VAOP-7XDC',	0,	0,	NULL,	NULL),
(114,	'2022-09-13 09:46:45',	'PENDING',	61,	'LARGE_ORGANIZATION',	'testmultipleinvoice@yopmail.com',	'cus_MOACKppjZNagb6',	'in_1LhVhSSAj5Uzair5qiHZESW4',	'2022-09-13 09:46:45',	'C7SM-XXCY-QPPA-IDWO',	0,	0,	NULL,	NULL),
(115,	'2022-09-13 09:46:47',	'PENDING',	61,	'LARGE_ORGANIZATION',	'testmultipleinvoice@yopmail.com',	'cus_MOACKppjZNagb6',	'in_1LhVhQSAj5Uzair555F78BJO',	'2022-09-13 09:46:47',	'FUYU-8FQG-6SVL-5EX2',	0,	0,	NULL,	NULL),
(116,	'2022-09-13 09:46:48',	'PENDING',	61,	'LARGE_ORGANIZATION',	'testmultipleinvoice@yopmail.com',	'cus_MOACKppjZNagb6',	'in_1LhVhXSAj5Uzair53GWmz7Sm',	'2022-09-13 09:46:48',	'ICUV-FEGE-9MQ8-3OKG',	0,	0,	NULL,	NULL),
(117,	'2022-09-13 09:52:33',	'PENDING',	61,	'LARGE_ORGANIZATION',	'testemail@yopmail.com',	'cus_MOACKppjZNagb6',	'in_1LhVn6SAj5Uzair5exovh970',	'2022-09-13 09:52:33',	'DZPT-W4ZG-J1OF-FYE2',	0,	0,	NULL,	NULL),
(118,	'2022-09-13 09:52:35',	'PENDING',	61,	'LARGE_ORGANIZATION',	'testemail@yopmail.com',	'cus_MOACKppjZNagb6',	'in_1LhVn6SAj5Uzair5YxXa3eG3',	'2022-09-13 09:52:35',	'99AP-108T-OJNP-BMRC',	0,	0,	NULL,	NULL),
(119,	'2022-09-13 09:52:36',	'PENDING',	61,	'LARGE_ORGANIZATION',	'testemail@yopmail.com',	'cus_MOACKppjZNagb6',	'in_1LhVn7SAj5Uzair5gKghEzkz',	'2022-09-13 09:52:36',	'1HSO-B478-N5X2-FUMM',	0,	0,	NULL,	NULL),
(120,	'2022-09-13 09:52:37',	'PENDING',	61,	'LARGE_ORGANIZATION',	'testemail@yopmail.com',	'cus_MOACKppjZNagb6',	'in_1LhVn7SAj5Uzair5xUQPHttW',	'2022-09-13 09:52:37',	'AFZ6-G5TG-DP9A-N6TL',	0,	0,	NULL,	NULL),
(121,	'2022-09-13 09:52:38',	'PENDING',	61,	'LARGE_ORGANIZATION',	'testemail@yopmail.com',	'cus_MOACKppjZNagb6',	'in_1LhVn9SAj5Uzair5pZwR2vQJ',	'2022-09-13 09:52:38',	'28HZ-98WT-HY2S-98FG',	0,	0,	NULL,	NULL),
(122,	'2022-09-13 09:52:40',	'PENDING',	61,	'LARGE_ORGANIZATION',	'testemail@yopmail.com',	'cus_MOACKppjZNagb6',	'in_1LhVnBSAj5Uzair5VVRDYZ6P',	'2022-09-13 09:52:40',	'JIHH-NM5Y-CFB9-V7L3',	0,	0,	NULL,	NULL),
(123,	'2022-09-13 09:52:42',	'PENDING',	61,	'LARGE_ORGANIZATION',	'testemail@yopmail.com',	'cus_MOACKppjZNagb6',	'in_1LhVnGSAj5Uzair5MIjv9PL4',	'2022-09-13 09:52:42',	'6XHA-TDFD-4C49-AAZ1',	0,	0,	NULL,	NULL),
(124,	'2022-09-13 10:25:28',	'PENDING',	68,	'LARGE_ORGANIZATION',	'rushabh@evincedev.com',	'cus_MQMAHywvLr5tId',	'in_1LhWIzSAj5Uzair52hDdONdf',	'2022-09-13 10:25:28',	'X2Z2-ZEXP-JESU-HB0G',	0,	0,	NULL,	NULL),
(125,	'2022-09-13 11:20:47',	'PENDING',	171,	'ORGANIZATION',	'opera@yopmail.com',	'cus_MQNwBreKkEOH6P',	'in_1LhXAWSAj5Uzair5VHVOckCU',	'2022-09-13 11:20:47',	'7OY7-24V6-P35L-1JV2',	0,	0,	NULL,	NULL),
(126,	'2022-09-14 04:45:38',	'PENDING',	174,	'ORGANIZATION',	'journey@yopmail.com',	'cus_MQenChQsM9DYOz',	'in_1LhnTfSAj5Uzair5pgbvZvUt',	'2022-09-14 04:45:38',	'4IS4-0PTU-OJPB-HLGD',	0,	0,	NULL,	NULL),
(127,	'2022-09-14 04:45:38',	'PENDING',	174,	'ORGANIZATION',	'journey@yopmail.com',	'cus_MQenzlnjJrX0WY',	'in_1LhnTfSAj5Uzair54DXmzNGJ',	'2022-09-14 04:45:38',	'WTD4-REPM-SMH9-2PFY',	0,	0,	NULL,	NULL),
(128,	'2022-09-14 04:45:38',	'PENDING',	174,	'ORGANIZATION',	'journey@yopmail.com',	'cus_MQenRnqzNDAPjF',	'in_1LhnTgSAj5Uzair5T33lmlFl',	'2022-09-14 04:45:38',	'Z43F-ZOMI-1I53-Q1YZ',	0,	0,	NULL,	NULL),
(129,	'2022-09-14 04:45:38',	'PENDING',	174,	'ORGANIZATION',	'journey@yopmail.com',	'cus_MQen1C4os7sy0w',	'in_1LhnTgSAj5Uzair5epbHYlKS',	'2022-09-14 04:45:38',	'U6RT-4MUY-7J4B-8CYU',	0,	0,	NULL,	NULL),
(130,	'2022-09-14 04:45:38',	'PENDING',	174,	'ORGANIZATION',	'journey@yopmail.com',	'cus_MQenpFNUaHyawp',	'in_1LhnTgSAj5Uzair55eN6sYHd',	'2022-09-14 04:45:38',	'TQ4J-B9OD-5SZ5-454B',	0,	0,	NULL,	NULL),
(131,	'2022-09-14 04:45:39',	'PENDING',	174,	'ORGANIZATION',	'journey@yopmail.com',	'cus_MQenpFNUaHyawp',	'in_1LhnTfSAj5Uzair5X1fB8NCV',	'2022-09-14 04:45:39',	'5T3V-CMVQ-7LLO-KAVM',	0,	0,	NULL,	NULL),
(132,	'2022-09-14 04:45:43',	'PENDING',	174,	'ORGANIZATION',	'journey@yopmail.com',	'cus_MQenRnqzNDAPjF',	'in_1LhnTjSAj5Uzair56kTAg4cS',	'2022-09-14 04:45:43',	'D8GC-QY15-2UY6-5JTF',	0,	0,	NULL,	NULL),
(133,	'2022-09-14 04:45:45',	'PENDING',	174,	'ORGANIZATION',	'journey@yopmail.com',	'cus_MQenRnqzNDAPjF',	'in_1LhnTkSAj5Uzair5skX4TczX',	'2022-09-14 04:45:45',	'QBNZ-X9CS-OGO1-B7PL',	0,	0,	NULL,	NULL),
(134,	'2022-09-14 04:45:46',	'PENDING',	174,	'ORGANIZATION',	'journey@yopmail.com',	'cus_MQenRnqzNDAPjF',	'in_1LhnTkSAj5Uzair54jBaCjag',	'2022-09-14 04:45:46',	'JAU2-138A-3AGK-BZ1E',	0,	0,	NULL,	NULL),
(135,	'2022-09-14 04:45:47',	'PENDING',	174,	'ORGANIZATION',	'journey@yopmail.com',	'cus_MQenRnqzNDAPjF',	'in_1LhnTjSAj5Uzair537VjZ9tu',	'2022-09-14 04:45:47',	'U7AZ-TFVZ-6T0A-7XHO',	0,	0,	NULL,	NULL),
(136,	'2022-09-14 04:45:49',	'PENDING',	174,	'ORGANIZATION',	'journey@yopmail.com',	'cus_MQenRnqzNDAPjF',	'in_1LhnToSAj5Uzair5JBBoii4Q',	'2022-09-14 04:45:49',	'OWDZ-5NOF-RF52-EMG7',	0,	0,	NULL,	NULL),
(137,	'2022-09-14 04:45:50',	'PENDING',	174,	'ORGANIZATION',	'journey@yopmail.com',	'cus_MQenRnqzNDAPjF',	'in_1LhnTiSAj5Uzair52mbVpbNR',	'2022-09-14 04:45:50',	'59KS-1YNE-3YCN-KUOZ',	0,	0,	NULL,	NULL),
(138,	'2022-09-14 04:45:53',	'PENDING',	174,	'ORGANIZATION',	'journey@yopmail.com',	'cus_MQenRnqzNDAPjF',	'in_1LhnTnSAj5Uzair5bjgjDUQW',	'2022-09-14 04:45:53',	'FI91-N8CE-E01N-BG1F',	0,	0,	NULL,	NULL),
(139,	'2022-09-14 04:45:55',	'PENDING',	174,	'ORGANIZATION',	'journey@yopmail.com',	'cus_MQenRnqzNDAPjF',	'in_1LhnTsSAj5Uzair59ngxSuIo',	'2022-09-14 04:45:55',	'IOJ8-DQ2U-2ES2-OGTZ',	0,	0,	NULL,	NULL),
(140,	'2022-09-14 04:45:56',	'PENDING',	174,	'ORGANIZATION',	'journey@yopmail.com',	'cus_MQenRnqzNDAPjF',	'in_1LhnTsSAj5Uzair584c8RYQ7',	'2022-09-14 04:45:56',	'Z6SI-LLSE-8A43-YEGP',	0,	0,	NULL,	NULL),
(141,	'2022-09-14 04:45:57',	'PENDING',	174,	'ORGANIZATION',	'journey@yopmail.com',	'cus_MQenRnqzNDAPjF',	'in_1LhnTuSAj5Uzair5RF3Vl8Ae',	'2022-09-14 04:45:57',	'0FHC-P6SF-L7RP-7AWS',	0,	0,	NULL,	NULL),
(142,	'2022-09-14 04:45:59',	'PENDING',	174,	'ORGANIZATION',	'journey@yopmail.com',	'cus_MQenRnqzNDAPjF',	'in_1LhnTrSAj5Uzair5htP5B0nh',	'2022-09-14 04:45:59',	'2MIK-IUBQ-51EZ-5I0P',	0,	0,	NULL,	NULL),
(143,	'2022-09-14 05:55:07',	'PENDING',	59,	'LARGE_ORGANIZATION',	'holytest@yopmail.com',	'cus_MQfuyPKUwYOmPG',	'in_1LhoYuSAj5Uzair54i1KBIAI',	'2022-09-14 05:55:07',	'GX4P-K74L-GE4H-RNC4',	0,	0,	NULL,	NULL),
(144,	'2022-09-14 05:55:07',	'PENDING',	59,	'LARGE_ORGANIZATION',	'holytest@yopmail.com',	'cus_MQfuUBp9gWV3ol',	'in_1LhoYuSAj5Uzair5IDTPYXVy',	'2022-09-14 05:55:07',	'V5G7-ARH5-WZQA-3HX3',	0,	0,	NULL,	NULL),
(145,	'2022-09-14 05:55:07',	'PENDING',	59,	'LARGE_ORGANIZATION',	'holytest@yopmail.com',	'cus_MQfuKy6WlfTATQ',	'in_1LhoYvSAj5Uzair5jYlBuaZF',	'2022-09-14 05:55:07',	'QCO2-K20I-64DD-8Z18',	0,	0,	NULL,	NULL),
(146,	'2022-09-14 05:55:08',	'PENDING',	59,	'LARGE_ORGANIZATION',	'holytest@yopmail.com',	'cus_MQfu6j8JKfzfeF',	'in_1LhoYvSAj5Uzair5QfhUsLqm',	'2022-09-14 05:55:08',	'RM86-J7DN-3C68-SKB6',	0,	0,	NULL,	NULL),
(147,	'2022-09-14 05:55:09',	'PENDING',	59,	'LARGE_ORGANIZATION',	'holytest@yopmail.com',	'cus_MQfu6j8JKfzfeF',	'in_1LhoYvSAj5Uzair51YebU39D',	'2022-09-14 05:55:09',	'QNGM-Q0L3-GPXZ-05XP',	0,	0,	NULL,	NULL),
(148,	'2022-09-14 05:55:10',	'PENDING',	59,	'LARGE_ORGANIZATION',	'holytest@yopmail.com',	'cus_MQfuKy6WlfTATQ',	'in_1LhoYxSAj5Uzair5yzMAFeEK',	'2022-09-14 05:55:10',	'OC00-PNUY-3I8K-MBS7',	0,	0,	NULL,	NULL),
(149,	'2022-09-14 05:55:10',	'PENDING',	59,	'LARGE_ORGANIZATION',	'holytest@yopmail.com',	'cus_MQfu6j8JKfzfeF',	'in_1LhoYuSAj5Uzair5HKNWsou3',	'2022-09-14 05:55:10',	'ZANH-TETN-PAXR-O7NB',	0,	0,	NULL,	NULL),
(150,	'2022-09-14 05:55:12',	'PENDING',	59,	'LARGE_ORGANIZATION',	'holytest@yopmail.com',	'cus_MQfuKy6WlfTATQ',	'in_1LhoYySAj5Uzair5OuXLAjUl',	'2022-09-14 05:55:12',	'OW8M-ZHYC-HQKZ-Y8YV',	0,	0,	NULL,	NULL),
(151,	'2022-09-14 05:55:13',	'PAID',	59,	'LARGE_ORGANIZATION',	'holytest@yopmail.com',	'cus_MQfuKy6WlfTATQ',	'in_1LhoYxSAj5Uzair5aZAHlvKA',	'2022-09-14 07:21:08',	'QHWU-W343-M53W-E6KU',	0,	0,	NULL,	NULL),
(152,	'2022-09-14 07:24:56',	'PENDING',	171,	'ORGANIZATION',	'opera@yopmail.com',	'cus_MQNwBreKkEOH6P',	'in_1LhpxpSAj5Uzair5y5ijaVNO',	'2022-09-14 07:24:56',	'3XH3-B6O7-3DDU-0CMG',	0,	0,	NULL,	NULL),
(153,	'2022-09-14 07:32:30',	'PENDING',	171,	'ORGANIZATION',	'opera@yopmail.com',	'cus_MQNwBreKkEOH6P',	'in_1Lhq5ASAj5Uzair53sCpTxDd',	'2022-09-14 07:32:30',	'NUD5-JIZO-XZ9B-AY3B',	0,	0,	NULL,	NULL),
(154,	'2022-09-14 07:48:14',	'PENDING',	141,	'ORGANIZATION',	'peter444@yopmail.com',	'cus_MQhjanaYCOlJ2h',	'in_1LhqKNSAj5Uzair5Z2TapOa2',	'2022-09-14 07:48:14',	'SM8S-E2JH-3H4G-22EW',	0,	0,	NULL,	NULL),
(155,	'2022-09-14 07:57:33',	'PENDING',	142,	'ORGANIZATION',	'peter444@yopmail.com',	'cus_MQhtCSbp4funig',	'in_1LhqTPSAj5Uzair5JreGsrrE',	'2022-09-14 07:57:33',	'XKFS-IKSP-8EW4-CDOS',	0,	0,	NULL,	NULL),
(156,	'2022-09-14 08:00:21',	'PAID',	62,	'LARGE_ORGANIZATION',	'boston@yopmail.com',	'cus_MOAHa25jIMqYh4',	'in_1LhqW7SAj5Uzair5GMJejhMD',	'2022-09-14 08:01:59',	'YL7T-EMEA-8W4B-32AE',	0,	0,	NULL,	NULL),
(157,	'2022-09-14 08:07:53',	'PENDING',	58,	'LARGE_ORGANIZATION',	'royal999@yopmail.com',	'cus_MOoIRGrU185kBV',	'in_1LhqdPSAj5Uzair5067J3x1F',	'2022-09-14 08:07:53',	'11SQ-DAYB-T0J9-LJ3I',	0,	0,	NULL,	NULL),
(158,	'2022-09-14 08:31:32',	'PENDING',	59,	'LARGE_ORGANIZATION',	'test@gmail.com',	'cus_MQfuKy6WlfTATQ',	'in_1Lhr0ISAj5Uzair5W4f6dJer',	'2022-09-14 08:31:32',	'YG1M-7LKU-29C6-H0RT',	0,	0,	NULL,	NULL),
(159,	'2022-09-14 08:32:07',	'PENDING',	68,	'LARGE_ORGANIZATION',	'test@gmail.com',	'cus_MQMAHywvLr5tId',	'in_1Lhr0rSAj5Uzair5aUVYIQSW',	'2022-09-14 08:32:07',	'MYS4-LVT6-HOB7-CAUW',	0,	0,	NULL,	NULL),
(160,	'2022-09-14 10:16:14',	'PENDING',	171,	'ORGANIZATION',	'opera@yopmail.com',	'cus_MQNwBreKkEOH6P',	'in_1LhsdcSAj5Uzair5WYZpeODI',	'2022-09-14 10:16:14',	'X1QL-YUM2-0S1B-03DP',	0,	0,	NULL,	NULL),
(161,	'2022-09-14 10:28:37',	'PENDING',	65,	'LARGE_ORGANIZATION',	'test@gmail.com',	'cus_MOpKWW6HhU5g9N',	'in_1LhspbSAj5Uzair5ApbIq1jr',	'2022-09-14 10:28:37',	'6I3I-T6YZ-409T-II84',	0,	0,	NULL,	NULL),
(162,	'2022-09-14 10:30:11',	'PENDING',	65,	'LARGE_ORGANIZATION',	'helpdesk@evincedev.com',	'cus_MOpKWW6HhU5g9N',	'in_1Lhsr6SAj5Uzair5aHSUW7EX',	'2022-09-14 10:30:11',	'OFHQ-5I9Z-6GT0-U4ZJ',	0,	0,	NULL,	NULL),
(163,	'2022-09-14 10:30:34',	'PENDING',	65,	'LARGE_ORGANIZATION',	'admin@gmail.com',	'cus_MOpKWW6HhU5g9N',	'in_1LhsrUSAj5Uzair5bASJ14Hh',	'2022-09-14 10:30:34',	'DQ7L-0UYY-MUL8-HWTM',	0,	0,	NULL,	NULL),
(164,	'2022-09-14 10:35:46',	'PENDING',	65,	'LARGE_ORGANIZATION',	'test@gmail.com',	'cus_MOpKWW6HhU5g9N',	'in_1LhswVSAj5Uzair5tjzxcrOt',	'2022-09-14 10:35:46',	'5ECP-QFRV-KC1B-IA73',	0,	0,	NULL,	NULL),
(165,	'2022-09-14 11:12:43',	'PENDING',	171,	'ORGANIZATION',	'opera@yopmail.com',	'cus_MQNwBreKkEOH6P',	'in_1LhtWGSAj5Uzair5jrLlz3Mq',	'2022-09-14 11:12:43',	'L57Z-WJ4N-01L0-FASF',	0,	0,	NULL,	NULL),
(166,	'2022-09-14 11:20:39',	'PENDING',	61,	'LARGE_ORGANIZATION',	'testbardenuniversity@yopmail.com',	'cus_MOACKppjZNagb6',	'in_1LhtdxSAj5Uzair5yQkRl676',	'2022-09-14 11:20:39',	'O5JZ-M3HR-1PRI-XW17',	0,	0,	NULL,	NULL),
(167,	'2022-09-14 11:21:19',	'PENDING',	61,	'LARGE_ORGANIZATION',	'bardenuniversity@yopmail.com',	'cus_MOACKppjZNagb6',	'in_1LhtebSAj5Uzair5yZIJ98rg',	'2022-09-14 11:21:19',	'THXY-G9A4-XIVL-QP1K',	0,	0,	NULL,	NULL),
(168,	'2022-09-14 11:21:47',	'PENDING',	61,	'LARGE_ORGANIZATION',	'test@yopmail.com',	'cus_MOACKppjZNagb6',	'in_1Lhtf3SAj5Uzair561DSGe92',	'2022-09-14 11:21:47',	'BHOK-P16A-EZIR-BHAM',	0,	0,	NULL,	NULL),
(169,	'2022-09-14 11:22:32',	'PENDING',	154,	'ORGANIZATION',	'testtesting@yopmail.com',	'cus_MQlCDju4uomwGn',	'in_1LhtflSAj5Uzair5akXCv0CO',	'2022-09-14 11:22:32',	'GUW8-88JT-ODQS-6VHJ',	0,	0,	NULL,	NULL),
(170,	'2022-09-14 11:32:09',	'PAID',	169,	'ORGANIZATION',	'skyhighschool@yopmail.com',	'cus_MQlLYbpYq98RUN',	'in_1Lhtp5SAj5Uzair5iqE8zeyh',	'2022-09-14 11:32:19',	'2YWD-U85T-2DFT-DZP7',	0,	0,	NULL,	NULL),
(171,	'2022-09-14 13:36:10',	'PAID',	70,	'LARGE_ORGANIZATION',	'narniahighschool@yopmail.com',	'cus_MQnLCcp2jCE7DC',	'in_1Lhvl6SAj5Uzair5KepSazdI',	'2022-09-14 13:36:20',	'PUKE-OZDR-5ANW-PFN7',	0,	0,	NULL,	NULL),
(172,	'2022-09-15 11:35:16',	'PAID',	71,	'LARGE_ORGANIZATION',	'ryder@yopmail.com',	'cus_MR8c4BkYYgL7OT',	'in_1LiGLdSAj5Uzair5SSJIG7Uy',	'2022-09-15 11:36:08',	'QQVV-UFV7-QHK3-HJDX',	0,	0,	NULL,	NULL),
(173,	'2022-09-15 11:49:13',	'PAID',	177,	'ORGANIZATION',	'sundown@yopmail.com',	'cus_MR8qZR56Fzz4gg',	'in_1LiGZ8SAj5Uzair5aRkafr9s',	'2022-09-15 11:49:32',	'Q9LO-4ST4-C42O-A0JO',	0,	0,	NULL,	NULL),
(174,	'2022-09-16 06:36:14',	'PAID',	183,	'ORGANIZATION',	'st_mighty@yopmail.com',	'cus_MRR1C3wHv5DcZD',	'in_1LiY9oSAj5Uzair5g0BmZmk2',	'2022-09-16 06:36:29',	'3F1P-HXWZ-U2W8-9RET',	0,	0,	NULL,	NULL),
(175,	'2022-09-16 06:53:50',	'PAID',	182,	'ORGANIZATION',	'mighty@yopmail.com',	'cus_MRRJRA1K3M98IU',	'in_1LiYQpSAj5Uzair563m6e050',	'2022-09-16 06:54:10',	'21DM-UOM5-2JO4-PXDX',	0,	0,	NULL,	NULL),
(176,	'2022-09-16 07:41:38',	'PAID',	171,	'ORGANIZATION',	'opera@yopmail.com',	'cus_MQNwBreKkEOH6P',	'in_1LiZB5SAj5Uzair59ICwx1z4',	'2022-09-16 07:42:02',	'9SV1-NK4C-XF4O-YI6O',	0,	0,	NULL,	NULL),
(177,	'2022-09-16 10:52:37',	'PAID',	73,	'LARGE_ORGANIZATION',	'vasant@evincedev.com',	'cus_MRVAFJCAlKjB92',	'in_1Lic9uSAj5Uzair5He0kO5wR',	'2022-09-16 10:52:52',	'JH02-WNRR-HYFA-O2MR',	0,	0,	NULL,	NULL),
(178,	'2022-09-16 11:48:59',	'PAID',	74,	'LARGE_ORGANIZATION',	'pilot_int@yopmail.com',	'cus_MRW4M3yCZSrTY9',	'in_1Lid2SSAj5Uzair5DP5YdTDg',	'2022-09-16 11:49:42',	'WGMT-I7SC-OMJT-UM93',	0,	0,	NULL,	NULL),
(179,	'2022-09-16 13:09:35',	'PAID',	188,	'ORGANIZATION',	'vasant@evincedev.com',	'cus_MRXNoudG28eHzB',	'in_1LieITSAj5Uzair5xCPuha33',	'2022-09-16 13:14:06',	'6TUQ-CTYM-S8K5-XXZP',	0,	0,	NULL,	NULL),
(180,	'2022-09-16 13:26:53',	'PAID',	74,	'LARGE_ORGANIZATION',	'pilot_int@yopmail.com',	'cus_MRW4M3yCZSrTY9',	'in_1LieZDSAj5Uzair5IOYVpDFy',	'2022-09-16 13:27:15',	'YW85-BZVW-8D1R-VN5R',	0,	0,	NULL,	NULL),
(181,	'2022-09-16 13:46:09',	'PAID',	184,	'ORGANIZATION',	'bright@yopmail.com',	'cus_MRXx6lRYgwVhND',	'in_1LierrSAj5Uzair5gWIJHR4P',	'2022-09-16 13:46:20',	'6AD1-F6LG-1DXP-XP8L',	0,	0,	NULL,	NULL),
(182,	'2022-09-16 13:58:15',	'PAID',	185,	'ORGANIZATION',	'my_high_int@yopmail.com',	'cus_MRY9BxzFMKJuwX',	'in_1Lif3ZSAj5Uzair5iAu0TbVB',	'2022-09-16 13:58:51',	'B3WT-VA4F-143B-M9XQ',	0,	0,	NULL,	NULL),
(183,	'2022-09-19 05:21:28',	'PAID',	72,	'LARGE_ORGANIZATION',	'aliceacademy@yopmail.com',	'cus_MSXVdNKYFBjLVk',	'in_1LjcQ5SAj5Uzair5tyBLmaew',	'2022-09-19 05:22:04',	'LJOD-TQJN-NZPT-9SDO',	0,	0,	NULL,	NULL),
(184,	'2022-09-19 06:25:05',	'PAID',	76,	'LARGE_ORGANIZATION',	'st_davis@yopmail.com',	'cus_MSYWT8nCH1Fvjy',	'in_1LjdPeSAj5Uzair5zkPSSHgG',	'2022-09-19 06:25:16',	'2M8E-Y8ZS-M4FV-9CDN',	0,	0,	NULL,	NULL),
(185,	'2022-09-19 06:56:24',	'PAID',	77,	'LARGE_ORGANIZATION',	'david_int@yopmail.com',	'cus_MSZ2UHKVP2LG6t',	'in_1LjdtySAj5Uzair52I5BZRXd',	'2022-09-19 06:56:34',	'WPWC-DGKZ-N3VB-CXX4',	0,	0,	NULL,	NULL),
(186,	'2022-09-19 07:21:37',	'PAID',	192,	'ORGANIZATION',	'st_valley@yopmail.com',	'cus_MSZRP71pO0RyMw',	'in_1LjeINSAj5Uzair5f0GojCLb',	'2022-09-19 07:21:49',	'FJO4-SQU8-1RRP-3T3W',	0,	0,	NULL,	NULL),
(187,	'2022-09-19 07:43:50',	'PAID',	78,	'LARGE_ORGANIZATION',	'st_green_valley@yopmail.com',	'cus_MSZn3dKDkUVylY',	'in_1LjedsSAj5Uzair5pOYmahhf',	'2022-09-19 07:43:59',	'TR8I-GNHT-SS70-CK04',	0,	0,	NULL,	NULL),
(188,	'2022-09-19 10:08:17',	'PENDING',	73,	'LARGE_ORGANIZATION',	'vasant.evincedev@gmail.com',	'cus_MSc7nNqnXGuhc9',	'in_1LjgtfSAj5Uzair5UmA3Fn5U',	'2022-09-19 10:08:17',	'H8L6-92JF-SLF1-I270',	0,	0,	NULL,	NULL),
(189,	'2022-09-19 10:23:38',	'PENDING',	188,	'ORGANIZATION',	'vasant.evincedev@gmail.com',	'cus_MScNiScnMcCDHv',	'in_1Ljh8WSAj5Uzair5U9uEbzPO',	'2022-09-19 10:23:38',	'ZVZ3-HB6E-2UPJ-14T1',	0,	0,	NULL,	NULL),
(190,	'2022-09-20 07:14:00',	'PAID',	81,	'LARGE_ORGANIZATION',	'euro_kid_int@yopmail.com',	'cus_MSwXXsIFvmRGDd',	'in_1Lk0eYSAj5Uzair58isPWDHS',	'2022-09-20 07:14:15',	'JI8K-6RIT-GN74-L3HE',	0,	0,	NULL,	NULL),
(191,	'2022-09-20 10:43:34',	'PAID',	81,	'LARGE_ORGANIZATION',	'euro_kid_int@yopmail.com',	'cus_MSwXXsIFvmRGDd',	'in_1Lk3vMSAj5Uzair5yw9nCk8W',	'2022-09-20 10:43:45',	'M99T-DXCG-QORV-95UW',	0,	0,	NULL,	NULL),
(192,	'2022-09-20 11:51:07',	'PENDING',	82,	'LARGE_ORGANIZATION',	'morningglory@yopmail.com',	'cus_MT10qazQQNX8z1',	'in_1Lk4yjSAj5Uzair5vILDjBuM',	'2022-09-20 11:51:07',	'U9UY-5OUF-M9W1-WHUS',	0,	0,	NULL,	NULL),
(193,	'2022-09-20 11:52:52',	'PAID',	82,	'LARGE_ORGANIZATION',	'morningglory@mailinator.com',	'cus_MT10qazQQNX8z1',	'in_1Lk50PSAj5Uzair5cWXAPZU4',	'2022-09-20 11:53:04',	'7AVL-0GAU-VUYG-BJ4P',	0,	0,	NULL,	NULL),
(194,	'2022-09-20 11:54:23',	'PAID',	82,	'LARGE_ORGANIZATION',	'testtesting0335@gmail.com',	'cus_MT10qazQQNX8z1',	'in_1Lk51tSAj5Uzair5kYZ0OylU',	'2022-09-20 11:54:35',	'44OS-ZSAR-U5CL-U9ZU',	0,	0,	NULL,	NULL),
(195,	'2022-09-20 12:16:08',	'PAID',	200,	'ORGANIZATION',	'testtesting0335@gmail.com',	'cus_MT1PtC2pCYVSSd',	'in_1Lk5MvSAj5Uzair5MPLnhml8',	'2022-09-20 12:16:40',	'66CA-MY16-Q45Q-HFAO',	0,	0,	NULL,	NULL),
(196,	'2022-09-22 12:41:36',	'PENDING',	73,	'LARGE_ORGANIZATION',	'vasant.evincedev@gmail.com',	'cus_MTmHdN0iiTV14A',	'in_1LkoifSAj5Uzair54mOeNBNb',	'2022-09-22 12:41:36',	'AOTT-WP3E-H3IU-Z7CU',	0,	0,	NULL,	NULL),
(197,	'2022-09-22 14:00:43',	'PAID',	83,	'LARGE_ORGANIZATION',	'vasant.evincedev@gmail.com',	'cus_MTnYppAzH81DPo',	'in_1LkpxESAj5Uzair5rky7yBNz',	'2022-09-22 14:02:48',	'79W4-FO8A-AXLO-RGUH',	0,	0,	NULL,	NULL),
(198,	'2022-09-23 08:33:46',	'PENDING',	79,	'LARGE_ORGANIZATION',	'wings@yopmail.com',	'cus_MU5VPoWmOCUl8Q',	'in_1Ll7KOSAj5Uzair57TbuLiWb',	'2022-09-23 08:33:46',	'BCTI-E5MZ-8U5G-XH9R',	0,	0,	NULL,	NULL),
(199,	'2022-09-23 08:34:23',	'PAID',	79,	'LARGE_ORGANIZATION',	'testtesting0335@gmail.com',	'cus_MU5VPoWmOCUl8Q',	'in_1Ll7KySAj5Uzair5Nr8ieYpI',	'2022-09-27 08:27:51',	'LLR6-H5DH-8DLT-J0NI',	0,	0,	NULL,	NULL),
(200,	'2022-09-30 06:26:00',	'PAID',	196,	'ORGANIZATION',	'testtesting0335@gmail.com',	'cus_MWg1gf6liMixb3',	'in_1LncfZSAj5Uzair55tIZOWck',	'2022-09-30 07:01:26',	'TSWJ-O0C2-8BQI-UK7N',	0,	0,	NULL,	NULL),
(201,	'2022-09-30 07:03:53',	'PAID',	80,	'LARGE_ORGANIZATION',	'testtesting0335@gmail.com',	'cus_MWgd7Freq81IjY',	'in_1LndGESAj5Uzair5hK7kWwoi',	'2022-09-30 07:04:03',	'9HK0-PO3X-BL74-UFU0',	0,	0,	NULL,	NULL),
(202,	'2022-09-30 12:09:57',	'PAID',	85,	'LARGE_ORGANIZATION',	'henit@evincedev.com',	'cus_MWlZvm1wlhlbDY',	'in_1Lni2QSAj5Uzair54kMlbsoQ',	'2022-09-30 12:10:46',	'WYVV-SEEY-4AJG-AR0U',	0,	0,	NULL,	NULL),
(203,	'2022-10-03 10:11:46',	'PAID',	86,	'LARGE_ORGANIZATION',	'knit_999@yopmail.com',	'cus_MXrLKZZ8Ozo9pd',	'in_1LolciSAj5Uzair5cYYeM48W',	'2022-10-03 10:12:03',	'5AIL-0BXU-65LG-Y5CN',	0,	0,	NULL,	NULL),
(204,	'2022-10-03 10:59:51',	'PAID',	212,	'ORGANIZATION',	'stanneadmin@mailinator.com',	'cus_MXs7Jn04xRL5YL',	'in_1LomNFSAj5Uzair57oaGFLwR',	'2022-10-03 11:00:26',	'WP1L-BAHA-B46X-SVJ2',	0,	0,	NULL,	NULL),
(205,	'2022-10-03 11:01:34',	'PAID',	212,	'ORGANIZATION',	'stanneadmin@yopmail.com',	'cus_MXs7Jn04xRL5YL',	'in_1LomOuSAj5Uzair5s1eM7VxS',	'2022-10-03 11:01:57',	'R0SW-ZI36-W5DJ-WHUS',	0,	0,	NULL,	NULL),
(206,	'2022-10-03 11:47:51',	'PAID',	214,	'ORGANIZATION',	'stjosephadmin@yopmail.com',	'cus_MXsthF8DTujTBI',	'in_1Lon7gSAj5Uzair5vRTAyFaQ',	'2022-10-03 11:50:44',	'88R6-3HO9-OC9B-5FSY',	0,	0,	NULL,	NULL),
(207,	'2022-10-03 12:56:57',	'PAID',	213,	'ORGANIZATION',	'mahiclymb@yopmail.com',	'cus_MXu0waZ0JCf3PN',	'in_1LooCYSAj5Uzair5LhET8mDG',	'2022-10-03 12:59:41',	'AB89-GAC4-Q83Q-VG3N',	0,	0,	NULL,	NULL),
(208,	'2022-10-03 13:09:08',	'PAID',	87,	'LARGE_ORGANIZATION',	'testclymb123@yopmail.com',	'cus_MXuC4WdyZ58TXa',	'in_1LooOMSAj5Uzair5i2FcBRlE',	'2022-10-03 13:09:23',	'M42C-9DFL-0P72-700N',	0,	500,	NULL,	NULL),
(209,	'2022-10-06 06:26:33',	'PENDING',	88,	'LARGE_ORGANIZATION',	'albert@yopmail.com',	'cus_MYvOAqJXY1JaVs',	'in_1LpnXPSAj5Uzair5PG0mhOO4',	'2022-10-06 06:26:33',	'TXU4-Q34N-5SMC-ZX4Z',	0,	0,	NULL,	NULL),
(210,	'2022-10-06 10:21:21',	'PENDING',	210,	'ORGANIZATION',	'crossword_int777@yopmail.com',	'cus_MYzA0XHUB3EFG4',	'in_1LprCcSAj5Uzair5vozBLDaU',	'2022-10-06 10:21:21',	'PPGZ-P2A0-GEOV-0OWA',	0,	0,	NULL,	NULL),
(211,	'2022-10-06 13:43:25',	'PAID',	68,	'LARGE_ORGANIZATION',	'kent@yopmail.com',	'cus_MQMAHywvLr5tId',	'in_1LpuMBSAj5Uzair5aWBk0U5B',	'2022-10-06 13:43:53',	'Y96L-ZFPU-G67F-CC3J',	0,	0,	NULL,	NULL),
(212,	'2022-10-12 06:25:30',	'PENDING',	1,	'LARGE_ORGANIZATION',	'vasant.evincedev@gmail.com',	'cus_LkQI4bXr9KrSUc',	'in_1LryNfSAj5Uzair5qI3ZneG8',	'2022-10-12 06:25:30',	'BP97-FM2B-MX6V-UF8Z',	10,	500,	NULL,	NULL),
(213,	'2022-10-12 13:37:54',	'PAID',	210,	'ORGANIZATION',	'crossword_int777@yopmail.com',	'cus_MYzA0XHUB3EFG4',	'in_1Ls588SAj5Uzair5dbJG7xMr',	'2022-10-13 05:23:56',	'QEHG-L9Q7-4NEC-VR2P',	1000,	500,	NULL,	NULL),
(214,	'2022-10-13 09:38:32',	'PAID',	196,	'ORGANIZATION',	'morningbird@yopmail.com',	'cus_MWg1gf6liMixb3',	'in_1LsNs2SAj5Uzair5J4NmMSMs',	'2022-10-13 09:39:46',	'7MGX-C4P9-LNLN-L2OX',	50,	500,	NULL,	NULL),
(215,	'2022-10-14 14:35:39',	'PAID',	83,	'LARGE_ORGANIZATION',	'vasant@mailinator.com',	'cus_MTnYppAzH81DPo',	'in_1Lsoz7SAj5Uzair5XUA8PV4G',	'2022-10-14 14:37:36',	'E4WY-SN11-NFPP-JTPZ',	10,	1000,	NULL,	NULL),
(216,	'2022-10-28 14:01:57',	'PAID',	85,	'LARGE_ORGANIZATION',	'amccorp@yopmail.com',	'cus_MWlZvm1wlhlbDY',	'in_1Lxt8BSAj5Uzair5EXkn3Cuw',	'2022-10-28 14:02:28',	'MPQJ-CH06-VUH1-FB1N',	100,	500,	'EXISTING',	NULL),
(217,	'2022-10-28 14:05:41',	'PAID',	85,	'LARGE_ORGANIZATION',	'amcadmin@mailinator.com',	'cus_MWlZvm1wlhlbDY',	'in_1LxtBnSAj5Uzair52MTp0QwZ',	'2022-10-28 14:05:47',	'HUE2-PJUN-WOVU-C7UB',	3000,	500,	'EXISTING',	NULL),
(218,	'2022-10-28 14:07:54',	'PAID',	85,	'LARGE_ORGANIZATION',	'amcadmin@mailinator.com',	'cus_MWlZvm1wlhlbDY',	'in_1LxtDwSAj5Uzair5vjcaSwNx',	'2022-10-28 14:08:00',	'0Y1M-M037-XG9E-JM4O',	3000,	500,	'EXISTING',	NULL),
(219,	'2022-10-28 14:26:00',	'PAID',	85,	'LARGE_ORGANIZATION',	'amccorp@yopmail.com',	'cus_MWlZvm1wlhlbDY',	'in_1LxtVSSAj5Uzair5CXKQCR1B',	'2022-10-28 14:26:06',	NULL,	3000,	500,	'INCREASE_NO_OF_YOUTH',	NULL),
(220,	'2022-10-28 14:33:33',	'PAID',	198,	'ORGANIZATION',	'zee_kids@yopmail.com',	'cus_MhIDWQMbqtktQL',	'in_1LxtclSAj5Uzair5jDXkWGfQ',	'2022-10-28 14:33:41',	NULL,	500,	0,	'RENEW_SUBSCRIPTION',	NULL),
(221,	'2022-10-28 14:40:56',	'PAID',	198,	'ORGANIZATION',	'zee_kids@yopmail.com',	'cus_MhIDWQMbqtktQL',	'in_1LxtjuSAj5Uzair5413Ewuee',	'2022-10-28 14:41:04',	NULL,	3000,	0,	'RENEW_SUBSCRIPTION',	NULL),
(222,	'2022-10-28 14:44:34',	'PAID',	198,	'ORGANIZATION',	'zee_kids@yopmail.com',	'cus_MhIDWQMbqtktQL',	'in_1LxtnPSAj5Uzair5lUEM8KML',	'2022-10-28 14:45:07',	NULL,	1000,	0,	'RENEW_SUBSCRIPTION',	NULL),
(223,	'2022-10-28 14:48:06',	'PAID',	198,	'ORGANIZATION',	'zee_kids@yopmail.com',	'cus_MhIDWQMbqtktQL',	'in_1LxtqpSAj5Uzair5foV1cfiw',	'2022-10-28 14:48:43',	NULL,	300,	0,	'RENEW_SUBSCRIPTION',	NULL),
(224,	'2022-10-28 15:04:45',	'PAID',	76,	'LARGE_ORGANIZATION',	'st_davis@yopmail.com',	'cus_MSYWT8nCH1Fvjy',	'in_1Lxu6xSAj5Uzair5HYRDiviG',	'2022-10-28 15:05:01',	NULL,	500,	0,	'RENEW_SUBSCRIPTION',	NULL),
(225,	'2022-10-31 04:52:19',	'PAID',	210,	'ORGANIZATION',	'crossword_int777@yopmail.com',	'cus_MYzA0XHUB3EFG4',	'in_1LypyvSAj5Uzair5bUsnYrLx',	'2022-10-31 04:58:55',	NULL,	500,	0,	'RENEW_SUBSCRIPTION',	NULL),
(226,	'2022-10-31 09:12:06',	'PAID',	77,	'LARGE_ORGANIZATION',	'david_int@yopmail.com',	'cus_MSZ2UHKVP2LG6t',	'in_1Lyu2JSAj5Uzair52ySqcK13',	'2022-10-31 09:12:13',	NULL,	500,	0,	'RENEW_SUBSCRIPTION',	NULL),
(227,	'2022-10-31 09:19:19',	'PAID',	86,	'LARGE_ORGANIZATION',	'knit_999@yopmail.com',	'cus_MXrLKZZ8Ozo9pd',	'in_1Lyu9JSAj5Uzair5yJpwHOcI',	'2022-10-31 09:19:23',	NULL,	500,	0,	'RENEW_SUBSCRIPTION',	NULL),
(228,	'2022-10-31 09:20:31',	'PAID',	1,	'LARGE_ORGANIZATION',	'vasant.evincedev@gmail.com',	'cus_LkQI4bXr9KrSUc',	'in_1LyuASSAj5Uzair5YCtWkyOm',	'2022-10-31 09:21:24',	NULL,	10,	1500,	'INCREASE_NO_OF_YOUTH',	NULL),
(229,	'2022-10-31 09:22:31',	'PAID',	1,	'LARGE_ORGANIZATION',	'vasant.evincedev@gmail.com',	'cus_LkQI4bXr9KrSUc',	'in_1LyuCPSAj5Uzair5nvu5uxwf',	'2022-10-31 09:22:49',	NULL,	10,	0,	'RENEW_SUBSCRIPTION',	NULL),
(230,	'2022-10-31 09:31:03',	'PAID',	59,	'LARGE_ORGANIZATION',	'vasant.evincedev@gmail.com',	'cus_MQfuKy6WlfTATQ',	'in_1LyuKfSAj5Uzair5Apkdiyk6',	'2022-10-31 09:31:48',	'L503-TXZ2-XF64-0S67',	10,	1500,	'INCREASE_NO_OF_YOUTH',	NULL),
(231,	'2022-10-31 09:34:14',	'PAID',	126,	'ORGANIZATION',	'vasant.evincedev@gmail.com',	'cus_MiL3pODDlXEryX',	'in_1LyuNkSAj5Uzair5EWRMfdFV',	'2022-10-31 09:35:22',	'WF6E-ZS67-IKDQ-59F7',	10,	1500,	'INCREASE_NO_OF_YOUTH',	NULL),
(232,	'2022-10-31 11:13:07',	'PAID',	92,	'LARGE_ORGANIZATION',	'vasant.evincedev@gmail.com',	'cus_MiMertWxAbY00o',	'in_1LyvvRSAj5Uzair5msFuCDyq',	'2022-10-31 11:13:34',	'VT6A-YVQR-LTEZ-E3SL',	10,	0,	'RENEW_SUBSCRIPTION',	NULL),
(233,	'2022-10-31 11:26:48',	'PAID',	93,	'LARGE_ORGANIZATION',	'vasant.evincedev@gmail.com',	'cus_MiMs9AiithFsqn',	'in_1Lyw8gSAj5Uzair55w6XZEMi',	'2022-10-31 11:27:05',	'BH7Z-K8EK-DK3B-1SXD',	10,	1500,	'INCREASE_NO_OF_YOUTH',	NULL),
(234,	'2022-10-31 11:35:36',	'PAID',	228,	'ORGANIZATION',	'vasant.evincedev@gmail.com',	'cus_MiN1frAgcUC47B',	'in_1LywHCSAj5Uzair5o67XRlIb',	'2022-10-31 11:36:22',	'WV0T-B1D9-NOVA-OUN8',	10,	0,	'RENEW_SUBSCRIPTION',	NULL),
(235,	'2022-10-31 11:46:16',	'PAID',	229,	'ORGANIZATION',	'vasant.evincedev@gmail.com',	'cus_MiNBredBk53GDk',	'in_1LywRWSAj5Uzair5iVcsOkCr',	'2022-10-31 11:46:38',	'9A9S-X0NW-J98R-PKZ1',	10,	1500,	'INCREASE_NO_OF_YOUTH',	NULL),
(236,	'2022-10-31 11:47:47',	'PAID',	229,	'ORGANIZATION',	'vasant.evincedev@gmail.com',	'cus_MiNBredBk53GDk',	'in_1LywSzSAj5Uzair57fLXOVaM',	'2022-10-31 11:48:17',	NULL,	10,	2500,	'INCREASE_NO_OF_YOUTH',	NULL),
(237,	'2022-10-31 11:48:46',	'PAID',	229,	'ORGANIZATION',	'vasant.evincedev@gmail.com',	'cus_MiNBredBk53GDk',	'in_1LywTwSAj5Uzair5216YnWYT',	'2022-10-31 11:48:54',	NULL,	10,	0,	'RENEW_SUBSCRIPTION',	NULL),
(238,	'2022-10-31 11:51:19',	'PAID',	1,	'LARGE_ORGANIZATION',	'vasant.evincedev@gmail.com',	'cus_LkQI4bXr9KrSUc',	'in_1LywWPSAj5Uzair59LquWHlg',	'2022-10-31 11:51:57',	NULL,	10,	0,	'RENEW_SUBSCRIPTION',	NULL),
(239,	'2022-10-31 11:55:50',	'PAID',	1,	'LARGE_ORGANIZATION',	'vasant.evincedev@gmail.com',	'cus_LkQI4bXr9KrSUc',	'in_1LywamSAj5Uzair5VruafAjd',	'2022-10-31 11:55:59',	NULL,	10,	10500,	'INCREASE_NO_OF_YOUTH',	NULL),
(240,	'2022-10-31 11:58:39',	'PAID',	1,	'LARGE_ORGANIZATION',	'vasant.evincedev@gmail.com',	'cus_LkQI4bXr9KrSUc',	'in_1LywdVSAj5Uzair5A5e4tTwp',	'2022-10-31 11:58:53',	NULL,	10,	11500,	'INCREASE_NO_OF_YOUTH',	NULL),
(241,	'2022-10-31 12:48:11',	'PAID',	198,	'ORGANIZATION',	'zee_kids@yopmail.com',	'cus_MhIDWQMbqtktQL',	'in_1LyxPRSAj5Uzair5B8uOYEPJ',	'2022-10-31 12:48:21',	'345G-SQ0D-L6XX-HONI',	500,	0,	'RENEW_SUBSCRIPTION',	NULL),
(242,	'2022-10-31 13:13:09',	'PAID',	198,	'ORGANIZATION',	'zee_kids@yopmail.com',	'cus_MhIDWQMbqtktQL',	'in_1LyxnaSAj5Uzair5OM6wUuku',	'2022-10-31 13:13:17',	NULL,	500,	0,	'RENEW_SUBSCRIPTION',	NULL),
(243,	'2022-10-31 13:19:33',	'PAID',	198,	'ORGANIZATION',	'zee_kids@yopmail.com',	'cus_MhIDWQMbqtktQL',	'in_1LyxtnSAj5Uzair5aBHWvX15',	'2022-10-31 13:19:42',	NULL,	1000,	500,	'INCREASE_NO_OF_YOUTH',	NULL),
(244,	'2022-10-31 13:34:00',	'PAID',	205,	'ORGANIZATION',	'eternal_int567@yopmail.com',	'cus_MiOvUhtps4luL3',	'in_1Lyy7lSAj5Uzair5Nbh4aK9j',	'2022-10-31 13:34:12',	'VEHZ-1CIB-QKM1-88SW',	500,	0,	'RENEW_SUBSCRIPTION',	NULL),
(245,	'2022-10-31 13:55:11',	'PAID',	59,	'LARGE_ORGANIZATION',	'cs@yopmail.com',	'cus_MQfuKy6WlfTATQ',	'in_1LyySHSAj5Uzair5mnUf41GS',	'2022-10-31 13:55:19',	NULL,	500,	2000,	'INCREASE_NO_OF_YOUTH',	NULL),
(246,	'2022-11-01 05:42:49',	'PAID',	94,	'LARGE_ORGANIZATION',	'wiseidea@yopmail.com',	'cus_MieY27qfwFMxFL',	'in_1LzDFKSAj5Uzair59Ifg89YL',	'2022-11-01 05:43:09',	'R8N2-1N0S-5HZ6-SQK3',	100,	0,	'RENEW_SUBSCRIPTION',	NULL),
(247,	'2022-11-01 05:48:57',	'PAID',	94,	'LARGE_ORGANIZATION',	'wiseidea@yopmail.com',	'cus_MieY27qfwFMxFL',	'in_1LzDLHSAj5Uzair51jo5cDcZ',	'2022-11-01 05:49:15',	NULL,	500,	100,	'INCREASE_NO_OF_YOUTH',	NULL),
(248,	'2022-11-01 06:14:16',	'PAID',	95,	'LARGE_ORGANIZATION',	'wiseidea@yopmail.com',	'cus_Mif3kYwDbagFPR',	'in_1LzDjlSAj5Uzair5QTLfCd9U',	'2022-11-01 06:14:20',	'1U8X-50Z5-BD1B-OEKL',	500,	275,	'INCREASE_NO_OF_YOUTH',	NULL),
(249,	'2022-11-01 06:19:09',	'PAID',	95,	'LARGE_ORGANIZATION',	'wiseidea@yopmail.com',	'cus_Mif3kYwDbagFPR',	'in_1LzDoUSAj5Uzair5xptlGIQf',	'2022-11-01 06:20:05',	NULL,	500,	0,	'RENEW_SUBSCRIPTION',	NULL),
(250,	'2022-11-01 06:19:52',	'PAID',	95,	'LARGE_ORGANIZATION',	'wiseidea1@yopmail.com',	'cus_Mif3kYwDbagFPR',	'in_1LzDpCSAj5Uzair5RcpKfSRk',	'2022-11-01 06:20:04',	NULL,	300,	300,	'INCREASE_NO_OF_YOUTH',	NULL),
(251,	'2022-11-01 06:23:00',	'PAID',	78,	'LARGE_ORGANIZATION',	'test@yopmail.com',	'cus_MSZn3dKDkUVylY',	'in_1LzDsESAj5Uzair5sTeuMLHM',	'2022-11-01 06:23:06',	NULL,	1000,	100,	'INCREASE_NO_OF_YOUTH',	NULL),
(252,	'2022-11-01 06:24:34',	'PAID',	56,	'LARGE_ORGANIZATION',	'mountainridge@yopmail.com',	'cus_LqKKEOMy3wdQrM',	'in_1LzDtkSAj5Uzair5CrvoRL1M',	'2022-11-01 06:24:41',	NULL,	1000,	1000,	'INCREASE_NO_OF_YOUTH',	NULL),
(253,	'2022-11-01 06:25:42',	'PAID',	56,	'LARGE_ORGANIZATION',	'mountainridge@yopmail.com',	'cus_LqKKEOMy3wdQrM',	'in_1LzDupSAj5Uzair5nNUUy0vF',	'2022-11-01 06:25:46',	NULL,	100,	0,	'RENEW_SUBSCRIPTION',	NULL),
(254,	'2022-11-01 07:42:24',	'PAID',	185,	'ORGANIZATION',	'High_int@yopmail.com',	'cus_MRY9BxzFMKJuwX',	'in_1LzF73SAj5Uzair52gYsnpB6',	'2022-11-01 07:42:32',	NULL,	1000,	0,	'RENEW_SUBSCRIPTION',	NULL),
(255,	'2022-11-01 11:19:15',	'PAID',	78,	'LARGE_ORGANIZATION',	'st_green_valley@yopmail.com',	'cus_MSZn3dKDkUVylY',	'in_1LzIUvSAj5Uzair5oEyBvaCj',	'2022-11-01 11:21:51',	NULL,	10,	0,	'RENEW_SUBSCRIPTION',	NULL),
(256,	'2022-11-01 11:55:46',	'PAID',	89,	'LARGE_ORGANIZATION',	'gossner@yopmail.com',	'cus_MikZxu5kb5SdEk',	'in_1LzJ4GSAj5Uzair5eDd7EwrU',	'2022-11-01 11:56:16',	'4201-ULZV-5ZS3-RG9A',	300,	0,	'RENEW_SUBSCRIPTION',	NULL),
(257,	'2022-11-01 12:10:59',	'PAID',	89,	'LARGE_ORGANIZATION',	'gossner@yopmail.com',	'cus_MikZxu5kb5SdEk',	'in_1LzJIzSAj5Uzair5mgykkd28',	'2022-11-01 12:11:05',	NULL,	3000,	300,	'INCREASE_NO_OF_YOUTH',	NULL),
(258,	'2022-11-01 12:11:43',	'PAID',	89,	'LARGE_ORGANIZATION',	'gossner@yopmail.com',	'cus_MikZxu5kb5SdEk',	'in_1LzJJhSAj5Uzair5RULLMzJC',	'2022-11-01 12:11:50',	NULL,	100,	0,	'RENEW_SUBSCRIPTION',	NULL),
(259,	'2022-11-02 04:42:46',	'PAID',	89,	'LARGE_ORGANIZATION',	'gossner@yopmail.com',	'cus_MikZxu5kb5SdEk',	'in_1LzYmlSAj5Uzair5lRYZoptc',	'2022-11-02 04:42:59',	NULL,	50,	500,	'INCREASE_NO_OF_YOUTH',	NULL),
(260,	'2022-11-02 04:44:15',	'PAID',	89,	'LARGE_ORGANIZATION',	'gossner@yopmail.com',	'cus_MikZxu5kb5SdEk',	'in_1LzYoDSAj5Uzair5GuCmlEzA',	'2022-11-02 04:44:43',	NULL,	10,	0,	'RENEW_SUBSCRIPTION',	NULL),
(261,	'2022-11-02 04:47:52',	'PAID',	72,	'LARGE_ORGANIZATION',	'aliceacademy@yopmail.com',	'cus_MSXVdNKYFBjLVk',	'in_1LzYriSAj5Uzair5Rf2rXjRv',	'2022-11-02 04:47:59',	NULL,	10,	100,	'INCREASE_NO_OF_YOUTH',	NULL),
(262,	'2022-11-02 04:49:21',	'PAID',	72,	'LARGE_ORGANIZATION',	'aliceacademy@yopmail.com',	'cus_MSXVdNKYFBjLVk',	'in_1LzYt9SAj5Uzair5TYB9Yy1e',	'2022-11-02 04:49:26',	NULL,	100,	0,	'RENEW_SUBSCRIPTION',	NULL),
(263,	'2022-11-02 04:52:13',	'PAID',	90,	'LARGE_ORGANIZATION',	'futurestars@yopmail.com',	'cus_Mj0x40ex4xhHfO',	'in_1LzYvvSAj5Uzair5heZvFPV3',	'2022-11-02 04:52:58',	'R1B8-45R5-AHRP-1XIW',	20,	200,	'INCREASE_NO_OF_YOUTH',	NULL),
(264,	'2022-11-03 04:43:25',	'PAID',	0,	'CORPORATE',	'vasant.evincedev@gmail.com',	'cus_MjO3k9RuuBWRQT',	'in_1LzvGxSAj5Uzair5jN4RelqD',	'2022-11-03 06:24:25',	'WV4V-WUBT-862P-BRIG',	10,	500,	'NEW',	'Child Future'),
(265,	'2022-11-03 06:06:23',	'PAID',	1,	'CORPORATE',	'sparx345@yopmail.com',	'cus_MjPOQO1JLYPnyG',	'in_1LzwZESAj5Uzair5a9w4GHM2',	'2022-11-03 08:12:59',	'9MZZ-H0MM-3RZQ-0VKS',	1000,	100,	'NEW',	'Sparx'),
(266,	'2022-11-03 06:29:09',	'PAID',	0,	'CORPORATE',	'sparx345@yopmail.com',	'cus_MjPk98KKqzevPu',	'in_1LzwvHSAj5Uzair5BypcA1Gv',	'2022-11-03 06:49:03',	'AF6S-VTSC-9ETN-2C9N',	1000,	100,	'NEW',	'sparx'),
(267,	'2022-11-03 06:47:27',	'PAID',	0,	'CORPORATE',	'vasant.evincedev@gmail.com',	'cus_MjQ34amg2i4PQN',	'in_1LzxCySAj5Uzair5DMDsKzgw',	'2022-11-03 06:47:46',	'ZPIH-FVIT-56MK-PDX8',	10,	500,	'NEW',	'Cradle Care Daycare'),
(268,	'2022-11-14 06:35:23',	'PAID',	233,	'ORGANIZATION',	'hurricane@mailinator.com',	'cus_MnXLMTksrtBzO2',	'in_1M3wGLSAj5Uzair5y0tK4lQM',	'2022-11-14 06:38:47',	'HRLQ-7OZU-YZ7H-07B7',	500,	250,	'NEW',	'St. Hurricane School'),
(269,	'2022-11-22 12:52:38',	'PAID',	2,	'CORPORATE',	'jaguar567@yopmail.com',	'cus_MqdElQjIAXyCEH',	'in_1M6vxoSAj5Uzair5FVTsJVjX',	'2022-11-22 12:54:59',	'AR40-C11S-8KI0-SJ4K',	10000,	500,	'NEW',	'Jaguar'),
(270,	'2022-11-24 09:44:38',	'PAID',	96,	'LARGE_ORGANIZATION',	'rushabh@evincedev.com',	'cus_MrKe9dlCcPn68t',	'in_1M7byySAj5Uzair5jY2dBeNi',	'2022-11-24 09:44:38',	'LHLC-E4US-RWJM-D9D0',	0,	0,	'RENEW_SUBSCRIPTION',	'Hogwarts'),
(271,	'2022-11-24 09:53:49',	'PAID',	0,	'LARGE_ORGANIZATION',	'rushabhsorathiya@gmail.com',	'cus_MrKnwstn9mNJwG',	'in_1M7c7rSAj5Uzair5J11Qfc48',	'2022-11-24 09:55:08',	'Q1IM-7YF5-QV5I-Q9L0',	150,	50,	'NEW',	'Stark Schools'),
(272,	'2022-11-24 09:59:30',	'PAID',	33,	'CORPORATE',	'rushabhsorathiya@gmail.com',	'cus_MrKthSpIFNJAjh',	'in_1M7cDLSAj5Uzair519rhBgEI',	'2022-12-14 11:58:01',	'AX9U-PPCN-NKD1-1UNF',	5000,	50,	'NEW',	'Navyug Schools'),
(273,	'2022-11-24 10:22:57',	'PAID',	5,	'CORPORATE',	'acme.corporation@yopmail.com',	'cus_MrLGXwzckyHPYf',	'in_1M7ca3SAj5Uzair58TE2e7aM',	'2022-11-24 11:31:57',	'RC24-OOJL-ZL9F-GP0Z',	10,	250,	'NEW',	'Acme Corporation'),
(274,	'2022-11-24 12:24:56',	'PAID',	0,	'CORPORATE',	'tesla234@yopmail.com',	'cus_MrNEMWwWYjB91C',	'in_1M7eU5SAj5Uzair5FLXgWonv',	'2022-11-24 12:25:05',	'9891-2R56-13E5-K4OL',	9000,	700,	'NEW',	'Tesla'),
(275,	'2022-11-24 14:12:03',	'PAID',	6,	'CORPORATE',	'hawkins345@yopmail.com',	'cus_MrOxogB7L2sK2U',	'in_1M7g9lSAj5Uzair5Uv8qY0C5',	'2022-11-24 14:15:03',	'I71R-ILF3-S2UB-MAUG',	1000,	500,	'NEW',	'Hawkins'),
(276,	'2022-11-24 14:22:25',	'PAID',	8,	'CORPORATE',	'grazy@yopmail.com',	'cus_MrP8FNB5V90MWq',	'in_1M7gJnSAj5Uzair5Ucrfz440',	'2022-11-24 15:32:21',	'1S1R-MSH5-OWE6-WDT2',	1000,	500,	'NEW',	'Grazy'),
(277,	'2022-11-25 11:56:44',	'PAID',	0,	'CORPORATE',	'gracefoundation@yopmail.com',	'cus_Mrk0JI1oJN8ie1',	'in_1M80WLSAj5Uzair55VrAlmxF',	'2022-11-25 11:59:11',	'4KHC-ULEF-2CNE-C76F',	100,	20,	'NEW',	'Grace'),
(278,	'2022-11-26 10:32:25',	'PENDING',	228,	'ORGANIZATION',	'doon678@yopmail.com',	'cus_Ms5sKG4Pgd37y9',	'in_1M8LgJSAj5Uzair5RACpBNFI',	'2022-11-26 10:32:25',	NULL,	1000,	300,	'INCREASE_NO_OF_YOUTH',	'Doon Public School'),
(279,	'2022-11-26 10:32:46',	'PENDING',	228,	'ORGANIZATION',	'doon@yopmail.com',	'cus_Ms5sRV4M7NGEqc',	'in_1M8LgeSAj5Uzair5SQ9NKtaQ',	'2022-11-26 10:32:46',	NULL,	1000,	0,	'RENEW_SUBSCRIPTION',	'Doon Public School'),
(280,	'2022-11-26 10:33:58',	'PENDING',	225,	'ORGANIZATION',	'shiv678@yopmail.com',	'cus_Ms5tqh5F9Gdjo5',	'in_1M8LhoSAj5Uzair5G30oPxok',	'2022-11-26 10:33:58',	'CI4D-TDPX-R02P-UWFL',	900,	200,	'INCREASE_NO_OF_YOUTH',	'Shiv International'),
(281,	'2022-11-29 04:43:12',	'PAID',	11,	'CORPORATE',	'gossner1@yopmail.com',	'cus_Mt7udRWP060FD9',	'in_1M9Lf0SAj5Uzair5h3eqykCs',	'2022-11-29 04:46:43',	'3WPC-OW1I-YC6S-TQ3D',	500,	600,	'NEW',	'Gossner '),
(282,	'2022-11-29 11:56:09',	'PAID',	1,	'CORPORATE',	'sparx345@yopmail.com',	'cus_MtEtB8r7M14v5E',	'in_1M9SPzSAj5Uzair5NhHUjOGs',	'2022-11-29 11:56:23',	NULL,	500,	0,	'RENEW_SUBSCRIPTION',	'Sparx'),
(283,	'2022-11-29 11:57:43',	'PAID',	6,	'CORPORATE',	'hawkins345@yopmail.com',	'cus_MtEvXpjKLvQKSd',	'in_1M9SRVSAj5Uzair5AUFqChgX',	'2022-11-29 11:57:50',	NULL,	100,	0,	'RENEW_SUBSCRIPTION',	'Hawkins'),
(284,	'2022-11-29 12:04:51',	'PAID',	0,	'ORGANIZATION',	'connection@yopmail.com',	'cus_MtF2KKNcpPGiMA',	'in_1M9SYPSAj5Uzair5n2Islhau',	'2022-11-29 12:04:51',	'B3HU-E3TC-KL32-LSJE',	0,	1,	'NEW',	'City Connection'),
(285,	'2022-11-29 12:16:18',	'PAID',	14,	'CORPORATE',	'swastik345@yopmail.com',	'cus_MtFD0KoO4OmKFV',	'in_1M9SjUSAj5Uzair5MOxQl27v',	'2022-11-29 12:18:20',	'TFYB-ZEMU-0WC3-ENFC',	500,	200,	'NEW',	'Swastik'),
(286,	'2022-11-29 12:22:20',	'PAID',	15,	'CORPORATE',	'orange@yopmail.com',	'cus_MtFJi45RYKrb7A',	'in_1M9SpKSAj5Uzair5wvj0jw0b',	'2022-11-29 12:24:14',	'1OYL-VA76-2XAF-JIE0',	0,	1,	'NEW',	'Orange Ocean '),
(287,	'2022-11-30 04:28:15',	'PAID',	16,	'CORPORATE',	'bloomington@yopmail.com',	'cus_MtUtXqPiaeCGuK',	'in_1M9hu5SAj5Uzair5Pn42z1go',	'2022-11-30 04:30:26',	'JNP0-UWQ3-KUO5-L8F0',	5,	5,	'NEW',	'Bloomington Heights'),
(288,	'2022-12-01 10:07:11',	'PAID',	17,	'CORPORATE',	'eclipse@yopmail.com',	'cus_Mtxaeh4NP4kQfr',	'in_1MA9fdSAj5Uzair5l4LNr9Vc',	'2022-12-01 10:08:20',	'UTC8-OEI4-06T0-U07F',	50,	0,	'RENEW_SUBSCRIPTION',	'Eclipse Rises'),
(289,	'2022-12-01 10:14:36',	'PAID',	20,	'CORPORATE',	'Design@yopmail.com',	'cus_MtxiCeVOZ7WuUJ',	'in_1MA9moSAj5Uzair5M0UI7IRj',	'2022-12-01 10:14:42',	'R7MC-9X0K-4ET4-0J0O',	5,	0,	'RENEW_SUBSCRIPTION',	'Design Burns'),
(290,	'2022-12-01 10:16:17',	'PAID',	20,	'CORPORATE',	'Design@yopmail.com',	'cus_MtxjfqqWW8WjCI',	'in_1MA9oRSAj5Uzair5Jrz8Bzy4',	'2022-12-01 10:16:17',	NULL,	0,	0,	'RENEW_SUBSCRIPTION',	'Design Burns'),
(291,	'2022-12-01 10:18:10',	'PAID',	20,	'CORPORATE',	'Design@yopmail.com',	'cus_Mtxlt8AKt4ohzT',	'in_1MA9qGSAj5Uzair5E8sN61Mn',	'2022-12-01 10:18:10',	NULL,	0,	0,	'RENEW_SUBSCRIPTION',	'Design Burns'),
(292,	'2022-12-01 10:19:01',	'PAID',	20,	'CORPORATE',	'Design@yopmail.com',	'cus_MtxmjpmNlaR1Gk',	'in_1MA9r4SAj5Uzair51LRYj1fq',	'2022-12-01 10:19:17',	NULL,	4,	0,	'RENEW_SUBSCRIPTION',	'Design Burns'),
(293,	'2022-12-01 10:21:58',	'PAID',	20,	'CORPORATE',	'Design@yopmail.com',	'cus_Mtxpay2MS3Ar9L',	'in_1MA9tvSAj5Uzair5Zt9J5Md4',	'2022-12-01 10:21:58',	NULL,	0,	0,	'RENEW_SUBSCRIPTION',	'Design Burns'),
(294,	'2022-12-01 10:25:07',	'PAID',	20,	'CORPORATE',	'Design@yopmail.com',	'cus_MtxsUrmOJxCaON',	'in_1MA9wzSAj5Uzair5W6ySonUt',	'2022-12-01 10:25:23',	NULL,	5,	0,	'RENEW_SUBSCRIPTION',	'Design Burns'),
(295,	'2022-12-01 10:25:49',	'PAID',	20,	'CORPORATE',	'Design@yopmail.com',	'cus_MtxtPvMo054R0s',	'in_1MA9xfSAj5Uzair5CCBlGZNA',	'2022-12-01 12:59:32',	NULL,	7,	0,	'RENEW_SUBSCRIPTION',	'Design Burns'),
(296,	'2022-12-01 10:43:55',	'PAID',	17,	'CORPORATE',	'eclipse@yopmail.com',	'cus_MtyB4gvjvLUTUK',	'in_1MAAFBSAj5Uzair5pUDHnw8k',	'2022-12-01 10:44:03',	NULL,	9,	0,	'RENEW_SUBSCRIPTION',	'Eclipse Rises'),
(297,	'2022-12-01 12:57:02',	'PAID',	22,	'CORPORATE',	'marthron567@yopmail.com',	'cus_Mu0KBxatH1V8M4',	'in_1MACK0SAj5Uzair59F33tS57',	'2022-12-01 12:57:10',	'PZIE-39J2-5ACI-AU1M',	1000,	0,	'RENEW_SUBSCRIPTION',	'Marthron'),
(298,	'2022-12-02 09:46:45',	'PAID',	0,	'CORPORATE',	'brochure345@yopmail.com',	'cus_MuKUerwgqTx81f',	'in_1MAVpPSAj5Uzair5CaAkhxta',	'2022-12-02 09:48:25',	'4PGB-2TQU-5ZRR-N0Q6',	1000,	500,	'NEW',	'Brochure'),
(299,	'2022-12-06 11:04:18',	'PAID',	26,	'CORPORATE',	'tyson789@yopmail.com',	'cus_MvqdKICWsS8xqb',	'in_1MByweSAj5Uzair5vkvD6ZKE',	'2022-12-07 06:15:42',	'PBUF-YEOJ-8YPD-96OQ',	500,	100,	'NEW',	'Tyson'),
(300,	'2022-12-13 04:59:17',	'PAID',	17,	'CORPORATE',	'eclipse@yopmail.com',	'cus_MyNKiaygdfLdE7',	'in_1MEQaFSAj5Uzair5PFQ0RcqF',	'2022-12-13 04:59:17',	NULL,	0,	0,	'RENEW_SUBSCRIPTION',	'Eclipse Rises'),
(301,	'2022-12-13 05:02:21',	'PAID',	17,	'CORPORATE',	'eclipse@yopmail.com',	'cus_MyNNpRoL0kEdC0',	'in_1MEQdCSAj5Uzair5Htbulzy6',	'2022-12-13 05:02:21',	NULL,	0,	0,	'RENEW_SUBSCRIPTION',	'Eclipse Rises'),
(302,	'2022-12-14 05:17:30',	'PAID',	0,	'CORPORATE',	'champlin.ltd@mailinator.com',	'cus_Mykr7n4VawFWJx',	'in_1MEnLQSAj5Uzair5GbBZgkqp',	'2022-12-14 05:24:08',	'POXU-9Z63-FKE2-4VJ2',	1,	250,	'NEW',	'Champlin Ltd'),
(303,	'2022-12-14 05:34:17',	'PAID',	0,	'CORPORATE',	'stroman.inc@mailinator.com',	'cus_Myl7GCmnzsjaST',	'in_1MEnbfSAj5Uzair54lWhwJLs',	'2022-12-14 05:49:57',	'PW6J-MVWJ-F8KO-2M37',	250,	250,	'NEW',	'Stroman Inc'),
(304,	'2022-12-14 05:48:36',	'PAID',	0,	'ORGANIZATION',	'balistreri.inc@mailinator.com',	'cus_MylM1bg6PHmI4l',	'in_1MEnpWSAj5Uzair5hBl4BqKa',	'2022-12-14 05:56:05',	'K8LY-6I2Z-F6EP-I1LU',	250,	250,	'NEW',	'Balistreri Inc'),
(305,	'2022-12-14 06:22:39',	'PAID',	32,	'CORPORATE',	'jenkins_herzog@mailinator.com',	'cus_Mylu19lV31SI0G',	'in_1MEoMTSAj5Uzair51jl9Zn4S',	'2022-12-14 06:34:29',	'4OEY-6LXB-AUHA-TU16',	250,	250,	'NEW',	'Jenkins-Herzog'),
(306,	'2022-12-14 12:27:59',	'PENDING',	0,	'ORGANIZATION',	'district_of_virginia@mailinator.com',	'cus_Myrnbka5JI0FlW',	'in_1MEu41SAj5Uzair5DTNHTEiB',	'2022-12-14 12:27:59',	'0DMO-FNK8-4UV2-OVBG',	250,	250,	'NEW',	'District of Virginia'),
(307,	'2022-12-14 12:30:22',	'PAID',	99,	'LARGE_ORGANIZATION',	'the_district_of_rhode_island@mailinator.com',	'cus_MyrpLWEyMo1nQZ',	'in_1MEu6KSAj5Uzair5a1d6kIh0',	'2022-12-14 12:33:19',	'QEZP-V6KK-D6GB-41Z4',	250,	250,	'NEW',	'The District of Rhode Island'),
(308,	'2022-12-15 09:35:10',	'PENDING',	4,	'CORPORATE',	'rushabhsorathiya@gmail.com',	'cus_MzCElthmDc1lhe',	'in_1MFDqJSAj5Uzair5fsuwztTl',	'2022-12-15 09:35:10',	NULL,	5000,	0,	'RENEW_SUBSCRIPTION',	'Global Stars'),
(309,	'2022-12-16 08:11:32',	'PENDING',	96,	'LARGE_ORGANIZATION',	'hogwarts@yopmail.com',	'cus_MzY7IHA30p3Eg3',	'in_1MFZ0wSAj5Uzair5iGtuOUHE',	'2022-12-16 08:11:32',	NULL,	1000,	500,	'INCREASE_NO_OF_YOUTH',	'Hogwarts'),
(310,	'2022-12-16 08:12:02',	'PENDING',	99,	'LARGE_ORGANIZATION',	'cesa@yopmail.com',	'cus_MzY7sQmRWmsaZL',	'in_1MFZ1QSAj5Uzair5Y4afFBss',	'2022-12-16 08:12:02',	NULL,	100,	0,	'RENEW_SUBSCRIPTION',	'The District of Rhode Island'),
(311,	'2022-12-16 08:12:55',	'PAID',	171,	'ORGANIZATION',	'opera@yopmail.com',	'cus_MzY8LtUbWvTbtq',	'in_1MFZ2GSAj5Uzair5ibnTwsZn',	'2023-07-17 06:51:38',	NULL,	500,	0,	'RENEW_SUBSCRIPTION',	'Opera'),
(312,	'2022-12-16 08:13:56',	'PAID',	17,	'CORPORATE',	'eclipse@yopmail.com',	'cus_MzY9078OKGunVm',	'in_1MFZ3GSAj5Uzair5ovoahS6d',	'2023-06-06 05:30:55',	NULL,	200,	0,	'RENEW_SUBSCRIPTION',	'Eclipse Rises'),
(313,	'2022-12-16 08:14:43',	'PAID',	22,	'CORPORATE',	'marthron@yopmail.com',	'cus_MzYAhbunBJQijE',	'in_1MFZ41SAj5Uzair5ynEJZjou',	'2022-12-16 08:15:02',	NULL,	500,	0,	'RENEW_SUBSCRIPTION',	'Marthron'),
(314,	'2022-12-27 09:37:35',	'PAID',	11,	'CORPORATE',	'gossner1@yopmail.com',	'cus_N3gzypAFr2pvni',	'in_1MJZbFSAj5Uzair5OXtxUXbp',	'2022-12-27 09:37:40',	NULL,	50,	0,	'RENEW_SUBSCRIPTION',	'Gossner'),
(315,	'2022-12-27 09:40:42',	'PAID',	17,	'CORPORATE',	'eclipse@yopmail.com',	'cus_N3h2UK9KIzuFwD',	'in_1MJZeGSAj5Uzair5crYWXfwo',	'2022-12-27 09:40:48',	NULL,	50,	0,	'RENEW_SUBSCRIPTION',	'Eclipse Rises'),
(316,	'2022-12-27 11:16:25',	'PAID',	0,	'CORPORATE',	'mercy678@yopmail.com',	'cus_N3iaHVdg4yZxbf',	'in_1MJb8tSAj5Uzair5HLgrpfEO',	'2022-12-27 11:17:43',	'QLDU-E7P0-P3GM-9JUH',	500,	100,	'NEW',	'Mercy Kin'),
(317,	'2022-12-30 06:52:56',	'PAID',	0,	'CORPORATE',	'bloomington@yopmail.com',	'cus_N4m0liUtCa4DxM',	'in_1MKcSYSAj5Uzair5pOyxvrVQ',	'2022-12-30 06:53:05',	'QUEY-BK9V-SL7M-MEQZ',	50,	50,	'NEW',	'Bloomington'),
(318,	'2023-01-11 07:59:19',	'PAID',	37,	'CORPORATE',	'camelot@yopmail.com',	'cus_N9HmkfntFFmRU9',	'in_1MOzDNSAj5Uzair5Jg96k0f3',	'2023-01-11 08:01:16',	'DFPG-U0A2-LICB-D837',	50,	50,	'NEW',	'Camelot'),
(319,	'2023-01-12 15:34:31',	'PAID',	11,	'CORPORATE',	'gossner1@yopmail.com',	'cus_N9mMMBgXuguLvO',	'in_1MPSnQSAj5Uzair5P6LXAVYa',	'2023-01-12 15:34:35',	NULL,	50,	0,	'RENEW_SUBSCRIPTION',	'Gossner'),
(320,	'2023-01-13 06:06:36',	'PAID',	11,	'CORPORATE',	'rushabhsorathiya@gmail.com',	'cus_NA0QPRHrpuKW1t',	'in_1MPgPOSAj5Uzair5fbJvxoEz',	'2023-01-13 06:07:04',	NULL,	500,	0,	'RENEW_SUBSCRIPTION',	'Gossner'),
(321,	'2023-01-24 06:59:19',	'PAID',	247,	'ORGANIZATION',	'shaw@yopmail.com',	'cus_NE8kboUlWFmXTP',	'in_1MTgTRSAj5Uzair5GxMZ0UMa',	'2023-01-24 07:01:34',	'S0PQ-WMET-KI1Y-OZBA',	500,	32,	'NEW',	'Shaw Organization'),
(322,	'2023-02-08 04:55:05',	'PAID',	0,	'CORPORATE',	'carmel678@yopmail.com',	'cus_NJj8xm2AChbwni',	'in_1MZ5gRSAj5Uzair5RXhemTT8',	'2023-02-08 05:03:14',	'Z3C1-JTQK-CRT7-J35N',	1000,	500,	'NEW',	'Carmelize'),
(323,	'2023-02-08 05:02:11',	'PAID',	40,	'CORPORATE',	'mystery456@yopmail.com',	'cus_NJjFSI8G4jkxCp',	'in_1MZ5nISAj5Uzair5OzLjNYQH',	'2023-02-08 05:10:59',	'DQI0-Y74B-VRLW-SNV1',	500,	100,	'NEW',	'Mystery'),
(324,	'2023-02-08 09:06:38',	'PAID',	43,	'CORPORATE',	'nobelorg@yopmail.com',	'cus_NJnCh4MAwBooFZ',	'in_1MZ9bsSAj5Uzair5Rrgjbfnh',	'2023-02-10 09:22:12',	'MFA9-HGGT-QT31-AGU6',	6000,	500,	'NEW',	'Nobel Org'),
(325,	'2023-02-08 09:52:02',	'PENDING',	0,	'CORPORATE',	'springorg@yopmail.com',	'cus_NJnvrZGEZHVhJB',	'in_1MZAJnSAj5Uzair5ZDVQeFfd',	'2023-02-08 09:52:02',	'07C9-W767-YVQJ-HYNB',	1,	1,	'NEW',	'Spring Org'),
(326,	'2023-02-24 14:46:14',	'PAID',	254,	'ORGANIZATION',	'truth567@yopmail.com',	'cus_NPsHhvqsDG2Neh',	'in_1Mf2XHSAj5Uzair5fjeINRAG',	'2023-02-24 14:46:21',	'758U-5Y0J-7RZR-4GQM',	600,	0,	'RENEW_SUBSCRIPTION',	'Truth for saint'),
(327,	'2023-03-31 06:46:08',	'PAID',	281,	'ORGANIZATION',	'steve345@yopmail.com',	'cus_NcrRcVTS7HZrNq',	'in_1MrbisSAj5Uzair5hIkAryDX',	'2023-03-31 06:46:19',	'HGS7-2NRA-YIUY-OQNX',	500,	500,	'INCREASE_NO_OF_YOUTH',	'St. Steve'),
(328,	'2023-03-31 07:29:58',	'PAID',	0,	'CORPORATE',	'venture456@yopmail.com',	'cus_Ncs9UO9krdlbRB',	'in_1MrcPISAj5Uzair5ci6yZiGA',	'2023-03-31 07:32:43',	'TAKN-R1TE-QMDV-6BEL',	1000,	500,	'NEW',	'My New Venture'),
(329,	'2023-03-31 11:03:27',	'PAID',	0,	'ORGANIZATION',	'new_school@yopmail.com',	'cus_Ncvbz2MCxYugQR',	'in_1MrfjtSAj5Uzair5LWPXY7Kc',	'2023-03-31 11:04:53',	'Z2QU-UHXY-JFHE-HS3K',	1000,	500,	'NEW',	'My New School'),
(330,	'2023-03-31 15:28:30',	'PAID',	282,	'ORGANIZATION',	'monison678@yopmail.com',	'cus_NczsS5AV2EWsEh',	'in_1MrjsOSAj5Uzair5vMoj9b1N',	'2023-03-31 15:30:13',	'JBGA-5EFD-9QPL-FA01',	1000,	500,	'INCREASE_NO_OF_YOUTH',	'Monison'),
(331,	'2023-03-31 15:28:53',	'PAID',	282,	'ORGANIZATION',	'monison678@yopmail.com',	'cus_NczsVvIg6qToms',	'in_1MrjslSAj5Uzair5LwK3hTKa',	'2023-03-31 15:29:22',	'QTCN-WYAN-2P66-76QZ',	500,	0,	'RENEW_SUBSCRIPTION',	'Monison'),
(332,	'2023-03-31 15:30:09',	'PENDING',	0,	'ORGANIZATION',	'kromson789@yopmail.com',	'cus_NcztbxHm025435',	'in_1MrjtySAj5Uzair5FdMY6VF2',	'2023-03-31 15:30:09',	'Y2HQ-M4Z9-HIOF-6AW2',	1000,	500,	'NEW',	'Kromson'),
(333,	'2023-04-04 05:04:45',	'PENDING',	108,	'LARGE_ORGANIZATION',	'mokashsystems@yopmail.com',	'cus_NeKiEMGjCvV7qF',	'in_1Mt22xSAj5Uzair58CBjBeEn',	'2023-04-04 05:04:45',	'5ZDR-Z264-O8WR-RGRY',	10,	0,	'RENEW_SUBSCRIPTION',	'Moksha Systems'),
(334,	'2023-04-04 07:06:59',	'PENDING',	284,	'ORGANIZATION',	'innovative@gmail.com',	'cus_NeMg2sdKUFnAja',	'in_1Mt3xFSAj5Uzair5TYqMnhCX',	'2023-04-04 07:06:59',	'ZCH9-RRK5-OJJ4-6PAU',	10,	0,	'RENEW_SUBSCRIPTION',	'Innovative Org'),
(335,	'2023-06-06 05:34:14',	'PAID',	0,	'LARGE_ORGANIZATION',	'vasant@evincedev.com',	'cus_O1wPjrjqfZwIt4',	'in_1NFsX2SAj5Uzair5Zer7HoBn',	'2023-06-06 05:34:21',	'0LHY-EK6Y-4RG3-215A',	10,	100,	'NEW',	'Eclipse Rises2'),
(336,	'2023-06-06 05:53:15',	'PAID',	0,	'LARGE_ORGANIZATION',	'vasant@evincedev.com',	'cus_O1wi5Ol8Apgg5Q',	'in_1NFspRSAj5Uzair5oEdPjaL5',	'2023-06-06 05:53:29',	'RW09-J9R0-6DK3-TYOT',	10,	100,	'NEW',	'Eclipse Rises3'),
(337,	'2023-06-06 07:33:59',	'PAID',	0,	'LARGE_ORGANIZATION',	'vasant@evincedev.com',	'cus_O1yLihBPTWLpkF',	'in_1NFuOvSAj5Uzair5vVegUtrA',	'2023-06-06 07:34:20',	'LEDN-YLFP-Y52Q-BV7S',	10,	100,	'NEW',	'Eclipse Rises4'),
(338,	'2023-06-06 13:27:16',	'PAID',	0,	'LARGE_ORGANIZATION',	'vasant@evincedev.com',	'cus_O242qGCgEJ9t0l',	'in_1NFzuoSAj5Uzair5FeckM5At',	'2023-06-06 13:27:57',	'J5UX-M1GW-KF3F-9V8O',	10,	100,	'NEW',	'Eclipse Rises5'),
(339,	'2023-06-06 13:35:06',	'PAID',	0,	'LARGE_ORGANIZATION',	'vasant@mailinator.com',	'cus_O24ATY3RqsVJOA',	'in_1NG02OSAj5Uzair58nz9X7Iv',	'2023-06-06 13:35:15',	'QAP6-QBDU-TFF2-FDO0',	10,	100,	'NEW',	'Eclipse Rises6'),
(340,	'2023-07-17 06:50:53',	'PAID',	0,	'ORGANIZATION',	'vasant@mailinator.com',	'cus_OHJuIodVQ5RHwh',	'in_1NUlGhSAj5Uzair5908V4c2t',	'2023-07-17 06:51:03',	'OSAQ-4COL-KUDB-FC75',	100,	100,	'NEW',	'New York Center School'),
(343,	'2023-07-26 05:48:56',	'PAID',	0,	'ORGANIZATION',	'vasant@evincedev.com',	'cus_OKfwqcmZXQWAJV',	'in_1NY0agSAj5Uzair5o5lLRp0g',	'2023-07-26 05:56:51',	'RARN-T0BV-98YG-2LIX',	1,	100,	'NEW',	'Mahatma Gandhi International School'),
(344,	'2023-07-27 11:26:09',	'PAID',	0,	'CORPORATE',	'tremson@yopmail.com',	'cus_OL8bVWt04wnrqR',	'in_1NYSKZSAj5Uzair5OZLOomSz',	'2023-08-09 05:14:34',	'OSBC-JYSR-0J55-3TMT',	1000,	100,	'NEW',	'Tremson'),
(345,	'2023-07-28 05:26:50',	'VOID',	0,	'LARGE_ORGANIZATION',	'poster@yopmail.com',	'cus_OLQ2DkZSqowH71',	'in_1NYjCOSAj5Uzair5QDus9c4e',	'2023-07-28 06:54:14',	'HDXO-AWCX-JG2Y-DH64',	1000,	100,	'NEW',	'  Poster'),
(346,	'2023-07-28 06:54:58',	'VOID',	0,	'LARGE_ORGANIZATION',	'poster345@yopmail.com',	'cus_OLRSqNUwx2Je3I',	'in_1NYkZgSAj5Uzair5BPfRVofa',	'2023-08-07 07:38:34',	'79PQ-AMIK-2MJ1-NH1C',	1000,	100,	'NEW',	'Poster'),
(347,	'2023-07-28 07:51:42',	'VOID',	0,	'ORGANIZATION',	'parrot@yopmail.com',	'cus_OLSN0GgvAxlbJi',	'in_1NYlSaSAj5Uzair5DVJod0rl',	'2023-07-28 08:13:18',	'DPLL-UYQY-G9E0-6I2S',	1300,	100,	'NEW',	'parrot'),
(348,	'2023-07-28 08:04:03',	'VOID',	0,	'CORPORATE',	'tresame@yopmail.com',	'cus_OLSZl3lzzwWsib',	'in_1NYleXSAj5Uzair5sRWiw0Ha',	'2023-08-09 05:13:09',	'QCHG-N81O-4DK5-6LFU',	1000,	100,	'NEW',	'Tresame'),
(349,	'2023-07-28 08:11:14',	'VOID',	0,	'ORGANIZATION',	'lobster@yopmail.com',	'cus_OLSgmKVGk1w80y',	'in_1NYllUSAj5Uzair5xlic97db',	'2023-07-28 08:24:51',	'YOKF-YFCC-SAKZ-X138',	1200,	120,	'NEW',	'Lobster'),
(350,	'2023-07-28 08:17:35',	'VOID',	0,	'CORPORATE',	'test_corp@yopmail.com',	'cus_OLSnWOJE9h38R5',	'in_1NYlrdSAj5Uzair59JEX6pOl',	'2023-08-09 05:13:05',	'QAK5-EQ12-Q505-X240',	2000,	200,	'NEW',	'Test_corporate'),
(351,	'2023-07-28 08:35:37',	'PENDING',	0,	'ORGANIZATION',	'ruby@yopmail.com',	'cus_OLT56rjSibtdap',	'in_1NYm95SAj5Uzair5HI4mKcGK',	'2023-07-28 08:35:37',	'2Z72-P4RS-IZP7-I7SC',	1000,	300,	'NEW',	'Ruby'),
(352,	'2023-07-28 10:18:31',	'PAID',	0,	'ORGANIZATION',	'rubicon@yopmail.com',	'cus_OLUkHecvmSRsls',	'in_1NYnkgSAj5Uzair5NpJHk8NT',	'2023-08-03 10:20:46',	'D9A1-N9EI-1F88-8TR9',	1000,	500,	'NEW',	'Rubicon'),
(353,	'2023-08-03 10:13:17',	'PAID',	0,	'ORGANIZATION',	'opensource@yopmail.com',	'cus_ONk0pZASt7MQac',	'in_1NayWsSAj5Uzair5thMm4zni',	'2023-08-03 10:16:22',	'7W9E-7QEM-8O8P-O0LM',	1,	1,	'NEW',	'Open Source'),
(354,	'2023-08-07 07:58:42',	'PAID',	0,	'ORGANIZATION',	'rushabh@evincedev.com',	'cus_OPCkZREI7o7rHQ',	'in_1NcOKqSAj5Uzair5gc9ttT3Z',	'2023-08-07 07:59:07',	'IRW2-WYZT-EKMV-Q04L',	10,	50,	'NEW',	'Thunderbolts'),
(355,	'2023-08-08 13:13:48',	'PAID',	71,	'LARGE_ORGANIZATION',	'rushabh@evincedev.com',	'cus_OPf3qJodE9CJl1',	'in_1NcpjKSAj5Uzair5idLyR50B',	'2023-08-08 13:14:06',	NULL,	25,	0,	'RENEW_SUBSCRIPTION',	'Ryder Learning Institute'),
(356,	'2023-08-09 04:51:10',	'PAID',	0,	'ORGANIZATION',	'rushabh@evincedev.com',	'cus_OPuAYfZPfyCL8P',	'in_1Nd4MSSAj5Uzair5MYPEOYgz',	'2023-08-09 04:52:47',	'LBEB-IN5S-AE6S-9VT7',	100,	50,	'NEW',	'Genius'),
(357,	'2023-08-09 05:16:31',	'VOID',	0,	'ORGANIZATION',	'rushabh@evincedev.com',	'cus_OPuawsFX2Rcv1x',	'in_1Nd4kzSAj5Uzair5u67GsUOa',	'2023-08-09 05:17:08',	'0J01-62DA-X473-CNH8',	120,	80,	'NEW',	'Yankees'),
(358,	'2023-08-09 06:05:11',	'PAID',	0,	'ORGANIZATION',	'rushabh@evincedev.com',	'cus_OPvMcV3cDunIhf',	'in_1Nd5W5SAj5Uzair5xK520v2E',	'2023-08-11 13:08:57',	'FNN3-95ZV-8XUZ-P1XL',	100,	50,	'NEW',	'Vikings'),
(359,	'2023-08-09 07:22:55',	'PENDING',	0,	'ORGANIZATION',	'zee_kids@yopmail.com',	'cus_OPwc8efFiaEfGK',	'in_1Nd6jJSAj5Uzair59XnIeW7W',	'2023-08-09 07:22:55',	'KLSV-GVJT-7LNX-W5XB',	1000,	100,	'NEW',	'Zee kids'),
(360,	'2023-08-09 07:24:00',	'PAID',	0,	'ORGANIZATION',	'lg_org@yopmail.com',	'cus_OPwdUf5NF4mbrS',	'in_1Nd6kMSAj5Uzair5qmyK93g1',	'2023-08-24 06:21:34',	'UJOL-43P2-ADEX-WTDN',	5000,	500,	'NEW',	'Large Org'),
(361,	'2023-08-11 13:21:18',	'VOID',	0,	'ORGANIZATION',	'rushabh@evincedev.com',	'cus_OQmqhxnKsr2Rmn',	'in_1NdvHESAj5Uzair5kq3yZRLA',	'2023-08-23 11:09:06',	'OPG1-IS0X-BOKO-8Z0Y',	2000,	200,	'NEW',	'Rose Petal'),
(362,	'2023-08-17 12:37:57',	'PAID',	339,	'ORGANIZATION',	'rushabh@evincedev.com',	'cus_OT1Vo8Pv8h8wK9',	'in_1Ng5SZSAj5Uzair5NVJ4WJ6E',	'2023-08-17 14:15:58',	'9CP8-BC82-96BG-CDAZ',	500,	50,	'NEW',	'Queen Bee'),
(363,	'2023-08-17 13:04:55',	'VOID',	340,	'ORGANIZATION',	'ifg@yopmail.com',	'cus_OT1w3NzOCquhiF',	'in_1Ng5seSAj5Uzair5GmYpubDa',	'2023-08-23 11:09:00',	'2XP0-5NLS-DTRQ-0CTI',	1000,	100,	'NEW',	'My_ifg_org'),
(364,	'2023-08-23 10:52:20',	'PAID',	341,	'ORGANIZATION',	'rushabh@evincedev.com',	'cus_OVF9C9viDbGLad',	'in_1NiEfeSAj5Uzair5YgishYL3',	'2023-08-23 10:55:17',	'3X70-UMO8-0V13-9OIQ',	100,	50,	'NEW',	'Rockers'),
(365,	'2023-08-23 12:35:04',	'PAID',	342,	'ORGANIZATION',	'rushabh@evincedev.com',	'cus_OVGoFngCmGvNEV',	'in_1NiGH4SAj5Uzair5NnGzxZZQ',	'2023-08-23 12:37:36',	'ZYUQ-V2YV-0A0Y-OXBZ',	100,	50,	'NEW',	'Unique Claw'),
(366,	'2023-08-24 05:43:31',	'PAID',	168,	'ORGANIZATION',	'turish@yopmail.com',	'cus_OVXPyCEl6IB3tI',	'in_1NiWKLSAj5Uzair5W3BFMw8o',	'2023-08-24 05:43:40',	NULL,	500,	0,	'RENEW_SUBSCRIPTION',	'St. Turish'),
(367,	'2023-08-24 06:30:35',	'PAID',	344,	'ORGANIZATION',	'lnt@mailinator.com',	'cus_OVYAUJPZtJfQrX',	'in_1NiX3tSAj5Uzair5UEIIx1up',	'2023-08-24 06:33:15',	'1IU8-6ZYC-IAP5-9AGZ',	10,	250,	'NEW',	'LNT Org'),
(368,	'2023-08-24 11:03:01',	'PAID',	345,	'ORGANIZATION',	'toppers@yopmail.com',	'cus_OVcYOShedhknU8',	'in_1NibJXSAj5Uzair5qNa9yKxm',	'2023-08-24 11:10:54',	'UNMN-V0DA-EXRC-H4U3',	100,	50,	'NEW',	'Toppers'),
(369,	'2023-08-24 13:24:20',	'PAID',	0,	'ORGANIZATION',	'capital@yopmail.com',	'cus_OVepbDlFouTbuL',	'in_1NidWJSAj5Uzair5EyOCgGWU',	'2023-09-05 07:56:32',	'LY79-CN25-2BD0-ET21',	200,	20,	'NEW',	'Capital Schools'),
(370,	'2023-09-05 07:35:50',	'PAID',	0,	'LARGE_ORGANIZATION',	'honeybees@yopmail.com',	'cus_Oa3v9GJHQHPXrz',	'in_1NmtncSAj5Uzair5vLVu6ZHl',	'2023-09-05 07:39:20',	'WRIM-5FVP-2FO2-CVJN',	750,	15,	'NEW',	'Honeybees'),
(371,	'2023-09-05 08:05:46',	'VOID',	0,	'LARGE_ORGANIZATION',	'alumini678@yopmail.com',	'cus_Oa4PDd10jdZrzd',	'in_1NmuGaSAj5Uzair5Onanfn3s',	'2023-09-05 13:43:49',	'E8S7-CU7L-GAR9-T012',	100,	100,	'NEW',	'Alumini'),
(372,	'2023-09-05 09:19:48',	'PAID',	349,	'ORGANIZATION',	'jrarchers@yopmail.com',	'cus_Oa5bhByfSlpcGU',	'in_1NmvQESAj5Uzair5MOGxkNyj',	'2023-09-05 09:28:50',	'APWT-RGNQ-F3KF-1AFR',	1000,	10,	'NEW',	'Junior Archers'),
(373,	'2023-09-05 09:30:45',	'PAID',	123,	'LARGE_ORGANIZATION',	'solaris@yopmail.com',	'cus_Oa5mnCqfa5sgNp',	'in_1NmvapSAj5Uzair5Oq8UhgPh',	'2023-09-05 13:47:36',	'18P0-6K08-8NDS-X3TA',	15000,	150,	'NEW',	'Solaris'),
(374,	'2023-09-06 06:25:14',	'PAID',	121,	'LARGE_ORGANIZATION',	'princeapple@yopmail.com',	'cus_OaQ0au8MQup5eS',	'in_1NnFAqSAj5Uzair5RGvK1llj',	'2023-09-06 06:26:21',	'G5W7-6RF2-W34L-D7FF',	123,	0,	'RENEW_SUBSCRIPTION',	'Prince Apple'),
(375,	'2023-09-06 06:29:40',	'VOID',	350,	'ORGANIZATION',	'littlehearts11@yopmail.com',	'cus_OaQ5Buwz08TkFX',	'in_1NnFF8SAj5Uzair5c1lTtJLR',	'2023-09-07 19:28:15',	'Q45L-08LX-XJAU-EO55',	12,	11,	'NEW',	'Little Hearts'),
(376,	'2023-10-03 06:46:01',	'PAID',	351,	'ORGANIZATION',	'purushottamsingh1999@yopmail.com',	'cus_OkXRtvJ32Y9xf1',	'in_1Nx2MlSAj5Uzair5wNhMxpX2',	'2023-10-03 08:55:41',	'FFTZ-5OSO-HJYL-XCLP',	50000,	10,	'INCREASE_NO_OF_YOUTH',	'Epic Solution '),
(377,	'2023-10-03 06:46:23',	'PAID',	351,	'ORGANIZATION',	'purushottamsingh1999@yopmail.com',	'cus_OkXSuGHMgrXc0X',	'in_1Nx2N7SAj5Uzair5zmVJYpXu',	'2023-10-03 08:54:11',	'RJ7P-DMT1-H3FW-604M',	30000,	0,	'RENEW_SUBSCRIPTION',	'Epic Solution '),
(378,	'2023-10-03 09:12:24',	'PAID',	1,	'LARGE_ORGANIZATION',	'purushottamsingh1999@yopmail.com',	'cus_OkZoj0qf8i00os',	'in_1Nx4eQSAj5Uzair5bTVYE370',	'2023-10-03 12:29:22',	NULL,	300000,	10,	'INCREASE_NO_OF_YOUTH',	'#DEMO Clymb (Dev) Sandbox'),
(379,	'2023-10-03 09:15:14',	'PAID',	72,	'LARGE_ORGANIZATION',	'purushottamsingh1999@yopmail.com',	'cus_OkZqy9sQhZEd3u',	'in_1Nx4hASAj5Uzair5ZBuF68O8',	'2023-10-03 12:04:59',	NULL,	30000,	0,	'RENEW_SUBSCRIPTION',	'Alice Academy'),
(380,	'2023-10-04 11:13:07',	'PAID',	0,	'LARGE_ORGANIZATION',	'evince@yopmail.com',	'cus_OkyyVbILaO52jq',	'in_1NxT0nSAj5Uzair5I1AxOMY2',	'2023-10-26 11:05:53',	'PM2C-5R4L-EYLV-13KA',	5000,	50,	'NEW',	'Evince');

CREATE TABLE `journal` (
  `journal_id` bigint NOT NULL AUTO_INCREMENT,
  `created_at` datetime NOT NULL,
  `journal_description` longtext CHARACTER SET utf8mb4 COLLATE utf8mb4_0900_ai_ci,
  `mood_name` longtext CHARACTER SET utf8mb4 COLLATE utf8mb4_0900_ai_ci,
  `student_id` bigint NOT NULL,
  `updated_at` datetime DEFAULT NULL,
  `mood_id` bigint DEFAULT NULL,
  `mood_name_es` longtext,
  PRIMARY KEY (`journal_id`)
) ENGINE=MyISAM DEFAULT CHARSET=utf8mb4 COLLATE=utf8mb4_0900_ai_ci;

INSERT INTO `journal` (`journal_id`, `created_at`, `journal_description`, `mood_name`, `student_id`, `updated_at`, `mood_id`, `mood_name_es`) VALUES
(1,	'2023-02-20 13:11:37',	'I\'m excited today, yeah!!!',	'Excited',	182,	'2023-03-02 10:52:16',	NULL,	'Emocionado'),
(2,	'2023-02-20 13:12:59',	'I\'m content',	'Content',	182,	'2023-02-20 13:12:59',	9,	'Contenido'),
(3,	'2023-02-21 05:29:11',	'I\'m Hopeful today',	'Hopeful',	182,	'2023-02-21 05:29:11',	8,	'Esperanza'),
(4,	'2023-02-23 08:33:15',	'My content',	'Content',	182,	'2023-02-23 08:33:15',	9,	'Contenido'),
(5,	'2023-02-23 08:34:20',	'I\'m feeling shy',	'Shy',	182,	'2023-02-23 08:34:20',	10,	'Tímido'),
(6,	'2023-02-23 08:44:34',	'I\'m feeling shy',	'Shy',	182,	'2023-02-23 08:44:34',	10,	'Tímido'),
(7,	'2023-02-24 05:19:47',	'I\'m nervous today',	'Nervous',	182,	'2023-02-24 05:19:47',	6,	'Nervioso'),
(8,	'2023-02-24 05:32:22',	'I\'m nervous today',	'Nervous',	182,	'2023-02-24 05:32:22',	6,	'Nervioso'),
(44,	'2023-04-03 10:40:45',	'I am excited',	'Excited',	11356,	'2023-04-03 10:40:45',	12,	'Emocionado'),
(43,	'2023-04-03 07:40:58',	'Hey I can\'t be more happier than today.',	'Happy',	11354,	'2023-06-07 13:50:00',	NULL,	'Feliz'),
(41,	'2023-03-28 14:49:54',	'I\'m happy today',	'Hopeful',	182,	'2023-03-31 12:46:02',	8,	'Esperanza'),
(42,	'2023-03-31 12:45:47',	'I\'m content today',	'Content',	182,	'2023-03-31 12:45:47',	9,	'Contenido'),
(40,	'2023-03-22 13:47:38',	'I am happy today....',	'Happy',	8715,	'2023-03-22 13:47:38',	1,	'Feliz'),
(39,	'2023-03-22 13:12:03',	'I\'m happy today',	'Jolly',	182,	'2023-03-22 13:12:27',	NULL,	'Jolly_es'),
(17,	'2023-02-24 12:44:25',	'Hello all',	'Shy',	8715,	'2023-02-24 12:44:25',	10,	'Tímido'),
(18,	'2023-02-27 05:24:29',	'I\'m anxious today',	'Anxious',	182,	'2023-02-27 05:24:29',	NULL,	'Anxious_es'),
(38,	'2023-03-03 12:55:50',	'Content11',	'Content',	8699,	'2023-03-03 13:15:29',	9,	'Contenido'),
(21,	'2023-02-27 05:53:12',	'royal',	'royal',	182,	'2023-02-27 11:39:44',	NULL,	'royal_es'),
(22,	'2023-02-27 06:35:36',	'😀😀😀😀\n',	'😀😀😀',	8699,	'2023-02-27 15:22:25',	NULL,	'😀😀😀_es'),
(23,	'2023-02-27 07:30:07',	'happy me',	'rocking',	182,	'2023-03-02 10:51:32',	NULL,	'rocking_es'),
(37,	'2023-03-03 10:06:56',	'I\'m excited today',	'Happy',	182,	'2023-03-03 13:41:39',	1,	'Feliz'),
(36,	'2023-03-03 09:53:32',	'Happy1',	'Happy',	8729,	'2023-03-03 10:53:47',	1,	'Feliz'),
(35,	'2023-03-02 14:29:39',	'I am happy',	'Meh',	8729,	'2023-03-03 09:50:26',	7,	'Meh'),
(27,	'2023-02-27 10:10:39',	'Lorem ipsum dolor sit amet, consectetuer adipiscing elit. Aenean commodo ligula eget dolor. Aenean massa. Cum sociis natoque penatibus et magnis dis parturient montes, nascetur ridiculus mus. Donec quam felis, ultricies nec, pellentesque eu, pretium quis, sem. Nulla consequat massa quis enim. Donec pede justo, fringilla vel, aliquet nec, vulputate eget, arcu. In enim justo, rhoncus ut, imperdiet a, venenatis vitae, justo. Nullam dictum felis eu pede mollis pretium. Integer tincidunt. Cras dapibus. Vivamus elementum semper nisi. Aenean vulputate eleifend tellus. Aenean leo ligula, porttitor eu, consequat vitae, eleifend ac, enim. Aliquam lorem ante, dapibus in, viverra quis, feugiat a, tellus. Phasellus viverra nulla ut metus varius laoreet. Quisque rutrum. Aenean imperdiet. Etiam ultricies nisi vel augue. Curabitur ullamcorper ultricies nisi. Nam eget dui. Etiam rhoncus. Maecenas tempus, tellus eget condimentum rhoncus, sem quam semper libero, sit amet adipiscing sem neque sed ipsum. Nam quam nunc, blandit vel, luctus pulvinar, hendrerit id, lorem. Maecenas nec odio et ante tincidunt tempus. Donec vitae sapien ut libero venenatis faucibus. Nullam quis ante. Etiam sit amet orci eget eros faucibus tincidunt. Duis leo. Sed fringilla mauris sit amet nibh. Donec sodales sagittis magna. Sed consequat, leo eget bibendum sodales, augue velit cursus nunc,',	'Happy',	8715,	'2023-02-28 04:49:15',	NULL,	'Feliz'),
(29,	'2023-02-27 12:43:07',	'Lorem Ipsumn ',	'Mad',	8812,	'2023-02-27 12:44:57',	NULL,	'Mad_es'),
(28,	'2023-02-27 11:09:46',	'I\'m scared today',	'Scared',	7702,	'2023-02-27 12:40:43',	3,	'Asustado'),
(30,	'2023-02-27 14:59:13',	'Lorem ipsum dolor sit amet, consectetur adipiscing elit, sed do eiusmod tempor incididunt ut labore et dolore magna aliqua. Ut enim ad minim veniam, quis nostrud exercitation ullamco laboris nisi ut aliquip ex ea commodo consequat. Duis aute irure dolor in reprehenderit in voluptate velit esse cillum dolore eu fugiat nulla pariatur. Excepteur sint occaecat cupidatat non proident, sunt in culpa qui officia deserunt mollit anim id est laborum.',	'Frusted',	8701,	'2023-02-27 15:00:02',	NULL,	'Frusted_es'),
(31,	'2023-02-28 04:50:04',	'I am happy today and I will give my best.',	'Content',	8715,	'2023-02-28 07:45:08',	9,	'Contenido'),
(32,	'2023-02-28 04:57:32',	'Sad',	'Unmotivated',	8699,	'2023-02-28 04:58:10',	5,	'Desmotivado'),
(33,	'2023-03-02 09:42:14',	'My Mood',	'Happy',	8715,	'2023-03-02 16:47:15',	1,	'Feliz'),
(34,	'2023-03-02 10:47:00',	'I am angry! 😀\n😀\n😀😀',	'Angry',	182,	'2023-03-03 13:42:11',	2,	'Enojado'),
(45,	'2023-04-26 05:43:20',	'Yay! I am excited today.',	'Angry',	8715,	'2023-05-19 14:17:33',	2,	'Enojado'),
(46,	'2023-04-26 06:23:59',	'I am happy',	'Happy',	13292,	'2023-04-26 06:23:59',	1,	'Feliz'),
(47,	'2023-04-26 12:14:14',	'I am feeling great today!',	'Sad',	13410,	'2023-04-26 12:15:13',	11,	'Triste'),
(48,	'2023-04-26 12:52:56',	'I am feeling great today!',	'Happy',	14034,	'2023-04-26 12:52:56',	1,	'Feliz'),
(49,	'2023-09-21 11:02:27',	'this is my happy day',	'Happy',	16522,	'2023-09-25 09:22:45',	1,	'Feliz'),
(50,	'2023-09-25 09:52:22',	'bfdhjkbgnvikj',	'Happy',	16522,	'2023-09-25 13:42:49',	NULL,	'Feliz'),
(51,	'2023-09-26 05:11:02',	'fgnhjzfg',	'Sad',	16522,	'2023-09-26 05:11:13',	11,	'Triste'),
(53,	'2023-10-03 13:29:00',	'Testinf kfniwnfiosiogiofjgiojfdigojdfgdfg',	'muchas gracias',	16522,	'2023-10-03 13:29:49',	NULL,	NULL),
(54,	'2023-10-04 05:16:27',	'I\'m happy and content today',	'Happy',	17471,	'2023-10-04 05:59:19',	1,	'Feliz'),
(55,	'2023-10-04 10:58:46',	'This is good',	'Happy',	8049,	'2023-10-04 10:58:46',	1,	'Feliz');

CREATE TABLE `large_organization_survey_choice` (
  `large_organization_survey_choice_id` bigint NOT NULL AUTO_INCREMENT,
  `created_at` datetime DEFAULT NULL,
  `survey_choice_id` bigint NOT NULL,
  `survey_id` bigint NOT NULL,
  `updated_at` datetime DEFAULT NULL,
  `large_organization_id` bigint NOT NULL,
  PRIMARY KEY (`large_organization_survey_choice_id`)
) ENGINE=MyISAM DEFAULT CHARSET=utf8mb4 COLLATE=utf8mb4_general_ci;

INSERT INTO `large_organization_survey_choice` (`large_organization_survey_choice_id`, `created_at`, `survey_choice_id`, `survey_id`, `updated_at`, `large_organization_id`) VALUES
(1,	'2023-10-02 12:19:04',	0,	1,	'2023-10-02 12:19:04',	66),
(2,	'2023-10-02 12:19:04',	0,	1,	'2023-10-02 12:19:04',	99),
(3,	'2023-10-02 12:19:04',	0,	1,	'2023-10-02 12:19:04',	101),
(4,	'2023-10-02 12:19:04',	0,	1,	'2023-10-02 12:19:04',	41),
(5,	'2023-10-02 12:19:04',	0,	1,	'2023-10-02 12:19:04',	42),
(6,	'2023-10-02 12:19:04',	0,	1,	'2023-10-02 12:19:04',	106),
(7,	'2023-10-02 12:19:04',	0,	1,	'2023-10-02 12:19:04',	43),
(8,	'2023-10-02 12:19:04',	0,	1,	'2023-10-02 12:19:04',	93),
(9,	'2023-10-02 12:19:04',	0,	1,	'2023-10-02 12:19:04',	78),
(10,	'2023-10-02 12:19:37',	0,	1,	'2023-10-02 12:19:37',	96),
(11,	'2023-10-02 12:19:37',	0,	1,	'2023-10-02 12:19:37',	82),
(12,	'2023-10-02 12:19:37',	0,	1,	'2023-10-02 12:19:37',	84),
(13,	'2023-10-02 12:19:37',	0,	1,	'2023-10-02 12:19:37',	52),
(14,	'2023-10-02 12:19:37',	0,	1,	'2023-10-02 12:19:37',	121),
(15,	'2023-10-02 12:19:37',	0,	1,	'2023-10-02 12:19:37',	123),
(16,	'2023-10-02 12:19:37',	0,	1,	'2023-10-02 12:19:37',	59),
(17,	'2023-10-02 12:19:37',	0,	1,	'2023-10-02 12:19:37',	75),
(18,	'2023-10-02 12:19:37',	0,	1,	'2023-10-02 12:19:37',	61),
(19,	'2023-10-02 12:40:48',	0,	1,	'2023-10-02 12:40:48',	80),
(20,	'2023-10-02 12:40:48',	0,	1,	'2023-10-02 12:40:48',	1),
(21,	'2023-10-02 12:40:48',	0,	1,	'2023-10-02 12:40:48',	117),
(22,	'2023-10-02 12:40:48',	0,	1,	'2023-10-02 12:40:48',	70),
(23,	'2023-10-02 12:40:48',	0,	1,	'2023-10-02 12:40:48',	118),
(24,	'2023-10-02 12:40:48',	0,	1,	'2023-10-02 12:40:48',	90),
(25,	'2023-10-02 12:40:48',	0,	1,	'2023-10-02 12:40:48',	91),
(26,	'2023-10-02 12:40:49',	0,	1,	'2023-10-02 12:40:49',	108),
(27,	'2023-10-02 12:41:05',	0,	1,	'2023-10-02 12:41:05',	34),
(28,	'2023-10-02 12:41:05',	0,	1,	'2023-10-02 12:41:05',	114),
(29,	'2023-10-02 12:41:05',	0,	1,	'2023-10-02 12:41:05',	115),
(30,	'2023-10-02 12:41:05',	0,	1,	'2023-10-02 12:41:05',	72),
(31,	'2023-10-02 12:41:05',	0,	1,	'2023-10-02 12:41:05',	89),
(32,	'2023-10-02 12:41:05',	0,	1,	'2023-10-02 12:41:05',	122),
(33,	'2023-10-02 12:41:05',	0,	1,	'2023-10-02 12:41:05',	44),
(34,	'2023-10-02 12:41:05',	0,	1,	'2023-10-02 12:41:05',	110),
(35,	'2023-10-02 12:41:17',	0,	1,	'2023-10-02 12:41:17',	97),
(36,	'2023-10-02 12:41:17',	0,	1,	'2023-10-02 12:41:17',	67),
(37,	'2023-10-02 12:41:17',	0,	1,	'2023-10-02 12:41:17',	36),
(38,	'2023-10-02 12:41:17',	0,	1,	'2023-10-02 12:41:17',	87),
(39,	'2023-10-02 12:41:17',	0,	1,	'2023-10-02 12:41:17',	120),
(40,	'2023-10-02 12:41:17',	0,	1,	'2023-10-02 12:41:17',	40),
(41,	'2023-10-02 12:41:17',	0,	1,	'2023-10-02 12:41:17',	74),
(42,	'2023-10-02 12:41:17',	0,	1,	'2023-10-02 12:41:17',	94),
(43,	'2023-10-02 12:42:02',	0,	1,	'2023-10-02 12:42:02',	50),
(44,	'2023-10-02 12:42:02',	0,	1,	'2023-10-02 12:42:02',	35),
(45,	'2023-10-02 12:42:02',	0,	1,	'2023-10-02 12:42:02',	116),
(46,	'2023-10-02 12:42:02',	0,	1,	'2023-10-02 12:42:02',	68),
(47,	'2023-10-02 12:42:02',	0,	1,	'2023-10-02 12:42:02',	54),
(48,	'2023-10-02 12:42:02',	0,	1,	'2023-10-02 12:42:02',	38),
(49,	'2023-10-02 12:42:02',	37,	1,	'2023-10-25 05:46:22',	56),
(50,	'2023-10-02 12:42:02',	0,	1,	'2023-10-02 12:42:02',	104),
(51,	'2023-10-02 12:42:02',	0,	1,	'2023-10-02 12:42:02',	57),
(52,	'2023-10-02 12:42:02',	0,	1,	'2023-10-02 12:42:02',	76),
(53,	'2023-10-02 12:43:05',	0,	1,	'2023-10-02 12:43:05',	32),
(54,	'2023-10-02 12:43:05',	0,	1,	'2023-10-02 12:43:05',	81),
(55,	'2023-10-02 12:43:05',	0,	1,	'2023-10-02 12:43:05',	49),
(56,	'2023-10-02 12:43:05',	0,	1,	'2023-10-02 12:43:05',	65),
(57,	'2023-10-02 12:43:05',	0,	1,	'2023-10-02 12:43:05',	85),
(58,	'2023-10-02 12:43:05',	0,	1,	'2023-10-02 12:43:05',	53),
(59,	'2023-10-02 12:43:05',	0,	1,	'2023-10-02 12:43:05',	71),
(60,	'2023-10-02 12:43:05',	0,	1,	'2023-10-02 12:43:05',	88),
(61,	'2023-10-02 12:43:05',	0,	1,	'2023-10-02 12:43:05',	11),
(62,	'2023-10-02 12:43:05',	0,	1,	'2023-10-02 12:43:05',	92),
(63,	'2023-10-02 12:46:45',	0,	1,	'2023-10-02 12:46:45',	33),
(64,	'2023-10-02 12:46:45',	0,	1,	'2023-10-02 12:46:45',	113),
(65,	'2023-10-02 12:46:45',	0,	1,	'2023-10-02 12:46:45',	98),
(66,	'2023-10-02 12:46:45',	0,	1,	'2023-10-02 12:46:45',	51),
(67,	'2023-10-02 12:46:45',	0,	1,	'2023-10-02 12:46:45',	102),
(68,	'2023-10-02 12:46:45',	0,	1,	'2023-10-02 12:46:45',	119),
(69,	'2023-10-02 12:46:45',	0,	1,	'2023-10-02 12:46:45',	73),
(70,	'2023-10-02 12:46:45',	0,	1,	'2023-10-02 12:46:45',	45),
(71,	'2023-10-02 12:46:45',	0,	1,	'2023-10-02 12:46:45',	46),
(72,	'2023-10-02 12:46:45',	0,	1,	'2023-10-02 12:46:45',	111),
(73,	'2023-10-02 12:50:40',	0,	1,	'2023-10-02 12:50:40',	112),
(74,	'2023-10-02 12:50:40',	0,	1,	'2023-10-02 12:50:40',	64),
(75,	'2023-10-02 12:50:40',	0,	1,	'2023-10-02 12:50:40',	100),
(76,	'2023-10-02 12:50:40',	0,	1,	'2023-10-02 12:50:40',	37),
(77,	'2023-10-02 12:50:40',	0,	1,	'2023-10-02 12:50:40',	69),
(78,	'2023-10-02 12:50:40',	0,	1,	'2023-10-02 12:50:40',	86),
(79,	'2023-10-02 12:50:40',	0,	1,	'2023-10-02 12:50:40',	39),
(80,	'2023-10-02 12:50:40',	0,	1,	'2023-10-02 12:50:40',	60),
(81,	'2023-10-02 12:50:40',	0,	1,	'2023-10-02 12:50:40',	77),
(82,	'2023-10-02 12:50:40',	0,	1,	'2023-10-02 12:50:40',	62),
(83,	'2023-10-02 12:50:40',	0,	1,	'2023-10-02 12:50:40',	95),
(84,	'2023-10-02 12:51:30',	0,	1,	'2023-10-02 12:51:30',	48),
(85,	'2023-10-02 12:51:30',	0,	1,	'2023-10-02 12:51:30',	83),
(86,	'2023-10-02 12:51:30',	0,	1,	'2023-10-02 12:51:30',	103),
(87,	'2023-10-02 12:51:30',	0,	1,	'2023-10-02 12:51:30',	105),
(88,	'2023-10-02 12:51:30',	0,	1,	'2023-10-02 12:51:30',	58),
(89,	'2023-10-02 12:51:30',	0,	1,	'2023-10-02 12:51:30',	107),
(90,	'2023-10-02 12:51:30',	0,	1,	'2023-10-02 12:51:30',	109),
(91,	'2023-10-02 12:51:30',	0,	1,	'2023-10-02 12:51:30',	31),
(92,	'2023-10-02 12:51:30',	0,	1,	'2023-10-02 12:51:30',	47),
(93,	'2023-10-02 12:51:30',	0,	1,	'2023-10-02 12:51:30',	63),
(94,	'2023-10-02 12:51:30',	0,	1,	'2023-10-02 12:51:30',	79),
(95,	'2023-10-02 13:05:02',	0,	2,	'2023-10-02 13:05:02',	1),
(96,	'2023-10-02 13:05:02',	0,	2,	'2023-10-02 13:05:02',	1),
(97,	'2023-10-02 13:05:02',	0,	2,	'2023-10-02 13:05:02',	1),
(98,	'2023-10-02 13:05:02',	0,	2,	'2023-10-02 13:05:02',	1),
(99,	'2023-10-02 13:05:02',	0,	2,	'2023-10-02 13:05:02',	11),
(100,	'2023-10-02 13:05:02',	0,	2,	'2023-10-02 13:05:02',	11),
(101,	'2023-10-02 13:05:02',	0,	2,	'2023-10-02 13:05:02',	11),
(102,	'2023-10-02 13:05:02',	0,	2,	'2023-10-02 13:05:02',	11),
(103,	'2023-10-02 13:05:02',	0,	2,	'2023-10-02 13:05:02',	31),
(104,	'2023-10-02 13:05:02',	0,	2,	'2023-10-02 13:05:02',	31),
(105,	'2023-10-02 13:05:02',	0,	2,	'2023-10-02 13:05:02',	31),
(106,	'2023-10-02 13:05:02',	0,	2,	'2023-10-02 13:05:02',	31),
(107,	'2023-10-02 13:05:02',	0,	2,	'2023-10-02 13:05:02',	32),
(108,	'2023-10-02 13:05:02',	0,	2,	'2023-10-02 13:05:02',	32),
(109,	'2023-10-02 13:05:02',	0,	2,	'2023-10-02 13:05:02',	32),
(110,	'2023-10-02 13:05:02',	0,	2,	'2023-10-02 13:05:02',	32),
(111,	'2023-10-02 13:05:02',	0,	2,	'2023-10-02 13:05:02',	33),
(112,	'2023-10-02 13:05:02',	0,	2,	'2023-10-02 13:05:02',	33),
(113,	'2023-10-02 13:05:03',	0,	2,	'2023-10-02 13:05:03',	33),
(114,	'2023-10-02 13:05:03',	0,	2,	'2023-10-02 13:05:03',	33),
(115,	'2023-10-02 13:05:03',	0,	2,	'2023-10-02 13:05:03',	34),
(116,	'2023-10-02 13:05:03',	0,	2,	'2023-10-02 13:05:03',	34),
(117,	'2023-10-02 13:05:03',	0,	2,	'2023-10-02 13:05:03',	34),
(118,	'2023-10-02 13:05:03',	0,	2,	'2023-10-02 13:05:03',	34),
(119,	'2023-10-02 13:05:03',	0,	2,	'2023-10-02 13:05:03',	35),
(120,	'2023-10-02 13:05:03',	0,	2,	'2023-10-02 13:05:03',	35),
(121,	'2023-10-02 13:05:03',	0,	2,	'2023-10-02 13:05:03',	35),
(122,	'2023-10-02 13:05:03',	0,	2,	'2023-10-02 13:05:03',	35),
(123,	'2023-10-02 13:05:03',	0,	2,	'2023-10-02 13:05:03',	36),
(124,	'2023-10-02 13:05:03',	0,	2,	'2023-10-02 13:05:03',	36),
(125,	'2023-10-02 13:05:03',	0,	2,	'2023-10-02 13:05:03',	36),
(126,	'2023-10-02 13:05:03',	0,	2,	'2023-10-02 13:05:03',	36),
(127,	'2023-10-02 13:05:03',	0,	2,	'2023-10-02 13:05:03',	37),
(128,	'2023-10-02 13:05:03',	0,	2,	'2023-10-02 13:05:03',	37),
(129,	'2023-10-02 13:05:03',	0,	2,	'2023-10-02 13:05:03',	37),
(130,	'2023-10-02 13:05:03',	0,	2,	'2023-10-02 13:05:03',	37),
(131,	'2023-10-02 13:05:03',	0,	2,	'2023-10-02 13:05:03',	38),
(132,	'2023-10-02 13:05:03',	0,	2,	'2023-10-02 13:05:03',	38),
(133,	'2023-10-02 13:05:03',	0,	2,	'2023-10-02 13:05:03',	38),
(134,	'2023-10-02 13:05:03',	0,	2,	'2023-10-02 13:05:03',	38),
(135,	'2023-10-02 13:05:03',	0,	2,	'2023-10-02 13:05:03',	39),
(136,	'2023-10-02 13:05:03',	0,	2,	'2023-10-02 13:05:03',	39),
(137,	'2023-10-02 13:05:03',	0,	2,	'2023-10-02 13:05:03',	39),
(138,	'2023-10-02 13:05:03',	0,	2,	'2023-10-02 13:05:03',	39),
(139,	'2023-10-02 13:05:03',	0,	2,	'2023-10-02 13:05:03',	40),
(140,	'2023-10-02 13:05:03',	0,	2,	'2023-10-02 13:05:03',	40),
(141,	'2023-10-02 13:05:03',	0,	2,	'2023-10-02 13:05:03',	40),
(142,	'2023-10-02 13:05:03',	0,	2,	'2023-10-02 13:05:03',	40),
(143,	'2023-10-02 13:05:03',	0,	2,	'2023-10-02 13:05:03',	41),
(144,	'2023-10-02 13:05:03',	0,	2,	'2023-10-02 13:05:03',	41),
(145,	'2023-10-02 13:05:03',	0,	2,	'2023-10-02 13:05:03',	41),
(146,	'2023-10-02 13:05:03',	0,	2,	'2023-10-02 13:05:03',	41),
(147,	'2023-10-02 13:05:03',	0,	2,	'2023-10-02 13:05:03',	42),
(148,	'2023-10-02 13:05:03',	0,	2,	'2023-10-02 13:05:03',	42),
(149,	'2023-10-02 13:05:03',	0,	2,	'2023-10-02 13:05:03',	42),
(150,	'2023-10-02 13:05:03',	0,	2,	'2023-10-02 13:05:03',	42),
(151,	'2023-10-02 13:05:03',	0,	2,	'2023-10-02 13:05:03',	43),
(152,	'2023-10-02 13:05:03',	0,	2,	'2023-10-02 13:05:03',	43),
(153,	'2023-10-02 13:05:04',	0,	2,	'2023-10-02 13:05:04',	43),
(154,	'2023-10-02 13:05:04',	0,	2,	'2023-10-02 13:05:04',	43),
(155,	'2023-10-02 13:05:04',	0,	2,	'2023-10-02 13:05:04',	44),
(156,	'2023-10-02 13:05:04',	0,	2,	'2023-10-02 13:05:04',	44),
(157,	'2023-10-02 13:05:04',	0,	2,	'2023-10-02 13:05:04',	44),
(158,	'2023-10-02 13:05:04',	0,	2,	'2023-10-02 13:05:04',	44),
(159,	'2023-10-02 13:05:04',	0,	2,	'2023-10-02 13:05:04',	45),
(160,	'2023-10-02 13:05:04',	0,	2,	'2023-10-02 13:05:04',	45),
(161,	'2023-10-02 13:05:04',	0,	2,	'2023-10-02 13:05:04',	45),
(162,	'2023-10-02 13:05:04',	0,	2,	'2023-10-02 13:05:04',	45),
(163,	'2023-10-02 13:05:04',	0,	2,	'2023-10-02 13:05:04',	46),
(164,	'2023-10-02 13:05:04',	0,	2,	'2023-10-02 13:05:04',	46),
(165,	'2023-10-02 13:05:04',	0,	2,	'2023-10-02 13:05:04',	46),
(166,	'2023-10-02 13:05:04',	0,	2,	'2023-10-02 13:05:04',	46),
(167,	'2023-10-02 13:05:04',	0,	2,	'2023-10-02 13:05:04',	47),
(168,	'2023-10-02 13:05:04',	0,	2,	'2023-10-02 13:05:04',	47),
(169,	'2023-10-02 13:05:04',	0,	2,	'2023-10-02 13:05:04',	47),
(170,	'2023-10-02 13:05:04',	0,	2,	'2023-10-02 13:05:04',	47),
(171,	'2023-10-02 13:05:04',	0,	2,	'2023-10-02 13:05:04',	48),
(172,	'2023-10-02 13:05:04',	0,	2,	'2023-10-02 13:05:04',	48),
(173,	'2023-10-02 13:05:04',	0,	2,	'2023-10-02 13:05:04',	48),
(174,	'2023-10-02 13:05:04',	0,	2,	'2023-10-02 13:05:04',	48),
(175,	'2023-10-02 13:05:04',	0,	2,	'2023-10-02 13:05:04',	49),
(176,	'2023-10-02 13:05:04',	0,	2,	'2023-10-02 13:05:04',	49),
(177,	'2023-10-02 13:05:04',	0,	2,	'2023-10-02 13:05:04',	49),
(178,	'2023-10-02 13:05:04',	0,	2,	'2023-10-02 13:05:04',	49),
(179,	'2023-10-02 13:05:04',	0,	2,	'2023-10-02 13:05:04',	50),
(180,	'2023-10-02 13:05:04',	0,	2,	'2023-10-02 13:05:04',	50),
(181,	'2023-10-02 13:05:04',	0,	2,	'2023-10-02 13:05:04',	50),
(182,	'2023-10-02 13:05:04',	0,	2,	'2023-10-02 13:05:04',	50),
(183,	'2023-10-02 13:05:04',	0,	2,	'2023-10-02 13:05:04',	51),
(184,	'2023-10-02 13:05:04',	0,	2,	'2023-10-02 13:05:04',	51),
(185,	'2023-10-02 13:05:04',	0,	2,	'2023-10-02 13:05:04',	51),
(186,	'2023-10-02 13:05:04',	0,	2,	'2023-10-02 13:05:04',	51),
(187,	'2023-10-02 13:05:04',	0,	2,	'2023-10-02 13:05:04',	52),
(188,	'2023-10-02 13:05:04',	0,	2,	'2023-10-02 13:05:04',	52),
(189,	'2023-10-02 13:05:04',	0,	2,	'2023-10-02 13:05:04',	52),
(190,	'2023-10-02 13:05:04',	0,	2,	'2023-10-02 13:05:04',	52),
(191,	'2023-10-02 13:05:04',	0,	2,	'2023-10-02 13:05:04',	53),
(192,	'2023-10-02 13:05:04',	0,	2,	'2023-10-02 13:05:04',	53),
(193,	'2023-10-02 13:05:04',	0,	2,	'2023-10-02 13:05:04',	53),
(194,	'2023-10-02 13:05:04',	0,	2,	'2023-10-02 13:05:04',	53),
(195,	'2023-10-02 13:05:04',	0,	2,	'2023-10-02 13:05:04',	54),
(196,	'2023-10-02 13:05:04',	0,	2,	'2023-10-02 13:05:04',	54),
(197,	'2023-10-02 13:05:04',	0,	2,	'2023-10-02 13:05:04',	54),
(198,	'2023-10-02 13:05:04',	0,	2,	'2023-10-02 13:05:04',	54),
(199,	'2023-10-02 13:05:04',	40,	2,	'2023-10-26 12:08:28',	56),
(200,	'2023-10-02 13:05:04',	41,	2,	'2023-10-26 12:08:28',	56),
(201,	'2023-10-02 13:05:04',	0,	2,	'2023-10-02 13:05:04',	56),
(202,	'2023-10-02 13:05:04',	0,	2,	'2023-10-02 13:05:04',	56),
(203,	'2023-10-02 13:05:04',	0,	2,	'2023-10-02 13:05:04',	57),
(204,	'2023-10-02 13:05:04',	0,	2,	'2023-10-02 13:05:04',	57),
(205,	'2023-10-02 13:05:04',	0,	2,	'2023-10-02 13:05:04',	57),
(206,	'2023-10-02 13:05:04',	0,	2,	'2023-10-02 13:05:04',	57),
(207,	'2023-10-02 13:05:04',	0,	2,	'2023-10-02 13:05:04',	58),
(208,	'2023-10-02 13:05:04',	0,	2,	'2023-10-02 13:05:04',	58),
(209,	'2023-10-02 13:05:04',	0,	2,	'2023-10-02 13:05:04',	58),
(210,	'2023-10-02 13:05:04',	0,	2,	'2023-10-02 13:05:04',	58),
(211,	'2023-10-02 13:05:04',	0,	2,	'2023-10-02 13:05:04',	59),
(212,	'2023-10-02 13:05:04',	0,	2,	'2023-10-02 13:05:04',	59),
(213,	'2023-10-02 13:05:04',	0,	2,	'2023-10-02 13:05:04',	59),
(214,	'2023-10-02 13:05:04',	0,	2,	'2023-10-02 13:05:04',	59),
(215,	'2023-10-02 13:05:04',	0,	2,	'2023-10-02 13:05:04',	60),
(216,	'2023-10-02 13:05:04',	0,	2,	'2023-10-02 13:05:04',	60),
(217,	'2023-10-02 13:05:04',	0,	2,	'2023-10-02 13:05:04',	60),
(218,	'2023-10-02 13:05:04',	0,	2,	'2023-10-02 13:05:04',	60),
(219,	'2023-10-02 13:05:04',	0,	2,	'2023-10-02 13:05:04',	61),
(220,	'2023-10-02 13:05:04',	0,	2,	'2023-10-02 13:05:04',	61),
(221,	'2023-10-02 13:05:04',	0,	2,	'2023-10-02 13:05:04',	61),
(222,	'2023-10-02 13:05:04',	0,	2,	'2023-10-02 13:05:04',	61),
(223,	'2023-10-02 13:05:04',	0,	2,	'2023-10-02 13:05:04',	62),
(224,	'2023-10-02 13:05:04',	0,	2,	'2023-10-02 13:05:04',	62),
(225,	'2023-10-02 13:05:05',	0,	2,	'2023-10-02 13:05:05',	62),
(226,	'2023-10-02 13:05:05',	0,	2,	'2023-10-02 13:05:05',	62),
(227,	'2023-10-02 13:05:05',	0,	2,	'2023-10-02 13:05:05',	63),
(228,	'2023-10-02 13:05:05',	0,	2,	'2023-10-02 13:05:05',	63),
(229,	'2023-10-02 13:05:05',	0,	2,	'2023-10-02 13:05:05',	63),
(230,	'2023-10-02 13:05:05',	0,	2,	'2023-10-02 13:05:05',	63),
(231,	'2023-10-02 13:05:05',	0,	2,	'2023-10-02 13:05:05',	64),
(232,	'2023-10-02 13:05:05',	0,	2,	'2023-10-02 13:05:05',	64),
(233,	'2023-10-02 13:05:05',	0,	2,	'2023-10-02 13:05:05',	64),
(234,	'2023-10-02 13:05:05',	0,	2,	'2023-10-02 13:05:05',	64),
(235,	'2023-10-02 13:05:05',	0,	2,	'2023-10-02 13:05:05',	65),
(236,	'2023-10-02 13:05:05',	0,	2,	'2023-10-02 13:05:05',	65),
(237,	'2023-10-02 13:05:05',	0,	2,	'2023-10-02 13:05:05',	65),
(238,	'2023-10-02 13:05:05',	0,	2,	'2023-10-02 13:05:05',	65),
(239,	'2023-10-02 13:05:05',	0,	2,	'2023-10-02 13:05:05',	66),
(240,	'2023-10-02 13:05:05',	0,	2,	'2023-10-02 13:05:05',	66),
(241,	'2023-10-02 13:05:05',	0,	2,	'2023-10-02 13:05:05',	66),
(242,	'2023-10-02 13:05:05',	0,	2,	'2023-10-02 13:05:05',	66),
(243,	'2023-10-02 13:05:05',	0,	2,	'2023-10-02 13:05:05',	67),
(244,	'2023-10-02 13:05:05',	0,	2,	'2023-10-02 13:05:05',	67),
(245,	'2023-10-02 13:05:05',	0,	2,	'2023-10-02 13:05:05',	67),
(246,	'2023-10-02 13:05:05',	0,	2,	'2023-10-02 13:05:05',	67),
(247,	'2023-10-02 13:05:05',	0,	2,	'2023-10-02 13:05:05',	68),
(248,	'2023-10-02 13:05:05',	0,	2,	'2023-10-02 13:05:05',	68),
(249,	'2023-10-02 13:05:05',	0,	2,	'2023-10-02 13:05:05',	68),
(250,	'2023-10-02 13:05:05',	0,	2,	'2023-10-02 13:05:05',	68),
(251,	'2023-10-02 13:05:05',	0,	2,	'2023-10-02 13:05:05',	69),
(252,	'2023-10-02 13:05:05',	0,	2,	'2023-10-02 13:05:05',	69),
(253,	'2023-10-02 13:05:05',	0,	2,	'2023-10-02 13:05:05',	69),
(254,	'2023-10-02 13:05:05',	0,	2,	'2023-10-02 13:05:05',	69),
(255,	'2023-10-02 13:05:05',	0,	2,	'2023-10-02 13:05:05',	70),
(256,	'2023-10-02 13:05:05',	0,	2,	'2023-10-02 13:05:05',	70),
(257,	'2023-10-02 13:05:05',	0,	2,	'2023-10-02 13:05:05',	70),
(258,	'2023-10-02 13:05:05',	0,	2,	'2023-10-02 13:05:05',	70),
(259,	'2023-10-02 13:05:05',	0,	2,	'2023-10-02 13:05:05',	71),
(260,	'2023-10-02 13:05:05',	0,	2,	'2023-10-02 13:05:05',	71),
(261,	'2023-10-02 13:05:05',	0,	2,	'2023-10-02 13:05:05',	71),
(262,	'2023-10-02 13:05:05',	0,	2,	'2023-10-02 13:05:05',	71),
(263,	'2023-10-02 13:05:05',	0,	2,	'2023-10-02 13:05:05',	72),
(264,	'2023-10-02 13:05:05',	0,	2,	'2023-10-02 13:05:05',	72),
(265,	'2023-10-02 13:05:05',	0,	2,	'2023-10-02 13:05:05',	72),
(266,	'2023-10-02 13:05:05',	0,	2,	'2023-10-02 13:05:05',	72),
(267,	'2023-10-02 13:05:05',	0,	2,	'2023-10-02 13:05:05',	73),
(268,	'2023-10-02 13:05:05',	0,	2,	'2023-10-02 13:05:05',	73),
(269,	'2023-10-02 13:05:05',	0,	2,	'2023-10-02 13:05:05',	73),
(270,	'2023-10-02 13:05:05',	0,	2,	'2023-10-02 13:05:05',	73),
(271,	'2023-10-02 13:05:05',	0,	2,	'2023-10-02 13:05:05',	74),
(272,	'2023-10-02 13:05:05',	0,	2,	'2023-10-02 13:05:05',	74),
(273,	'2023-10-02 13:05:05',	0,	2,	'2023-10-02 13:05:05',	74),
(274,	'2023-10-02 13:05:05',	0,	2,	'2023-10-02 13:05:05',	74),
(275,	'2023-10-02 13:05:05',	0,	2,	'2023-10-02 13:05:05',	75),
(276,	'2023-10-02 13:05:05',	0,	2,	'2023-10-02 13:05:05',	75),
(277,	'2023-10-02 13:05:05',	0,	2,	'2023-10-02 13:05:05',	75),
(278,	'2023-10-02 13:05:05',	0,	2,	'2023-10-02 13:05:05',	75),
(279,	'2023-10-02 13:05:05',	0,	2,	'2023-10-02 13:05:05',	76),
(280,	'2023-10-02 13:05:05',	0,	2,	'2023-10-02 13:05:05',	76),
(281,	'2023-10-02 13:05:05',	0,	2,	'2023-10-02 13:05:05',	76),
(282,	'2023-10-02 13:05:05',	0,	2,	'2023-10-02 13:05:05',	76),
(283,	'2023-10-02 13:05:05',	0,	2,	'2023-10-02 13:05:05',	77),
(284,	'2023-10-02 13:05:05',	0,	2,	'2023-10-02 13:05:05',	77),
(285,	'2023-10-02 13:05:05',	0,	2,	'2023-10-02 13:05:05',	77),
(286,	'2023-10-02 13:05:05',	0,	2,	'2023-10-02 13:05:05',	77),
(287,	'2023-10-02 13:05:05',	0,	2,	'2023-10-02 13:05:05',	78),
(288,	'2023-10-02 13:05:05',	0,	2,	'2023-10-02 13:05:05',	78),
(289,	'2023-10-02 13:05:05',	0,	2,	'2023-10-02 13:05:05',	78),
(290,	'2023-10-02 13:05:05',	0,	2,	'2023-10-02 13:05:05',	78),
(291,	'2023-10-02 13:05:05',	0,	2,	'2023-10-02 13:05:05',	79),
(292,	'2023-10-02 13:05:05',	0,	2,	'2023-10-02 13:05:05',	79),
(293,	'2023-10-02 13:05:05',	0,	2,	'2023-10-02 13:05:05',	79),
(294,	'2023-10-02 13:05:05',	0,	2,	'2023-10-02 13:05:05',	79),
(295,	'2023-10-02 13:05:05',	0,	2,	'2023-10-02 13:05:05',	80),
(296,	'2023-10-02 13:05:05',	0,	2,	'2023-10-02 13:05:05',	80),
(297,	'2023-10-02 13:05:05',	0,	2,	'2023-10-02 13:05:05',	80),
(298,	'2023-10-02 13:05:05',	0,	2,	'2023-10-02 13:05:05',	80),
(299,	'2023-10-02 13:05:05',	0,	2,	'2023-10-02 13:05:05',	81),
(300,	'2023-10-02 13:05:05',	0,	2,	'2023-10-02 13:05:05',	81),
(301,	'2023-10-02 13:05:05',	0,	2,	'2023-10-02 13:05:05',	81),
(302,	'2023-10-02 13:05:06',	0,	2,	'2023-10-02 13:05:06',	81),
(303,	'2023-10-02 13:05:06',	0,	2,	'2023-10-02 13:05:06',	82),
(304,	'2023-10-02 13:05:06',	0,	2,	'2023-10-02 13:05:06',	82),
(305,	'2023-10-02 13:05:06',	0,	2,	'2023-10-02 13:05:06',	82),
(306,	'2023-10-02 13:05:06',	0,	2,	'2023-10-02 13:05:06',	82),
(307,	'2023-10-02 13:05:06',	0,	2,	'2023-10-02 13:05:06',	83),
(308,	'2023-10-02 13:05:06',	0,	2,	'2023-10-02 13:05:06',	83),
(309,	'2023-10-02 13:05:06',	0,	2,	'2023-10-02 13:05:06',	83),
(310,	'2023-10-02 13:05:06',	0,	2,	'2023-10-02 13:05:06',	83),
(311,	'2023-10-02 13:05:06',	0,	2,	'2023-10-02 13:05:06',	84),
(312,	'2023-10-02 13:05:06',	0,	2,	'2023-10-02 13:05:06',	84),
(313,	'2023-10-02 13:05:06',	0,	2,	'2023-10-02 13:05:06',	84),
(314,	'2023-10-02 13:05:06',	0,	2,	'2023-10-02 13:05:06',	84),
(315,	'2023-10-02 13:05:06',	0,	2,	'2023-10-02 13:05:06',	85),
(316,	'2023-10-02 13:05:06',	0,	2,	'2023-10-02 13:05:06',	85),
(317,	'2023-10-02 13:05:06',	0,	2,	'2023-10-02 13:05:06',	85),
(318,	'2023-10-02 13:05:06',	0,	2,	'2023-10-02 13:05:06',	85),
(319,	'2023-10-02 13:05:06',	0,	2,	'2023-10-02 13:05:06',	86),
(320,	'2023-10-02 13:05:06',	0,	2,	'2023-10-02 13:05:06',	86),
(321,	'2023-10-02 13:05:06',	0,	2,	'2023-10-02 13:05:06',	86),
(322,	'2023-10-02 13:05:06',	0,	2,	'2023-10-02 13:05:06',	86),
(323,	'2023-10-02 13:05:06',	0,	2,	'2023-10-02 13:05:06',	87),
(324,	'2023-10-02 13:05:06',	0,	2,	'2023-10-02 13:05:06',	87),
(325,	'2023-10-02 13:05:06',	0,	2,	'2023-10-02 13:05:06',	87),
(326,	'2023-10-02 13:05:06',	0,	2,	'2023-10-02 13:05:06',	87),
(327,	'2023-10-02 13:05:06',	0,	2,	'2023-10-02 13:05:06',	88),
(328,	'2023-10-02 13:05:06',	0,	2,	'2023-10-02 13:05:06',	88),
(329,	'2023-10-02 13:05:06',	0,	2,	'2023-10-02 13:05:06',	88),
(330,	'2023-10-02 13:05:06',	0,	2,	'2023-10-02 13:05:06',	88),
(331,	'2023-10-02 13:05:06',	0,	2,	'2023-10-02 13:05:06',	89),
(332,	'2023-10-02 13:05:06',	0,	2,	'2023-10-02 13:05:06',	89),
(333,	'2023-10-02 13:05:06',	0,	2,	'2023-10-02 13:05:06',	89),
(334,	'2023-10-02 13:05:07',	0,	2,	'2023-10-02 13:05:07',	89),
(335,	'2023-10-02 13:05:07',	0,	2,	'2023-10-02 13:05:07',	90),
(336,	'2023-10-02 13:05:07',	0,	2,	'2023-10-02 13:05:07',	90),
(337,	'2023-10-02 13:05:07',	0,	2,	'2023-10-02 13:05:07',	90),
(338,	'2023-10-02 13:05:07',	0,	2,	'2023-10-02 13:05:07',	90),
(339,	'2023-10-02 13:05:07',	0,	2,	'2023-10-02 13:05:07',	91),
(340,	'2023-10-02 13:05:07',	0,	2,	'2023-10-02 13:05:07',	91),
(341,	'2023-10-02 13:05:07',	0,	2,	'2023-10-02 13:05:07',	91),
(342,	'2023-10-02 13:05:07',	0,	2,	'2023-10-02 13:05:07',	91),
(343,	'2023-10-02 13:05:07',	0,	2,	'2023-10-02 13:05:07',	92),
(344,	'2023-10-02 13:05:07',	0,	2,	'2023-10-02 13:05:07',	92),
(345,	'2023-10-02 13:05:07',	0,	2,	'2023-10-02 13:05:07',	92),
(346,	'2023-10-02 13:05:07',	0,	2,	'2023-10-02 13:05:07',	92),
(347,	'2023-10-02 13:05:07',	0,	2,	'2023-10-02 13:05:07',	93),
(348,	'2023-10-02 13:05:07',	0,	2,	'2023-10-02 13:05:07',	93),
(349,	'2023-10-02 13:05:07',	0,	2,	'2023-10-02 13:05:07',	93),
(350,	'2023-10-02 13:05:07',	0,	2,	'2023-10-02 13:05:07',	93),
(351,	'2023-10-02 13:05:07',	0,	2,	'2023-10-02 13:05:07',	94),
(352,	'2023-10-02 13:05:07',	0,	2,	'2023-10-02 13:05:07',	94),
(353,	'2023-10-02 13:05:07',	0,	2,	'2023-10-02 13:05:07',	94),
(354,	'2023-10-02 13:05:07',	0,	2,	'2023-10-02 13:05:07',	94),
(355,	'2023-10-02 13:05:07',	0,	2,	'2023-10-02 13:05:07',	95),
(356,	'2023-10-02 13:05:07',	0,	2,	'2023-10-02 13:05:07',	95),
(357,	'2023-10-02 13:05:07',	0,	2,	'2023-10-02 13:05:07',	95),
(358,	'2023-10-02 13:05:07',	0,	2,	'2023-10-02 13:05:07',	95),
(359,	'2023-10-02 13:05:07',	0,	2,	'2023-10-02 13:05:07',	96),
(360,	'2023-10-02 13:05:07',	0,	2,	'2023-10-02 13:05:07',	96),
(361,	'2023-10-02 13:05:07',	0,	2,	'2023-10-02 13:05:07',	96),
(362,	'2023-10-02 13:05:07',	0,	2,	'2023-10-02 13:05:07',	96),
(363,	'2023-10-02 13:05:07',	0,	2,	'2023-10-02 13:05:07',	97),
(364,	'2023-10-02 13:05:07',	0,	2,	'2023-10-02 13:05:07',	97),
(365,	'2023-10-02 13:05:07',	0,	2,	'2023-10-02 13:05:07',	97),
(366,	'2023-10-02 13:05:07',	0,	2,	'2023-10-02 13:05:07',	97),
(367,	'2023-10-02 13:05:07',	0,	2,	'2023-10-02 13:05:07',	98),
(368,	'2023-10-02 13:05:07',	0,	2,	'2023-10-02 13:05:07',	98),
(369,	'2023-10-02 13:05:07',	0,	2,	'2023-10-02 13:05:07',	98),
(370,	'2023-10-02 13:05:07',	0,	2,	'2023-10-02 13:05:07',	98),
(371,	'2023-10-02 13:05:07',	0,	2,	'2023-10-02 13:05:07',	99),
(372,	'2023-10-02 13:05:07',	0,	2,	'2023-10-02 13:05:07',	99),
(373,	'2023-10-02 13:05:07',	0,	2,	'2023-10-02 13:05:07',	99),
(374,	'2023-10-02 13:05:07',	0,	2,	'2023-10-02 13:05:07',	99),
(375,	'2023-10-02 13:05:07',	0,	2,	'2023-10-02 13:05:07',	100),
(376,	'2023-10-02 13:05:07',	0,	2,	'2023-10-02 13:05:07',	100),
(377,	'2023-10-02 13:05:07',	0,	2,	'2023-10-02 13:05:07',	100),
(378,	'2023-10-02 13:05:07',	0,	2,	'2023-10-02 13:05:07',	100),
(379,	'2023-10-02 13:05:07',	0,	2,	'2023-10-02 13:05:07',	101),
(380,	'2023-10-02 13:05:07',	0,	2,	'2023-10-02 13:05:07',	101),
(381,	'2023-10-02 13:05:07',	0,	2,	'2023-10-02 13:05:07',	101),
(382,	'2023-10-02 13:05:07',	0,	2,	'2023-10-02 13:05:07',	101),
(383,	'2023-10-02 13:05:07',	0,	2,	'2023-10-02 13:05:07',	102),
(384,	'2023-10-02 13:05:07',	0,	2,	'2023-10-02 13:05:07',	102),
(385,	'2023-10-02 13:05:07',	0,	2,	'2023-10-02 13:05:07',	102),
(386,	'2023-10-02 13:05:07',	0,	2,	'2023-10-02 13:05:07',	102),
(387,	'2023-10-02 13:05:07',	0,	2,	'2023-10-02 13:05:07',	103),
(388,	'2023-10-02 13:05:07',	0,	2,	'2023-10-02 13:05:07',	103),
(389,	'2023-10-02 13:05:07',	0,	2,	'2023-10-02 13:05:07',	103),
(390,	'2023-10-02 13:05:07',	0,	2,	'2023-10-02 13:05:07',	103),
(391,	'2023-10-02 13:05:07',	0,	2,	'2023-10-02 13:05:07',	104),
(392,	'2023-10-02 13:05:07',	0,	2,	'2023-10-02 13:05:07',	104),
(393,	'2023-10-02 13:05:07',	0,	2,	'2023-10-02 13:05:07',	104),
(394,	'2023-10-02 13:05:07',	0,	2,	'2023-10-02 13:05:07',	104),
(395,	'2023-10-02 13:05:07',	0,	2,	'2023-10-02 13:05:07',	105),
(396,	'2023-10-02 13:05:07',	0,	2,	'2023-10-02 13:05:07',	105),
(397,	'2023-10-02 13:05:07',	0,	2,	'2023-10-02 13:05:07',	105),
(398,	'2023-10-02 13:05:07',	0,	2,	'2023-10-02 13:05:07',	105),
(399,	'2023-10-02 13:05:07',	0,	2,	'2023-10-02 13:05:07',	106),
(400,	'2023-10-02 13:05:07',	0,	2,	'2023-10-02 13:05:07',	106),
(401,	'2023-10-02 13:05:07',	0,	2,	'2023-10-02 13:05:07',	106),
(402,	'2023-10-02 13:05:07',	0,	2,	'2023-10-02 13:05:07',	106),
(403,	'2023-10-02 13:05:07',	0,	2,	'2023-10-02 13:05:07',	107),
(404,	'2023-10-02 13:05:07',	0,	2,	'2023-10-02 13:05:07',	107),
(405,	'2023-10-02 13:05:07',	0,	2,	'2023-10-02 13:05:07',	107),
(406,	'2023-10-02 13:05:07',	0,	2,	'2023-10-02 13:05:07',	107),
(407,	'2023-10-02 13:05:07',	0,	2,	'2023-10-02 13:05:07',	108),
(408,	'2023-10-02 13:05:07',	0,	2,	'2023-10-02 13:05:07',	108),
(409,	'2023-10-02 13:05:07',	0,	2,	'2023-10-02 13:05:07',	108),
(410,	'2023-10-02 13:05:07',	0,	2,	'2023-10-02 13:05:07',	108),
(411,	'2023-10-02 13:05:07',	0,	2,	'2023-10-02 13:05:07',	109),
(412,	'2023-10-02 13:05:07',	0,	2,	'2023-10-02 13:05:07',	109),
(413,	'2023-10-02 13:05:07',	0,	2,	'2023-10-02 13:05:07',	109),
(414,	'2023-10-02 13:05:07',	0,	2,	'2023-10-02 13:05:07',	109),
(415,	'2023-10-02 13:05:07',	0,	2,	'2023-10-02 13:05:07',	110),
(416,	'2023-10-02 13:05:07',	0,	2,	'2023-10-02 13:05:07',	110),
(417,	'2023-10-02 13:05:08',	0,	2,	'2023-10-02 13:05:08',	110),
(418,	'2023-10-02 13:05:08',	0,	2,	'2023-10-02 13:05:08',	110),
(419,	'2023-10-02 13:05:08',	0,	2,	'2023-10-02 13:05:08',	111),
(420,	'2023-10-02 13:05:08',	0,	2,	'2023-10-02 13:05:08',	111),
(421,	'2023-10-02 13:05:08',	0,	2,	'2023-10-02 13:05:08',	111),
(422,	'2023-10-02 13:05:08',	0,	2,	'2023-10-02 13:05:08',	111),
(423,	'2023-10-02 13:05:08',	0,	2,	'2023-10-02 13:05:08',	112),
(424,	'2023-10-02 13:05:08',	0,	2,	'2023-10-02 13:05:08',	112),
(425,	'2023-10-02 13:05:08',	0,	2,	'2023-10-02 13:05:08',	112),
(426,	'2023-10-02 13:05:08',	0,	2,	'2023-10-02 13:05:08',	112),
(427,	'2023-10-02 13:05:08',	0,	2,	'2023-10-02 13:05:08',	113),
(428,	'2023-10-02 13:05:08',	0,	2,	'2023-10-02 13:05:08',	113),
(429,	'2023-10-02 13:05:08',	0,	2,	'2023-10-02 13:05:08',	113),
(430,	'2023-10-02 13:05:08',	0,	2,	'2023-10-02 13:05:08',	113),
(431,	'2023-10-02 13:05:08',	0,	2,	'2023-10-02 13:05:08',	114),
(432,	'2023-10-02 13:05:08',	0,	2,	'2023-10-02 13:05:08',	114),
(433,	'2023-10-02 13:05:08',	0,	2,	'2023-10-02 13:05:08',	114),
(434,	'2023-10-02 13:05:08',	0,	2,	'2023-10-02 13:05:08',	114),
(435,	'2023-10-02 13:05:08',	0,	2,	'2023-10-02 13:05:08',	115),
(436,	'2023-10-02 13:05:08',	0,	2,	'2023-10-02 13:05:08',	115),
(437,	'2023-10-02 13:05:08',	0,	2,	'2023-10-02 13:05:08',	115),
(438,	'2023-10-02 13:05:08',	0,	2,	'2023-10-02 13:05:08',	115),
(439,	'2023-10-02 13:05:08',	0,	2,	'2023-10-02 13:05:08',	116),
(440,	'2023-10-02 13:05:08',	0,	2,	'2023-10-02 13:05:08',	116),
(441,	'2023-10-02 13:05:08',	0,	2,	'2023-10-02 13:05:08',	116),
(442,	'2023-10-02 13:05:08',	0,	2,	'2023-10-02 13:05:08',	116),
(443,	'2023-10-02 13:05:08',	0,	2,	'2023-10-02 13:05:08',	117),
(444,	'2023-10-02 13:05:08',	0,	2,	'2023-10-02 13:05:08',	117),
(445,	'2023-10-02 13:05:08',	0,	2,	'2023-10-02 13:05:08',	117),
(446,	'2023-10-02 13:05:08',	0,	2,	'2023-10-02 13:05:08',	117),
(447,	'2023-10-02 13:05:08',	0,	2,	'2023-10-02 13:05:08',	118),
(448,	'2023-10-02 13:05:08',	0,	2,	'2023-10-02 13:05:08',	118),
(449,	'2023-10-02 13:05:08',	0,	2,	'2023-10-02 13:05:08',	118),
(450,	'2023-10-02 13:05:08',	0,	2,	'2023-10-02 13:05:08',	118),
(451,	'2023-10-02 13:05:08',	0,	2,	'2023-10-02 13:05:08',	119),
(452,	'2023-10-02 13:05:08',	0,	2,	'2023-10-02 13:05:08',	119),
(453,	'2023-10-02 13:05:08',	0,	2,	'2023-10-02 13:05:08',	119),
(454,	'2023-10-02 13:05:08',	0,	2,	'2023-10-02 13:05:08',	119),
(455,	'2023-10-02 13:05:08',	0,	2,	'2023-10-02 13:05:08',	120),
(456,	'2023-10-02 13:05:08',	0,	2,	'2023-10-02 13:05:08',	120),
(457,	'2023-10-02 13:05:08',	0,	2,	'2023-10-02 13:05:08',	120),
(458,	'2023-10-02 13:05:08',	0,	2,	'2023-10-02 13:05:08',	120),
(459,	'2023-10-02 13:05:08',	0,	2,	'2023-10-02 13:05:08',	121),
(460,	'2023-10-02 13:05:08',	0,	2,	'2023-10-02 13:05:08',	121),
(461,	'2023-10-02 13:05:08',	0,	2,	'2023-10-02 13:05:08',	121),
(462,	'2023-10-02 13:05:08',	0,	2,	'2023-10-02 13:05:08',	121),
(463,	'2023-10-02 13:05:08',	0,	2,	'2023-10-02 13:05:08',	122),
(464,	'2023-10-02 13:05:08',	0,	2,	'2023-10-02 13:05:08',	122),
(465,	'2023-10-02 13:05:08',	0,	2,	'2023-10-02 13:05:08',	122),
(466,	'2023-10-02 13:05:08',	0,	2,	'2023-10-02 13:05:08',	122),
(467,	'2023-10-02 13:05:08',	0,	2,	'2023-10-02 13:05:08',	123),
(468,	'2023-10-02 13:05:08',	0,	2,	'2023-10-02 13:05:08',	123),
(469,	'2023-10-02 13:05:08',	0,	2,	'2023-10-02 13:05:08',	123),
(470,	'2023-10-02 13:05:08',	0,	2,	'2023-10-02 13:05:08',	123),
(471,	'2023-10-02 13:07:54',	0,	3,	'2023-10-02 13:07:54',	1),
(472,	'2023-10-02 13:07:54',	0,	3,	'2023-10-02 13:07:54',	11),
(473,	'2023-10-02 13:07:54',	0,	3,	'2023-10-02 13:07:54',	31),
(474,	'2023-10-02 13:07:54',	0,	3,	'2023-10-02 13:07:54',	32),
(475,	'2023-10-02 13:07:54',	0,	3,	'2023-10-02 13:07:54',	33),
(476,	'2023-10-02 13:07:54',	0,	3,	'2023-10-02 13:07:54',	34),
(477,	'2023-10-02 13:07:54',	0,	3,	'2023-10-02 13:07:54',	35),
(478,	'2023-10-02 13:07:54',	0,	3,	'2023-10-02 13:07:54',	36),
(479,	'2023-10-02 13:07:55',	0,	3,	'2023-10-02 13:07:55',	37),
(480,	'2023-10-02 13:07:55',	0,	3,	'2023-10-02 13:07:55',	38),
(481,	'2023-10-02 13:07:55',	0,	3,	'2023-10-02 13:07:55',	39),
(482,	'2023-10-02 13:07:55',	0,	3,	'2023-10-02 13:07:55',	40),
(483,	'2023-10-02 13:07:55',	0,	3,	'2023-10-02 13:07:55',	41),
(484,	'2023-10-02 13:07:55',	0,	3,	'2023-10-02 13:07:55',	42),
(485,	'2023-10-02 13:07:55',	0,	3,	'2023-10-02 13:07:55',	43),
(486,	'2023-10-02 13:07:55',	0,	3,	'2023-10-02 13:07:55',	44),
(487,	'2023-10-02 13:07:55',	0,	3,	'2023-10-02 13:07:55',	45),
(488,	'2023-10-02 13:07:55',	0,	3,	'2023-10-02 13:07:55',	46),
(489,	'2023-10-02 13:07:55',	0,	3,	'2023-10-02 13:07:55',	47),
(490,	'2023-10-02 13:07:55',	0,	3,	'2023-10-02 13:07:55',	48),
(491,	'2023-10-02 13:07:55',	0,	3,	'2023-10-02 13:07:55',	49),
(492,	'2023-10-02 13:07:55',	0,	3,	'2023-10-02 13:07:55',	50),
(493,	'2023-10-02 13:07:55',	0,	3,	'2023-10-02 13:07:55',	51),
(494,	'2023-10-02 13:07:55',	0,	3,	'2023-10-02 13:07:55',	52),
(495,	'2023-10-02 13:07:55',	0,	3,	'2023-10-02 13:07:55',	53),
(496,	'2023-10-02 13:07:55',	0,	3,	'2023-10-02 13:07:55',	54),
(497,	'2023-10-02 13:07:55',	43,	3,	'2023-10-26 12:25:11',	56),
(498,	'2023-10-02 13:07:55',	0,	3,	'2023-10-02 13:07:55',	57),
(499,	'2023-10-02 13:07:55',	0,	3,	'2023-10-02 13:07:55',	58),
(500,	'2023-10-02 13:07:55',	0,	3,	'2023-10-02 13:07:55',	59),
(501,	'2023-10-02 13:07:55',	0,	3,	'2023-10-02 13:07:55',	60),
(502,	'2023-10-02 13:07:55',	0,	3,	'2023-10-02 13:07:55',	61),
(503,	'2023-10-02 13:07:55',	0,	3,	'2023-10-02 13:07:55',	62),
(504,	'2023-10-02 13:07:55',	0,	3,	'2023-10-02 13:07:55',	63),
(505,	'2023-10-02 13:07:55',	0,	3,	'2023-10-02 13:07:55',	64),
(506,	'2023-10-02 13:07:55',	0,	3,	'2023-10-02 13:07:55',	65),
(507,	'2023-10-02 13:07:55',	0,	3,	'2023-10-02 13:07:55',	66),
(508,	'2023-10-02 13:07:55',	0,	3,	'2023-10-02 13:07:55',	67),
(509,	'2023-10-02 13:07:55',	0,	3,	'2023-10-02 13:07:55',	68),
(510,	'2023-10-02 13:07:55',	0,	3,	'2023-10-02 13:07:55',	69),
(511,	'2023-10-02 13:07:55',	0,	3,	'2023-10-02 13:07:55',	70),
(512,	'2023-10-02 13:07:55',	0,	3,	'2023-10-02 13:07:55',	71),
(513,	'2023-10-02 13:07:55',	0,	3,	'2023-10-02 13:07:55',	72),
(514,	'2023-10-02 13:07:55',	0,	3,	'2023-10-02 13:07:55',	73),
(515,	'2023-10-02 13:07:55',	0,	3,	'2023-10-02 13:07:55',	74),
(516,	'2023-10-02 13:07:55',	0,	3,	'2023-10-02 13:07:55',	75),
(517,	'2023-10-02 13:07:55',	0,	3,	'2023-10-02 13:07:55',	76),
(518,	'2023-10-02 13:07:55',	0,	3,	'2023-10-02 13:07:55',	77),
(519,	'2023-10-02 13:07:55',	0,	3,	'2023-10-02 13:07:55',	78),
(520,	'2023-10-02 13:07:55',	0,	3,	'2023-10-02 13:07:55',	79),
(521,	'2023-10-02 13:07:55',	0,	3,	'2023-10-02 13:07:55',	80),
(522,	'2023-10-02 13:07:55',	0,	3,	'2023-10-02 13:07:55',	81),
(523,	'2023-10-02 13:07:55',	0,	3,	'2023-10-02 13:07:55',	82),
(524,	'2023-10-02 13:07:55',	0,	3,	'2023-10-02 13:07:55',	83),
(525,	'2023-10-02 13:07:55',	0,	3,	'2023-10-02 13:07:55',	84),
(526,	'2023-10-02 13:07:55',	0,	3,	'2023-10-02 13:07:55',	85),
(527,	'2023-10-02 13:07:55',	0,	3,	'2023-10-02 13:07:55',	86),
(528,	'2023-10-02 13:07:55',	0,	3,	'2023-10-02 13:07:55',	87),
(529,	'2023-10-02 13:07:55',	0,	3,	'2023-10-02 13:07:55',	88),
(530,	'2023-10-02 13:07:55',	0,	3,	'2023-10-02 13:07:55',	89),
(531,	'2023-10-02 13:07:55',	0,	3,	'2023-10-02 13:07:55',	90),
(532,	'2023-10-02 13:07:55',	0,	3,	'2023-10-02 13:07:55',	91),
(533,	'2023-10-02 13:07:55',	0,	3,	'2023-10-02 13:07:55',	92),
(534,	'2023-10-02 13:07:55',	0,	3,	'2023-10-02 13:07:55',	93),
(535,	'2023-10-02 13:07:55',	0,	3,	'2023-10-02 13:07:55',	94),
(536,	'2023-10-02 13:07:55',	0,	3,	'2023-10-02 13:07:55',	95),
(537,	'2023-10-02 13:07:55',	0,	3,	'2023-10-02 13:07:55',	96),
(538,	'2023-10-02 13:07:55',	0,	3,	'2023-10-02 13:07:55',	97),
(539,	'2023-10-02 13:07:55',	0,	3,	'2023-10-02 13:07:55',	98),
(540,	'2023-10-02 13:07:55',	0,	3,	'2023-10-02 13:07:55',	99),
(541,	'2023-10-02 13:07:55',	0,	3,	'2023-10-02 13:07:55',	100),
(542,	'2023-10-02 13:07:55',	0,	3,	'2023-10-02 13:07:55',	101),
(543,	'2023-10-02 13:07:55',	0,	3,	'2023-10-02 13:07:55',	102),
(544,	'2023-10-02 13:07:56',	0,	3,	'2023-10-02 13:07:56',	103),
(545,	'2023-10-02 13:07:56',	0,	3,	'2023-10-02 13:07:56',	104),
(546,	'2023-10-02 13:07:56',	0,	3,	'2023-10-02 13:07:56',	105),
(547,	'2023-10-02 13:07:56',	0,	3,	'2023-10-02 13:07:56',	106),
(548,	'2023-10-02 13:07:56',	0,	3,	'2023-10-02 13:07:56',	107),
(549,	'2023-10-02 13:07:56',	0,	3,	'2023-10-02 13:07:56',	108),
(550,	'2023-10-02 13:07:56',	0,	3,	'2023-10-02 13:07:56',	109),
(551,	'2023-10-02 13:07:56',	0,	3,	'2023-10-02 13:07:56',	110),
(552,	'2023-10-02 13:07:56',	0,	3,	'2023-10-02 13:07:56',	111),
(553,	'2023-10-02 13:07:56',	0,	3,	'2023-10-02 13:07:56',	112),
(554,	'2023-10-02 13:07:56',	0,	3,	'2023-10-02 13:07:56',	113),
(555,	'2023-10-02 13:07:56',	0,	3,	'2023-10-02 13:07:56',	114),
(556,	'2023-10-02 13:07:56',	0,	3,	'2023-10-02 13:07:56',	115),
(557,	'2023-10-02 13:07:56',	0,	3,	'2023-10-02 13:07:56',	116),
(558,	'2023-10-02 13:07:56',	0,	3,	'2023-10-02 13:07:56',	117),
(559,	'2023-10-02 13:07:56',	0,	3,	'2023-10-02 13:07:56',	118),
(560,	'2023-10-02 13:07:56',	0,	3,	'2023-10-02 13:07:56',	119),
(561,	'2023-10-02 13:07:56',	0,	3,	'2023-10-02 13:07:56',	120),
(562,	'2023-10-02 13:07:56',	0,	3,	'2023-10-02 13:07:56',	121),
(563,	'2023-10-02 13:07:56',	0,	3,	'2023-10-02 13:07:56',	122),
(564,	'2023-10-02 13:07:56',	0,	3,	'2023-10-02 13:07:56',	123);

CREATE TABLE `lesson` (
  `lesson_id` bigint NOT NULL AUTO_INCREMENT,
  `grade_id` bigint NOT NULL,
  `guide_post_text` varchar(255) DEFAULT NULL,
  `lesson_index` int NOT NULL,
  `test_id` bigint NOT NULL,
  `video_url` varchar(255) DEFAULT NULL,
  `video_duration` bigint NOT NULL,
  PRIMARY KEY (`lesson_id`)
) ENGINE=MyISAM DEFAULT CHARSET=utf8mb3;

INSERT INTO `lesson` (`lesson_id`, `grade_id`, `guide_post_text`, `lesson_index`, `test_id`, `video_url`, `video_duration`) VALUES
(71,	1,	'Welcome #2|I can explain the benefits of mindfulness.',	2,	94,	'https://youtu.be/F2GY3mi09Cg',	476),
(41,	2,	'Welcome #1| I can explain the benefits of mindfulness.',	1,	109,	'https://youtu.be/OjFiyQKc3kU',	390),
(61,	1,	'Welcome #1|I can explain the benefits of mindfulness.',	1,	93,	'https://youtu.be/WkIRDE4lPvk',	513),
(51,	2,	'Welcome #2| I can explain the benefits of mindfulness.',	2,	110,	'https://youtu.be/bdsuxADZldw',	412),
(81,	1,	'Welcome #3|I can explain the benefits of mindfulness.',	3,	95,	'https://youtu.be/0hkgkaa87pI',	461),
(91,	2,	'Welcome #3| I can explain the benefits of mindfulness.',	3,	111,	'https://youtu.be/ZD36G5rzecQ',	407),
(101,	2,	'Welcome #4| I can explain the benefits of mindfulness.',	4,	112,	'https://youtu.be/AUvOpZlFov4',	404),
(111,	1,	'Welcome #4|I can explain the benefits of mindfulness.',	4,	96,	'https://youtu.be/-tc_3PzNsmg',	416),
(113,	3,	'Welcome #1| I can explain the benefits of mindfulness.',	1,	128,	'https://youtu.be/Cp0c3Do4OTg',	334),
(114,	3,	'Welcome #2| I can explain the benefits of mindfulness.',	2,	129,	'https://youtu.be/6-nxhZPcAQo',	316),
(115,	3,	'Welcome #3| I can explain the benefits of mindfulness.',	3,	130,	'https://youtu.be/IH8slPONmZc',	287),
(116,	1,	'What Is Mindfulness? #1|I can explain the benefits of mindfulness.',	5,	97,	'https://youtu.be/haao9GbGuxc',	399),
(117,	3,	'Welcome #4| I can explain the benefits of mindfulness.',	4,	131,	'https://youtu.be/T0u6kSkPnuI',	329),
(118,	3,	'What Is Mindfulness #1| I can explain the benefits of mindfulness.',	5,	132,	'https://youtu.be/zY83nIIXSnc',	307),
(119,	3,	'What Is Mindfulness #2| I can explain the benefits of mindfulness.',	6,	133,	'https://youtu.be/OQ1aRRhCVXw',	295),
(120,	1,	'What Is Mindfulness? #2|I can explain the benefits of mindfulness.',	6,	98,	'https://youtu.be/nnRrm4TLRKc',	394),
(121,	1,	'What Is Mindfulness? #3|I can explain the benefits of mindfulness.',	7,	99,	'https://youtu.be/B0NbDXqBDdY',	381),
(122,	1,	'Mindfulness Goodies #1|I can explain the benefits of mindfulness.',	8,	100,	'https://youtu.be/GZO9WpOhLtw',	445),
(123,	1,	'Mindfulness Goodies #4|I can explain the benefits of mindfulness.',	9,	101,	'https://youtu.be/1bdCtqauCpA',	459),
(124,	1,	'Mindfulness Goodies #3| I can explain the benefits of mindfulness.',	10,	102,	'https://youtu.be/OaUWphGB4Lw',	405),
(125,	1,	'Mindfulness Goodies #4| I can explain the benefits of mindfulness.',	11,	103,	'https://youtu.be/r_dnLMGojRo',	413),
(126,	1,	'Why Is Mindfulness Important? #2| I can explain the benefits of mindfulness.',	12,	104,	'https://youtu.be/oGLKIkQepBo',	467),
(127,	1,	'Why Is Mindfulness Important? #2| I can explain the benefits of mindfulness.',	13,	105,	'https://youtu.be/QaeMc-279hQ',	438),
(128,	1,	'Why Is Mindfulness Important? #3| I can explain the benefits of mindfulness.',	14,	106,	'https://youtu.be/M-tF5iqZ69o',	484),
(129,	1,	'Why Is Mindfulness Important? #4| I can explain the benefits of mindfulness.',	15,	107,	'https://youtu.be/aYGsYX_34wM',	477),
(130,	1,	'Shake It Off| Focus Practice',	16,	0,	'https://youtu.be/m_xc8QFmVWg',	151),
(131,	1,	'Squeeze & Release| Focus Practice',	17,	0,	'https://youtu.be/edPDXo2p07E',	204),
(132,	1,	'Observe the Senses| Focus Practice',	18,	0,	'https://youtu.be/z2rPmo1oqHM',	149),
(133,	1,	'Listen In| Focus Practice',	19,	0,	'https://youtu.be/R9WpCg8NR-I',	168),
(134,	1,	'Body Twist| Focus Practice',	20,	0,	'https://youtu.be/lu9XDS-Yv98',	145),
(135,	1,	'Balloon Breath| Focus Practice',	21,	143,	'https://youtu.be/kRXrN_ZoKiI',	232),
(136,	2,	'What Is Mindfulness? #1| I can explain the benefits of mindfulness.',	5,	113,	'https://youtu.be/ZQT1Zdh8f0c',	275),
(137,	2,	'What Is Mindfulness? #2| I can explain the benefits of mindfulness.',	6,	114,	'https://youtu.be/8oMco9yBvds',	304),
(138,	2,	'What Is Mindfulness? #3| I can explain the benefits of mindfulness.',	7,	115,	'https://youtu.be/cmVbhGckKvU',	276),
(139,	2,	'What Is Mindfulness? #4| I can explain the benefits of mindfulness.',	8,	116,	'https://youtu.be/u546i5RRleI',	279),
(140,	2,	'What Is Mindfulness? #5| I can explain the benefits of mindfulness.',	9,	117,	'https://youtu.be/nD0Z4ngfuFM',	285),
(141,	2,	'The Benefits of Mindfulness #1| I can explain the benefits of mindfulness.',	10,	118,	'https://youtu.be/9UivwD9j4wc',	338),
(142,	2,	'The Benefits of Mindfulness #2| I can explain the benefits of mindfulness.',	11,	119,	'https://youtu.be/1DINYU9BiJk',	376),
(143,	2,	'The Benefits of Mindfulness #3| I can explain the benefits of mindfulness.',	12,	120,	'https://youtu.be/ZH1sL-YN-yc',	384),
(144,	2,	'The Benefits of Mindfulness #4| I can explain the benefits of mindfulness.',	13,	121,	'https://youtu.be/mau3zyChkkY',	351),
(145,	2,	'Why Is Mindfulness Relevant? #1| I can explain the benefits of mindfulness.',	14,	122,	'https://youtu.be/T0oTwx646S0',	301),
(146,	2,	'Why Is Mindfulness Relevant? #2| I can explain the benefits of mindfulness.',	15,	123,	'https://youtu.be/4X5hegE6Vy0',	330),
(147,	2,	'Why Is Mindfulness Relevant? #3| I can explain the benefits of mindfulness.',	16,	124,	'https://youtu.be/Ak-BmBaP5gU',	311),
(148,	2,	'Benefits of Deep Breathing #1| I can explain the benefits of mindfulness.',	17,	125,	'https://youtu.be/iRqb1g35Qkk',	381),
(149,	2,	'Benefits of Deep Breathing #2| I can explain the benefits of mindfulness.',	18,	126,	'https://youtu.be/570JqvTMJWs',	393),
(150,	2,	'Benefits of Deep Breathing #3| I can explain the benefits of mindfulness.',	19,	127,	'https://youtu.be/xb3JzTbi2Ds',	371),
(151,	2,	'Shake It Off| Focus Practice',	20,	0,	'https://youtu.be/m_xc8QFmVWg',	151),
(152,	2,	'Squeeze & Release| Focus Practice',	21,	0,	'https://youtu.be/edPDXo2p07E',	204),
(153,	2,	'Observe the Senses| Focus Practice',	22,	0,	'https://youtu.be/z2rPmo1oqHM',	149),
(154,	2,	'Listen In| Focus Practice',	23,	0,	'https://youtu.be/R9WpCg8NR-I',	168),
(155,	2,	'Body Twist| Focus Practice',	24,	0,	'https://youtu.be/lu9XDS-Yv98',	145),
(156,	2,	'Balloon Breath| Focus Practice',	25,	0,	'https://youtu.be/kRXrN_ZoKiI',	232),
(157,	3,	'What Is Mindfulness #3| I can explain the benefits of mindfulness.',	7,	134,	'https://youtu.be/5U-ZHapxsRU',	317),
(158,	3,	'What Is Mindfulness #4| I can explain the benefits of mindfulness.',	8,	135,	'https://youtu.be/eAlxG_aQ89U',	364),
(159,	3,	'Benefits of Mindfulness #1| I can explain the benefits of mindfulness.',	9,	136,	'https://youtu.be/DB8sDmZGAVM',	360),
(160,	3,	'Benefits of Mindfulness #2| I can explain the benefits of mindfulness.',	10,	137,	'https://youtu.be/I0SfznHGO_w',	397),
(161,	3,	'Benefits of Mindfulness #3| I can explain the benefits of mindfulness.',	11,	138,	'https://youtu.be/ZmRG8_Dd9_o',	444),
(162,	3,	'Benefits of Mindfulness #4| I can explain the benefits of mindfulness.',	12,	139,	'https://youtu.be/a3mFXlfX61w',	354),
(163,	3,	'Why Is Mindfulness Relevant? #1| I can explain the benefits of mindfulness.',	13,	140,	'https://youtu.be/SaxKhdvBnCs',	422),
(164,	3,	'Why Is Mindfulness Relevant? #2| I can explain the benefits of mindfulness.',	14,	141,	'https://youtu.be/tW4b04J8DzU',	471),
(165,	3,	'Why Is Mindfulness Relevant? #3| I can explain the benefits of mindfulness.',	15,	142,	'https://youtu.be/RGmr26IPBIA',	518),
(166,	3,	'Shake It Off| Focus Practice',	16,	0,	'https://youtu.be/m_xc8QFmVWg',	151),
(167,	3,	'Squeeze & Release| Focus Practice',	17,	0,	'https://youtu.be/edPDXo2p07E',	204),
(168,	3,	'Observe the Senses| Focus Practice',	18,	0,	'https://youtu.be/z2rPmo1oqHM',	149),
(169,	3,	'Listen In-Focus Practice',	19,	0,	'https://youtu.be/R9WpCg8NR-I',	168),
(170,	3,	'Body Twist| Focus Practice',	20,	0,	'https://youtu.be/lu9XDS-Yv98',	145),
(171,	3,	'Balloon Breath| Focus Practice',	21,	0,	'https://youtu.be/kRXrN_ZoKiI',	232);

CREATE TABLE `lesson_record` (
  `lesson_record_id` bigint NOT NULL AUTO_INCREMENT,
  `created_at` datetime DEFAULT NULL,
  `lesson_id` bigint NOT NULL,
  `student_id` bigint NOT NULL,
  PRIMARY KEY (`lesson_record_id`)
) ENGINE=MyISAM DEFAULT CHARSET=utf8mb3;

INSERT INTO `lesson_record` (`lesson_record_id`, `created_at`, `lesson_id`, `student_id`) VALUES
(225,	'2020-02-28 14:43:19',	61,	164),
(182,	'2020-02-27 11:25:52',	61,	154),
(183,	'2020-02-27 11:27:00',	61,	154),
(184,	'2020-02-27 11:27:49',	61,	154),
(185,	'2020-02-27 11:29:40',	61,	154),
(186,	'2020-02-27 11:33:22',	61,	154),
(187,	'2020-02-27 11:34:29',	61,	154),
(188,	'2020-02-27 11:39:09',	61,	154),
(189,	'2020-02-27 11:43:47',	61,	154),
(190,	'2020-02-27 11:46:22',	71,	154),
(191,	'2020-02-27 11:47:07',	81,	154),
(193,	'2020-02-27 11:59:01',	61,	11),
(194,	'2020-02-27 12:01:14',	71,	11),
(195,	'2020-02-27 12:02:52',	81,	11),
(276,	'2020-03-04 14:52:37',	61,	170),
(197,	'2020-02-27 12:45:57',	61,	155),
(198,	'2020-02-27 12:47:26',	71,	155),
(199,	'2020-02-27 12:48:44',	81,	155),
(201,	'2020-02-27 14:13:04',	61,	156),
(202,	'2020-02-27 14:14:35',	71,	156),
(203,	'2020-02-27 14:15:19',	81,	156),
(279,	'2020-03-04 15:12:59',	81,	173),
(205,	'2020-02-27 15:01:56',	61,	157),
(206,	'2020-02-27 15:02:38',	71,	157),
(207,	'2020-02-27 15:04:35',	81,	157),
(277,	'2020-03-04 15:11:01',	61,	173),
(209,	'2020-02-27 15:11:51',	61,	158),
(210,	'2020-02-27 15:12:32',	71,	158),
(211,	'2020-02-27 15:13:17',	81,	158),
(213,	'2020-02-28 11:08:29',	61,	1),
(214,	'2020-02-28 11:09:14',	71,	1),
(215,	'2020-02-28 11:10:00',	81,	1),
(217,	'2020-02-28 11:45:10',	61,	81),
(218,	'2020-02-28 11:46:25',	71,	81),
(219,	'2020-02-28 11:47:10',	81,	81),
(278,	'2020-03-04 15:11:49',	71,	173),
(221,	'2020-02-28 12:14:37',	61,	162),
(222,	'2020-02-28 12:15:21',	71,	162),
(223,	'2020-02-28 12:16:11',	81,	162),
(226,	'2020-02-28 14:44:03',	71,	164),
(227,	'2020-02-28 14:44:46',	81,	164),
(228,	'2020-02-28 14:44:47',	81,	164),
(281,	'2020-03-05 19:01:11',	71,	167),
(282,	'2020-03-05 19:02:26',	81,	167),
(283,	'2020-03-05 19:06:58',	111,	167),
(284,	'2020-03-05 19:20:31',	71,	172),
(280,	'2020-03-05 19:00:12',	61,	167),
(245,	'2020-03-03 12:38:51',	61,	168),
(246,	'2020-03-03 12:40:04',	71,	168),
(247,	'2020-03-03 12:41:26',	81,	168),
(248,	'2020-03-03 17:37:32',	61,	171),
(249,	'2020-03-03 17:38:33',	71,	171),
(274,	'2020-03-04 14:01:58',	61,	172),
(260,	'2020-03-03 20:23:58',	71,	169),
(259,	'2020-03-03 20:21:46',	61,	169),
(275,	'2020-03-04 14:47:41',	81,	171),
(285,	'2020-03-06 12:10:15',	81,	172),
(286,	'2020-03-06 12:11:08',	111,	172),
(287,	'2020-03-06 12:27:26',	61,	176),
(288,	'2020-03-06 12:28:19',	71,	176),
(289,	'2020-03-06 12:30:19',	81,	176),
(290,	'2020-03-06 12:31:33',	111,	176),
(291,	'2020-03-12 06:07:38',	113,	160),
(292,	'2020-03-12 13:27:57',	114,	160),
(293,	'2020-03-13 07:18:27',	113,	177),
(294,	'2020-03-13 07:39:31',	114,	177),
(295,	'2020-03-13 07:52:04',	113,	178),
(296,	'2020-03-13 07:53:09',	114,	178),
(297,	'2020-03-13 12:13:09',	113,	179),
(298,	'2020-03-13 12:13:57',	114,	179),
(299,	'2020-03-13 12:28:20',	115,	179),
(300,	'2020-03-13 12:39:45',	117,	179),
(301,	'2020-03-13 12:41:31',	118,	179),
(302,	'2020-03-17 06:16:49',	111,	11),
(303,	'2020-03-27 07:35:25',	111,	1),
(304,	'2020-04-16 22:03:25',	61,	181),
(305,	'2020-04-22 18:43:42',	61,	210),
(306,	'2020-04-23 10:33:59',	61,	237),
(307,	'2020-04-30 02:28:01',	61,	254),
(308,	'2020-05-05 11:04:10',	71,	237),
(309,	'2020-09-25 16:31:23',	61,	182),
(310,	'2020-09-25 16:44:56',	71,	182),
(311,	'2020-11-30 18:22:13',	81,	182),
(312,	'2020-11-30 18:46:58',	111,	182),
(313,	'2020-12-01 11:13:53',	116,	182),
(314,	'2020-12-01 11:16:12',	120,	182),
(315,	'2020-12-01 11:23:51',	121,	182),
(316,	'2020-12-07 17:35:57',	122,	182),
(317,	'2020-12-11 12:23:24',	123,	182),
(318,	'2020-12-14 12:19:52',	61,	262),
(319,	'2020-12-14 12:41:44',	71,	262),
(320,	'2020-12-14 16:24:43',	81,	262),
(321,	'2020-12-14 16:39:59',	111,	262),
(322,	'2020-12-14 17:16:58',	116,	262),
(323,	'2020-12-14 17:29:09',	120,	262),
(324,	'2020-12-14 17:39:36',	121,	262),
(325,	'2020-12-14 17:42:18',	122,	262),
(326,	'2020-12-14 18:09:19',	123,	262),
(327,	'2020-12-21 19:09:02',	124,	182),
(328,	'2021-01-18 13:02:27',	61,	296),
(329,	'2021-01-18 14:53:12',	71,	296),
(330,	'2021-01-18 14:55:03',	81,	296),
(331,	'2021-01-18 15:59:46',	111,	296),
(332,	'2021-01-18 16:09:32',	116,	296),
(333,	'2021-01-19 13:40:04',	120,	296),
(334,	'2021-01-19 17:35:16',	125,	182),
(335,	'2021-01-19 18:30:46',	121,	296),
(336,	'2021-01-19 18:32:47',	122,	296),
(337,	'2021-01-20 12:37:23',	61,	278),
(338,	'2021-01-20 12:37:37',	61,	277),
(339,	'2021-01-20 13:43:38',	123,	296),
(340,	'2021-09-09 00:56:16',	111,	154),
(341,	'2021-09-15 00:15:23',	116,	154);

CREATE TABLE `message` (
  `message_id` bigint NOT NULL AUTO_INCREMENT,
  `admin_deactivates` varchar(255) DEFAULT NULL,
  `admin_deletes` varchar(255) DEFAULT NULL,
  `free_trial_expired` varchar(255) DEFAULT NULL,
  `subscription_expired` varchar(255) DEFAULT NULL,
  `added_to_favorite` varchar(255) DEFAULT NULL,
  `removed_from_favorite` varchar(255) DEFAULT NULL,
  `number_of_students_who_did_clymb` varchar(255) DEFAULT NULL,
  `unable_to_onboard_more_youths` varchar(255) DEFAULT NULL,
  `invoice_resend_failed` varchar(255) DEFAULT NULL,
  `invoice_resend_success` varchar(255) DEFAULT NULL,
  `have_reached_happiness_altitude` varchar(255) DEFAULT NULL,
  `free_trial_expired_corporate` varchar(255) DEFAULT NULL,
  `subscription_expired_corporate` varchar(255) DEFAULT NULL,
  `corporate_deletes` varchar(255) DEFAULT NULL,
  `student_sign_up` varchar(255) DEFAULT NULL,
  `invoice_deleted` varchar(255) DEFAULT NULL,
  `added_to_favorite_es` varchar(255) DEFAULT NULL,
  `admin_deactivates_es` varchar(255) DEFAULT NULL,
  `admin_deletes_es` varchar(255) DEFAULT NULL,
  `corporate_deletes_es` varchar(255) DEFAULT NULL,
  `free_trial_expired_corporate_es` varchar(255) DEFAULT NULL,
  `free_trial_expired_es` varchar(255) DEFAULT NULL,
  `have_reached_happiness_altitude_es` varchar(255) DEFAULT NULL,
  `invoice_deleted_es` varchar(255) DEFAULT NULL,
  `invoice_resend_failed_es` varchar(255) DEFAULT NULL,
  `invoice_resend_success_es` varchar(255) DEFAULT NULL,
  `number_of_students_who_did_clymb_es` varchar(255) DEFAULT NULL,
  `removed_from_favorite_es` varchar(255) DEFAULT NULL,
  `student_sign_up_es` varchar(255) DEFAULT NULL,
  `subscription_expired_corporate_es` varchar(255) DEFAULT NULL,
  `subscription_expired_es` varchar(255) DEFAULT NULL,
  `unable_to_onboard_more_youths_es` varchar(255) DEFAULT NULL,
  PRIMARY KEY (`message_id`)
) ENGINE=MyISAM DEFAULT CHARSET=utf8mb4 COLLATE=utf8mb4_0900_ai_ci;

INSERT INTO `message` (`message_id`, `admin_deactivates`, `admin_deletes`, `free_trial_expired`, `subscription_expired`, `added_to_favorite`, `removed_from_favorite`, `number_of_students_who_did_clymb`, `unable_to_onboard_more_youths`, `invoice_resend_failed`, `invoice_resend_success`, `have_reached_happiness_altitude`, `free_trial_expired_corporate`, `subscription_expired_corporate`, `corporate_deletes`, `student_sign_up`, `invoice_deleted`, `added_to_favorite_es`, `admin_deactivates_es`, `admin_deletes_es`, `corporate_deletes_es`, `free_trial_expired_corporate_es`, `free_trial_expired_es`, `have_reached_happiness_altitude_es`, `invoice_deleted_es`, `invoice_resend_failed_es`, `invoice_resend_success_es`, `number_of_students_who_did_clymb_es`, `removed_from_favorite_es`, `student_sign_up_es`, `subscription_expired_corporate_es`, `subscription_expired_es`, `unable_to_onboard_more_youths_es`) VALUES
(1,	'The organization has been marked as Inactive. Please contact the organization admin for the same.',	'The organization has been deleted by the admin. Please contact the Clymb admin for the same.',	'The organization’s free trial has ended. Please contact the organization admin for the same.',	'The organization’s subscription has ended. Please contact the organization admin for the same.',	'Resource added to favorites.',	'Resource removed from favorites.',	'<out_of> out of <total> used Clymb',	'Unable to onboard more youths at the moment. Please contact Clymb Support Team for the same.',	'Unable to resend an invoice at the moment. Please try after some time.',	'Invoice sent to <email_address>',	'More than 50% of Clymbers reached Happiness Altitude last week.',	'The corporate’s free trial has ended. Please contact the corporate admin for the same.',	'The corporate’s subscription has ended. Please contact the corporate admin for the same.',	'The corporate has been deleted by the admin. Please contact the Clymb admin for the same.',	'Profile created successfully. You can login and access Clymb now',	NULL,	'Recurso añadido a favoritos.',	'La organización ha sido marcada como Inactiva. Póngase en contacto con el administrador de la organización.',	'La organización ha sido eliminada por el administrador. Por favor, póngase en contacto con el administrador Clymb para el mismo.',	'La empresa ha sido eliminada por el administrador. Por favor, póngase en contacto con el administrador Clymb para el mismo.',	'La prueba gratuita de la empresa ha finalizado. Póngase en contacto con el administrador de la empresa.',	'La prueba gratuita de la organización ha finalizado. Póngase en contacto con el administrador de la organización',	'Más del 50% de los Clymbers alcanzaron la Altitud de la Felicidad la semana pasada.',	NULL,	'No es posible reenviar una factura en este momento. Por favor, inténtelo después de algún tiempo.',	'Factura enviada a <email_address>',	'<out_of> de <total> usado Clymb',	'Recurso eliminado de favoritos.',	'Perfil creado con éxito. Ya puede iniciar sesión y acceder a Clymb',	'La suscripción de la empresa ha finalizado. Póngase en contacto con el administrador de la empresa.',	'La suscripción de la organización ha finalizado. Póngase en contacto con el administrador de la organización.',	'Por el momento no es posible incorporar a más jóvenes. Póngase en contacto con el equipo de asistencia de Clymb.');

CREATE TABLE `mood` (
  `mood_id` bigint NOT NULL AUTO_INCREMENT,
  `animated_image` varchar(255) DEFAULT NULL,
  `created_at` datetime NOT NULL,
  `mood` varchar(255) DEFAULT NULL,
  `updated_at` datetime DEFAULT NULL,
  `weight` double NOT NULL,
  `sort_index` int NOT NULL,
  `happiness_altitude` bit(1) NOT NULL,
  `for_elementary_grade_only` bit(1) NOT NULL,
  `images_elementary` varchar(255) DEFAULT NULL,
  `images_others` varchar(255) DEFAULT NULL,
  `mood_es` varchar(255) DEFAULT NULL,
  PRIMARY KEY (`mood_id`)
) ENGINE=MyISAM DEFAULT CHARSET=latin1;

INSERT INTO `mood` (`mood_id`, `animated_image`, `created_at`, `mood`, `updated_at`, `weight`, `sort_index`, `happiness_altitude`, `for_elementary_grade_only`, `images_elementary`, `images_others`, `mood_es`) VALUES
(1,	'Happy.gif',	'2022-01-24 19:19:33',	'Happy',	'2022-01-24 19:19:33',	25,	1,	CONV('1', 2, 10) + 0,	CONV('1', 2, 10) + 0,	'Happy.png',	'Happy.png',	'Feliz'),
(2,	'Angry.gif',	'2022-01-24 19:19:33',	'Angry',	'2022-01-24 19:19:33',	8.3,	2,	CONV('0', 2, 10) + 0,	CONV('1', 2, 10) + 0,	'Angry.png',	'Angry.png',	'Enojado'),
(3,	'Scared.gif',	'2022-01-24 19:19:33',	'Scared',	'2022-01-24 19:19:33',	8.3,	3,	CONV('0', 2, 10) + 0,	CONV('1', 2, 10) + 0,	'Scared.png',	'Scared.png',	'Asustado'),
(4,	'Panic.gif',	'2022-01-24 19:19:33',	'Panic',	'2022-01-24 19:19:33',	8.3,	4,	CONV('0', 2, 10) + 0,	CONV('0', 2, 10) + 0,	'Panic.png',	'Panic.png',	'Pánico'),
(5,	'Unmotivated.gif',	'2022-01-24 19:19:33',	'Unmotivated',	'2022-01-24 19:19:33',	16.6,	5,	CONV('0', 2, 10) + 0,	CONV('0', 2, 10) + 0,	'Unmotivated.png',	'Unmotivated.png',	'Desmotivado'),
(6,	'Nervous.gif',	'2022-01-24 19:19:33',	'Nervous',	'2022-01-24 19:19:33',	16.6,	6,	CONV('0', 2, 10) + 0,	CONV('0', 2, 10) + 0,	'Nervous.png',	'Nervous.png',	'Nervioso'),
(7,	'Meh.gif',	'2022-01-24 19:19:33',	'Meh',	'2022-01-24 19:19:33',	16.6,	7,	CONV('0', 2, 10) + 0,	CONV('1', 2, 10) + 0,	'Meh.png',	'Meh.png',	'Meh'),
(8,	'Hopeful.gif',	'2022-01-24 19:19:33',	'Hopeful',	'2022-01-24 19:19:33',	25,	8,	CONV('1', 2, 10) + 0,	CONV('0', 2, 10) + 0,	'Hopeful.png',	'Hopeful.png',	'Esperanza'),
(9,	'Content.gif',	'2022-01-24 19:19:33',	'Content',	'2022-01-24 19:19:33',	25,	9,	CONV('1', 2, 10) + 0,	CONV('0', 2, 10) + 0,	'Content.png',	'Content.png',	'Contenido'),
(10,	'Shy.gif',	'2022-01-24 19:19:33',	'Shy',	'2022-01-24 19:19:33',	16.6,	10,	CONV('0', 2, 10) + 0,	CONV('0', 2, 10) + 0,	'Shy.png',	'Shy.png',	'Tímido'),
(11,	'Sad.gif',	'2022-01-24 19:19:33',	'Sad',	'2022-01-24 19:19:33',	8.3,	11,	CONV('0', 2, 10) + 0,	CONV('1', 2, 10) + 0,	'Sad.png',	'Sad.png',	'Triste'),
(12,	'Excited.gif',	'2022-01-24 19:19:33',	'Excited',	'2022-01-24 19:19:33',	25,	12,	CONV('1', 2, 10) + 0,	CONV('0', 2, 10) + 0,	'Excited.png',	'Excited.png',	'Emocionado');

CREATE TABLE `mood_update` (
  `mood_update_id` bigint NOT NULL AUTO_INCREMENT,
  `created_at` datetime DEFAULT NULL,
  `student_id` bigint NOT NULL,
  `text` varchar(255) DEFAULT NULL,
  `level_of_focus` float NOT NULL,
  `mood_id` bigint NOT NULL,
  `score` double NOT NULL,
  `text_es` varchar(255) DEFAULT NULL,
  PRIMARY KEY (`mood_update_id`)
) ENGINE=MyISAM DEFAULT CHARSET=utf8mb3;

INSERT INTO `mood_update` (`mood_update_id`, `created_at`, `student_id`, `text`, `level_of_focus`, `mood_id`, `score`, `text_es`) VALUES
(1,	'2022-02-03 17:05:24',	154,	'Happy',	5,	1,	25,	'Feliz'),
(2,	'2022-02-03 17:06:15',	154,	'Happy',	1,	1,	25,	'Feliz'),
(13,	'2022-02-04 10:12:45',	154,	'Happy',	1,	1,	25,	'Feliz'),
(14,	'2022-02-04 10:12:53',	154,	'Happy',	1,	1,	25,	'Feliz'),
(15,	'2022-02-04 10:13:01',	154,	'Happy',	1,	1,	25,	'Feliz'),
(16,	'2022-02-04 10:13:22',	154,	'Happy',	1,	1,	25,	'Feliz'),
(19,	'2022-02-04 10:14:28',	154,	'Happy',	5,	1,	25,	'Feliz'),
(72,	'2022-02-09 04:59:18',	155,	'Hopeful',	1,	8,	25,	'Esperanza'),
(117,	'2022-02-10 06:53:41',	155,	'Angry',	1,	2,	8.3,	'Enojado'),
(118,	'2022-02-10 06:54:32',	155,	'Meh',	1,	7,	16.6,	'Meh'),
(119,	'2022-02-10 06:54:45',	155,	'Unmotivated',	1,	5,	16.6,	'Desmotivado'),
(122,	'2022-02-10 10:09:19',	155,	'Unmotivated',	1,	5,	16.6,	'Desmotivado'),
(136,	'2022-02-10 13:07:44',	732,	'Happy',	3,	1,	25,	'Feliz'),
(137,	'2022-02-10 13:13:40',	732,	'Angry',	2,	2,	8.3,	'Enojado'),
(138,	'2022-02-10 13:17:32',	732,	'Sad',	1,	11,	8.3,	'Triste'),
(139,	'2022-02-10 13:19:44',	732,	'Happy',	1,	1,	25,	'Feliz'),
(140,	'2022-02-10 13:31:31',	732,	'Angry',	1,	2,	8.3,	'Enojado'),
(143,	'2022-02-11 09:58:07',	734,	'Happy',	5,	1,	25,	'Feliz'),
(144,	'2022-02-11 09:59:17',	734,	'Excited',	5,	12,	25,	'Emocionado'),
(145,	'2022-02-11 10:01:11',	734,	'Happy',	5,	1,	25,	'Feliz'),
(146,	'2022-02-11 10:01:11',	734,	'Excited',	5,	12,	25,	'Emocionado'),
(163,	'2022-02-11 12:39:23',	734,	'Happy',	1,	1,	25,	'Feliz'),
(164,	'2022-02-11 12:39:38',	734,	'Happy',	1,	1,	25,	'Feliz'),
(165,	'2022-02-11 13:45:37',	734,	'Happy',	1,	1,	25,	'Feliz'),
(166,	'2022-02-11 13:45:48',	734,	'Excited',	5,	12,	25,	'Emocionado'),
(167,	'2022-02-11 13:48:21',	734,	'Angry',	2,	2,	8.3,	'Enojado'),
(168,	'2022-02-11 13:48:33',	734,	'Excited',	5,	12,	25,	'Emocionado'),
(169,	'2022-02-11 14:03:57',	734,	'Sad',	1,	11,	8.3,	'Triste'),
(170,	'2022-02-11 14:04:30',	734,	'Happy',	1,	1,	25,	'Feliz'),
(171,	'2022-02-11 14:04:54',	734,	'Angry',	1,	2,	8.3,	'Enojado'),
(174,	'2022-02-11 14:08:36',	734,	'Sad',	1,	11,	8.3,	'Triste'),
(180,	'2022-02-11 14:21:44',	734,	'Happy',	1,	1,	25,	'Feliz'),
(336,	'2022-02-17 10:11:28',	732,	'Sad',	1,	11,	8.3,	'Triste'),
(338,	'2022-02-17 10:11:45',	732,	'Sad',	1,	11,	8.3,	'Triste'),
(340,	'2022-02-17 10:13:21',	732,	'Sad',	1,	11,	8.3,	'Triste'),
(341,	'2022-02-17 10:15:02',	732,	'Excited',	1,	12,	25,	'Emocionado'),
(346,	'2022-02-17 10:22:19',	732,	'Sad',	1,	11,	8.3,	'Triste'),
(351,	'2022-02-17 10:24:39',	732,	'Sad',	1,	11,	8.3,	'Triste'),
(356,	'2022-02-17 10:26:01',	732,	'Sad',	1,	11,	8.3,	'Triste'),
(357,	'2022-02-17 10:26:04',	732,	'Sad',	1,	11,	8.3,	'Triste'),
(473,	'2022-02-23 09:14:53',	734,	'Unmotivated',	1,	5,	16.6,	'Desmotivado'),
(474,	'2022-02-23 09:15:00',	734,	'Excited',	1,	12,	25,	'Emocionado'),
(577,	'2022-03-01 09:33:49',	766,	'Sad',	1,	1,	25,	'Triste'),
(578,	'2022-03-01 09:33:51',	766,	'Shy',	1,	10,	16.6,	'Tímido'),
(579,	'2022-03-01 09:33:59',	766,	'Sad',	2,	11,	8.3,	'Triste'),
(580,	'2022-03-01 09:34:04',	766,	'Content',	1,	9,	25,	'Contenido'),
(581,	'2022-03-01 09:35:28',	766,	'Shy',	2,	10,	16.6,	'Tímido'),
(582,	'2022-03-01 09:35:30',	766,	'Content',	1,	9,	25,	'Contenido'),
(583,	'2022-03-01 09:40:04',	767,	'Sad',	2,	11,	8.3,	'Triste'),
(584,	'2022-03-01 09:40:08',	767,	'Hopeful',	1,	8,	25,	'Esperanza'),
(585,	'2022-03-01 09:40:15',	767,	'Hopeful',	2,	8,	25,	'Esperanza'),
(586,	'2022-03-01 09:40:17',	767,	'Shy',	1,	10,	16.6,	'Tímido'),
(587,	'2022-03-01 09:46:33',	767,	'Nervous',	1,	6,	16.6,	'Nervioso'),
(588,	'2022-03-01 09:46:37',	767,	'Shy',	1,	10,	16.6,	'Tímido'),
(589,	'2022-03-01 09:47:28',	767,	'Hopeful',	1,	8,	25,	'Esperanza'),
(590,	'2022-03-01 09:47:30',	767,	'Hopeful',	1,	8,	25,	'Esperanza'),
(591,	'2022-03-01 09:48:53',	767,	'Shy',	1,	10,	16.6,	'Tímido'),
(592,	'2022-03-01 09:48:55',	767,	'Shy',	1,	10,	16.6,	'Tímido'),
(593,	'2022-03-01 11:06:18',	773,	'Sad',	3,	11,	8.3,	'Triste'),
(594,	'2022-03-01 11:06:21',	773,	'Shy',	1,	10,	16.6,	'Tímido'),
(595,	'2022-03-01 11:06:31',	773,	'Content',	1,	9,	25,	'Contenido'),
(596,	'2022-03-01 11:06:33',	773,	'Shy',	1,	10,	16.6,	'Tímido'),
(597,	'2022-03-02 08:45:08',	774,	'Sad',	1,	11,	8.3,	'Triste'),
(598,	'2022-03-02 08:45:18',	774,	'Happy',	1,	1,	25,	'Feliz'),
(617,	'2022-03-04 14:18:19',	734,	'Unmotivated',	1,	5,	16.6,	'Desmotivado'),
(618,	'2022-03-04 14:18:40',	734,	'Excited',	1,	12,	25,	'Emocionado'),
(745,	'2022-03-22 16:53:16',	7691,	'Angry',	1,	2,	8.3,	'Enojado'),
(746,	'2022-03-22 16:55:46',	7691,	'Excited',	5,	12,	25,	'Emocionado'),
(747,	'2022-03-22 17:19:53',	7691,	'Scared',	3,	3,	8.3,	'Asustado'),
(748,	'2022-03-22 17:20:03',	7691,	'Hopeful',	4,	8,	25,	'Esperanza'),
(749,	'2022-03-22 17:35:40',	7682,	'Scared',	5,	3,	8.3,	'Asustado'),
(750,	'2022-03-22 17:35:53',	7682,	'Happy',	5,	1,	25,	'Feliz'),
(1154,	'2022-04-22 10:30:54',	8015,	'Sad',	4,	11,	8.3,	'Triste'),
(1153,	'2022-04-22 10:30:01',	8014,	'Happy',	5,	1,	25,	'Feliz'),
(1156,	'2022-04-22 11:02:31',	8016,	'Excited',	5,	12,	25,	'Emocionado'),
(1157,	'2022-04-22 11:04:42',	8017,	'Unmotivated',	1,	5,	16.6,	'Desmotivado'),
(1158,	'2022-04-22 11:05:37',	8018,	'Scared',	2,	3,	8.3,	'Asustado'),
(1159,	'2022-04-22 11:06:23',	8019,	'Happy',	5,	1,	25,	'Feliz'),
(1161,	'2022-04-22 11:12:03',	8020,	'Sad',	4,	11,	8.3,	'Triste'),
(1162,	'2022-04-22 11:13:21',	8021,	'Excited',	5,	12,	25,	'Emocionado'),
(1163,	'2022-04-22 11:14:26',	8022,	'Scared',	2,	3,	8.3,	'Asustado'),
(1164,	'2022-04-22 11:18:19',	8023,	'Unmotivated',	1,	5,	16.6,	'Desmotivado'),
(1165,	'2022-04-22 11:19:04',	8024,	'Excited',	5,	12,	25,	'Emocionado'),
(1166,	'2022-04-22 11:19:45',	8025,	'Scared',	2,	3,	8.3,	'Asustado'),
(1167,	'2022-04-22 11:20:41',	8026,	'Happy',	5,	1,	25,	'Feliz'),
(1168,	'2022-04-22 11:21:22',	8027,	'Excited',	5,	12,	25,	'Emocionado'),
(1169,	'2022-04-22 11:22:38',	8028,	'Sad',	4,	11,	8.3,	'Triste'),
(1170,	'2022-04-22 11:23:50',	8029,	'Unmotivated',	1,	5,	16.6,	'Desmotivado'),
(1171,	'2022-04-22 11:24:44',	8030,	'Happy',	5,	1,	25,	'Feliz'),
(1172,	'2022-04-22 11:28:59',	8031,	'Scared',	2,	3,	8.3,	'Asustado'),
(1173,	'2022-04-22 11:30:06',	8032,	'Sad',	4,	11,	8.3,	'Triste'),
(1174,	'2022-04-22 11:30:46',	8033,	'Excited',	5,	12,	25,	'Emocionado'),
(1175,	'2022-04-22 11:31:32',	8034,	'Happy',	5,	1,	25,	'Feliz'),
(1176,	'2022-04-22 11:32:20',	8035,	'Unmotivated',	1,	5,	16.6,	'Desmotivado'),
(1177,	'2022-04-22 11:33:07',	8036,	'Happy',	5,	1,	25,	'Feliz'),
(1178,	'2022-04-22 11:34:02',	8037,	'Happy',	5,	1,	25,	'Feliz'),
(1179,	'2022-04-22 11:35:15',	8038,	'Happy',	5,	1,	25,	'Feliz'),
(1180,	'2022-04-22 11:36:03',	8039,	'Scared',	2,	3,	8.3,	'Asustado'),
(1181,	'2022-04-22 11:36:59',	8040,	'Unmotivated',	1,	5,	16.6,	'Desmotivado'),
(1723,	'2022-06-16 06:38:31',	8067,	'Happy',	1,	1,	25,	'Feliz'),
(1332,	'2022-05-11 12:47:20',	8043,	'Happy',	2,	1,	25,	'Feliz'),
(1334,	'2022-05-11 13:02:40',	8049,	'Unmotivated',	1,	5,	16.6,	'Desmotivado'),
(1335,	'2022-05-11 13:04:39',	8049,	'Unmotivated',	1,	5,	16.6,	'Desmotivado'),
(1343,	'2022-05-11 13:09:59',	8049,	'Happy',	1,	1,	25,	'Feliz'),
(1345,	'2022-05-11 13:22:28',	8043,	'Happy',	1,	1,	25,	'Feliz'),
(1346,	'2022-05-11 13:24:05',	8043,	'Sad',	3,	11,	8.3,	'Triste'),
(1347,	'2022-05-11 13:31:24',	8043,	'Hopeful',	1,	8,	25,	'Esperanza'),
(1348,	'2022-05-11 14:01:41',	8043,	'Content',	2,	9,	25,	'Contenido'),
(1349,	'2022-05-11 14:15:33',	8049,	'Content',	4,	9,	25,	'Contenido'),
(1350,	'2022-05-12 04:44:26',	8043,	'Hopeful',	2,	8,	25,	'Esperanza'),
(1351,	'2022-05-12 04:44:26',	8043,	'Hopeful',	2,	8,	25,	'Esperanza'),
(1352,	'2022-05-12 04:50:29',	8043,	'Excited',	2,	12,	25,	'Emocionado'),
(1353,	'2022-05-12 04:52:22',	8043,	'Content',	2,	9,	25,	'Contenido'),
(1355,	'2022-05-12 05:36:16',	8049,	'Excited',	1,	12,	25,	'Emocionado'),
(1356,	'2022-05-12 05:54:30',	8049,	'Nervous',	5,	6,	16.6,	'Nervioso'),
(1357,	'2022-05-12 05:57:41',	8049,	'Shy',	1,	10,	16.6,	'Tímido'),
(1358,	'2022-05-12 05:57:53',	8049,	'Meh',	1,	7,	16.6,	'Meh'),
(1359,	'2022-05-12 06:01:52',	8044,	'Hopeful',	2,	8,	25,	'Esperanza'),
(1360,	'2022-05-12 06:03:17',	8049,	'Hopeful',	1,	8,	25,	'Esperanza'),
(1361,	'2022-05-12 06:03:56',	8049,	'Nervous',	1,	6,	16.6,	'Nervioso'),
(1362,	'2022-05-12 06:04:45',	8044,	'Hopeful',	1,	8,	25,	'Esperanza'),
(1366,	'2022-05-12 07:08:55',	8049,	'Nervous',	2,	6,	16.6,	'Nervioso'),
(1367,	'2022-05-12 07:09:17',	8049,	'Nervous',	2,	6,	16.6,	'Nervioso'),
(1368,	'2022-05-12 07:11:34',	8049,	'Scared',	1,	3,	8.3,	'Asustado'),
(1369,	'2022-05-12 07:12:53',	8049,	'Happy',	1,	1,	25,	'Feliz'),
(1370,	'2022-05-12 07:12:56',	8049,	'Angry',	1,	2,	8.3,	'Enojado'),
(1371,	'2022-05-12 07:14:38',	8049,	'Sad',	4,	11,	8.3,	'Triste'),
(1372,	'2022-05-12 07:14:41',	8049,	'Sad',	4,	11,	8.3,	'Triste'),
(1373,	'2022-05-12 07:15:10',	8049,	'Sad',	1,	11,	8.3,	'Triste'),
(1374,	'2022-05-12 07:15:14',	8049,	'Sad',	1,	11,	8.3,	'Triste'),
(1375,	'2022-05-12 07:15:31',	8049,	'Panic',	1,	4,	8.3,	'Pánico'),
(1376,	'2022-05-12 07:15:45',	8049,	'Sad',	3,	11,	8.3,	'Triste'),
(1377,	'2022-05-12 07:19:55',	8049,	'Shy',	3,	10,	16.6,	'Tímido'),
(1378,	'2022-05-12 07:20:10',	8049,	'Happy',	1,	1,	25,	'Feliz'),
(1379,	'2022-05-12 07:22:40',	8049,	'Content',	1,	9,	25,	'Contenido'),
(1380,	'2022-05-12 07:22:53',	8049,	'Happy',	1,	1,	25,	'Feliz'),
(1381,	'2022-05-12 07:23:13',	8049,	'Sad',	1,	11,	8.3,	'Triste'),
(1382,	'2022-05-12 07:23:15',	8049,	'Sad',	1,	11,	8.3,	'Triste'),
(1383,	'2022-05-12 07:24:22',	8049,	'Sad',	1,	11,	8.3,	'Triste'),
(1384,	'2022-05-12 07:24:27',	8049,	'Sad',	1,	11,	8.3,	'Triste'),
(1385,	'2022-05-12 07:26:32',	8049,	'Sad',	4,	11,	8.3,	'Triste'),
(1386,	'2022-05-12 07:26:36',	8049,	'Sad',	4,	11,	8.3,	'Triste'),
(1389,	'2022-05-12 07:29:19',	8049,	'Scared',	1,	3,	8.3,	'Asustado'),
(1390,	'2022-05-12 07:30:12',	8049,	'Shy',	1,	10,	16.6,	'Tímido'),
(1391,	'2022-05-12 07:31:02',	8049,	'Nervous',	1,	6,	16.6,	'Nervioso'),
(1392,	'2022-05-12 07:31:22',	8049,	'Shy',	1,	10,	16.6,	'Tímido'),
(1393,	'2022-05-12 07:35:34',	8049,	'Happy',	1,	1,	25,	'Feliz'),
(1394,	'2022-05-12 07:36:15',	8049,	'Content',	1,	9,	25,	'Contenido'),
(1395,	'2022-05-12 07:36:42',	8049,	'Sad',	1,	11,	8.3,	'Triste'),
(1396,	'2022-05-12 07:37:01',	8049,	'Sad',	1,	11,	8.3,	'Triste'),
(1397,	'2022-05-12 07:46:36',	8044,	'Sad',	1,	11,	8.3,	'Triste'),
(1398,	'2022-05-12 07:47:09',	8044,	'Hopeful',	1,	8,	25,	'Esperanza'),
(1399,	'2022-05-12 07:47:09',	8044,	'Hopeful',	1,	8,	25,	'Esperanza'),
(1400,	'2022-05-12 07:47:09',	8044,	'Hopeful',	1,	8,	25,	'Esperanza'),
(1401,	'2022-05-12 07:47:09',	8044,	'Hopeful',	1,	8,	25,	'Esperanza'),
(1402,	'2022-05-12 07:48:48',	8044,	'Sad',	1,	11,	8.3,	'Triste'),
(1403,	'2022-05-12 07:53:37',	8049,	'Nervous',	1,	6,	16.6,	'Nervioso'),
(1404,	'2022-05-12 07:53:48',	8044,	'Unmotivated',	1,	5,	16.6,	'Desmotivado'),
(1405,	'2022-05-12 07:53:57',	8049,	'Sad',	1,	11,	8.3,	'Triste'),
(1406,	'2022-05-12 07:54:06',	8044,	'Meh',	1,	7,	16.6,	'Meh'),
(1407,	'2022-05-12 07:54:36',	8049,	'Sad',	1,	11,	8.3,	'Triste'),
(1408,	'2022-05-12 08:37:37',	8043,	'Scared',	2,	3,	8.3,	'Asustado'),
(1409,	'2022-05-12 08:39:09',	8043,	'Nervous',	2,	6,	16.6,	'Nervioso'),
(1410,	'2022-05-12 09:29:20',	8050,	'Sad',	1,	11,	8.3,	'Triste'),
(1411,	'2022-05-12 09:29:33',	8050,	'Happy',	1,	1,	25,	'Feliz'),
(1412,	'2022-05-12 09:45:37',	8049,	'Shy',	1,	10,	16.6,	'Tímido'),
(1413,	'2022-05-12 09:46:14',	8049,	'Content',	1,	9,	25,	'Contenido'),
(1414,	'2022-05-12 11:12:52',	8043,	'Content',	2,	9,	25,	'Contenido'),
(1415,	'2022-05-12 11:12:56',	8043,	'Nervous',	4,	6,	16.6,	'Nervioso'),
(1416,	'2022-05-12 11:54:14',	8050,	'Shy',	1,	10,	16.6,	'Tímido'),
(1417,	'2022-05-12 12:16:10',	8044,	'Scared',	1,	3,	8.3,	'Asustado'),
(1432,	'2022-05-13 09:56:21',	8043,	'Hopeful',	1,	8,	25,	'Esperanza'),
(1433,	'2022-05-13 10:00:54',	8043,	'Hopeful',	1,	8,	25,	'Esperanza'),
(1463,	'2022-05-16 13:51:08',	8049,	'Meh',	1,	7,	16.6,	'Meh'),
(1464,	'2022-05-16 13:51:10',	8049,	'Meh',	1,	7,	16.6,	'Meh'),
(1465,	'2022-05-18 05:41:16',	8049,	'Happy',	3,	1,	25,	'Feliz'),
(1466,	'2022-05-18 05:43:30',	8049,	'Angry',	1,	2,	8.3,	'Enojado'),
(1467,	'2022-05-18 05:56:49',	8049,	'Content',	3,	9,	25,	'Contenido'),
(1468,	'2022-05-18 05:57:50',	8049,	'Happy',	1,	1,	25,	'Feliz'),
(1469,	'2022-05-18 05:58:24',	8049,	'Happy',	1,	1,	25,	'Feliz'),
(1470,	'2022-05-18 06:02:44',	8043,	'Happy',	1,	1,	25,	'Feliz'),
(1471,	'2022-05-18 07:40:30',	8043,	'Excited',	3,	12,	25,	'Emocionado'),
(1472,	'2022-05-18 13:50:27',	8043,	'Shy',	1,	10,	16.6,	'Tímido'),
(1473,	'2022-05-18 13:50:29',	8043,	'Content',	2,	9,	25,	'Contenido'),
(1474,	'2022-05-18 13:58:09',	8043,	'Hopeful',	2,	8,	25,	'Esperanza'),
(1475,	'2022-05-18 13:58:52',	8043,	'Shy',	2,	10,	16.6,	'Tímido'),
(1476,	'2022-05-18 14:00:27',	8043,	'Content',	3,	9,	25,	'Contenido'),
(1477,	'2022-05-18 14:01:10',	8043,	'Excited',	3,	12,	25,	'Emocionado'),
(1478,	'2022-05-18 14:02:33',	8043,	'Meh',	1,	7,	16.6,	'Meh'),
(1479,	'2022-05-18 14:02:54',	8043,	'Content',	2,	9,	25,	'Contenido'),
(1482,	'2022-05-19 10:48:39',	8043,	'Happy',	1,	1,	25,	'Feliz'),
(1483,	'2022-05-19 10:50:13',	8043,	'Happy',	1,	1,	25,	'Feliz'),
(1484,	'2022-05-20 05:32:03',	8043,	'Content',	3,	9,	25,	'Contenido'),
(1485,	'2022-05-20 05:32:13',	8043,	'Hopeful',	3,	8,	25,	'Esperanza'),
(1486,	'2022-05-20 05:35:56',	8043,	'Content',	1,	9,	25,	'Contenido'),
(1487,	'2022-05-20 05:36:01',	8043,	'Shy',	2,	10,	16.6,	'Tímido'),
(1488,	'2022-05-20 05:42:43',	8043,	'Content',	2,	9,	25,	'Contenido'),
(1489,	'2022-05-20 05:44:55',	8043,	'Excited',	4,	12,	25,	'Emocionado'),
(1490,	'2022-05-24 09:11:16',	8049,	'Content',	1,	9,	25,	'Contenido'),
(1491,	'2022-05-24 09:50:29',	8049,	'Happy',	4,	1,	25,	'Feliz'),
(1492,	'2022-05-24 10:14:39',	8049,	'Happy',	1,	1,	25,	'Feliz'),
(1493,	'2022-05-24 10:16:11',	8049,	'Nervous',	1,	6,	16.6,	'Nervioso'),
(1494,	'2022-05-24 10:16:12',	8049,	'Excited',	4,	12,	25,	'Emocionado'),
(1495,	'2022-05-24 10:16:12',	8049,	'Excited',	4,	12,	25,	'Emocionado'),
(1496,	'2022-05-24 10:16:34',	8049,	'Sad',	4,	11,	8.3,	'Triste'),
(1497,	'2022-05-24 10:18:08',	8049,	'Happy',	1,	1,	25,	'Feliz'),
(1498,	'2022-05-24 10:18:35',	8049,	'Angry',	4,	2,	8.3,	'Enojado'),
(1499,	'2022-05-24 10:23:01',	8050,	'Nervous',	1,	6,	16.6,	'Nervioso'),
(1500,	'2022-05-24 10:23:17',	8050,	'Sad',	4,	11,	8.3,	'Triste'),
(1501,	'2022-05-24 10:44:21',	8045,	'Happy',	2,	1,	25,	'Feliz'),
(1502,	'2022-05-24 10:44:41',	8045,	'Happy',	2,	1,	25,	'Feliz'),
(1503,	'2022-05-24 10:46:02',	8045,	'Excited',	3,	12,	25,	'Emocionado'),
(1504,	'2022-05-24 10:46:19',	8045,	'Content',	3,	9,	25,	'Contenido'),
(1505,	'2022-05-24 10:48:13',	8045,	'Nervous',	2,	6,	16.6,	'Nervioso'),
(1506,	'2022-05-24 10:48:23',	8045,	'Panic',	1,	4,	8.3,	'Pánico'),
(1507,	'2022-05-24 11:01:07',	8046,	'Happy',	1,	1,	25,	'Feliz'),
(1508,	'2022-05-24 11:01:20',	8046,	'Excited',	3,	12,	25,	'Emocionado'),
(1509,	'2022-05-24 11:04:14',	8044,	'Happy',	1,	1,	25,	'Feliz'),
(1510,	'2022-05-24 11:04:23',	8044,	'Happy',	1,	1,	25,	'Feliz'),
(1511,	'2022-05-24 11:43:17',	8051,	'Happy',	1,	1,	25,	'Feliz'),
(1512,	'2022-05-24 11:43:27',	8051,	'Happy',	1,	1,	25,	'Feliz'),
(1513,	'2022-05-24 11:47:17',	8051,	'Sad',	3,	11,	8.3,	'Triste'),
(1514,	'2022-05-24 11:47:27',	8051,	'Sad',	1,	11,	8.3,	'Triste'),
(1515,	'2022-05-24 11:49:54',	8051,	'Sad',	2,	11,	8.3,	'Triste'),
(1516,	'2022-05-24 11:50:03',	8051,	'Content',	2,	9,	25,	'Contenido'),
(1517,	'2022-05-24 11:52:49',	8051,	'Angry',	1,	2,	8.3,	'Enojado'),
(1518,	'2022-05-24 11:53:01',	8051,	'Angry',	2,	2,	8.3,	'Enojado'),
(1519,	'2022-05-24 11:53:16',	8051,	'Scared',	2,	3,	8.3,	'Asustado'),
(1520,	'2022-05-24 11:53:30',	8051,	'Scared',	1,	3,	8.3,	'Asustado'),
(1521,	'2022-05-24 11:53:51',	8051,	'Hopeful',	2,	8,	25,	'Esperanza'),
(1522,	'2022-05-24 11:54:01',	8051,	'Hopeful',	1,	8,	25,	'Esperanza'),
(1523,	'2022-05-24 11:54:12',	8051,	'Shy',	3,	10,	16.6,	'Tímido'),
(1524,	'2022-05-24 11:54:18',	8051,	'Shy',	3,	10,	16.6,	'Tímido'),
(1525,	'2022-05-24 12:36:16',	8050,	'Angry',	2,	2,	8.3,	'Enojado'),
(1526,	'2022-05-24 12:36:24',	8050,	'Scared',	1,	3,	8.3,	'Asustado'),
(1527,	'2022-05-24 12:36:24',	8050,	'Scared',	1,	3,	8.3,	'Asustado'),
(1528,	'2022-05-24 12:36:53',	8050,	'Angry',	1,	2,	8.3,	'Enojado'),
(1529,	'2022-05-24 12:37:00',	8050,	'Scared',	1,	3,	8.3,	'Asustado'),
(1530,	'2022-05-24 12:38:44',	8049,	'Angry',	1,	2,	8.3,	'Enojado'),
(1531,	'2022-05-24 12:38:50',	8049,	'Scared',	1,	3,	8.3,	'Asustado'),
(1532,	'2022-05-24 12:42:29',	8051,	'Angry',	1,	2,	8.3,	'Enojado'),
(1533,	'2022-05-24 12:42:37',	8051,	'Shy',	1,	10,	16.6,	'Tímido'),
(1534,	'2022-05-24 12:42:47',	8051,	'Scared',	1,	3,	8.3,	'Asustado'),
(1535,	'2022-05-24 12:42:55',	8051,	'Nervous',	1,	6,	16.6,	'Nervioso'),
(1536,	'2022-05-24 13:21:11',	8050,	'Content',	1,	9,	25,	'Contenido'),
(1537,	'2022-05-24 13:23:50',	8050,	'Content',	1,	9,	25,	'Contenido'),
(1538,	'2022-05-24 13:30:34',	8049,	'Nervous',	2,	6,	16.6,	'Nervioso'),
(1539,	'2022-05-24 13:31:10',	8049,	'Meh',	1,	7,	16.6,	'Meh'),
(1540,	'2022-05-24 13:32:34',	8049,	'Shy',	3,	10,	16.6,	'Tímido'),
(1541,	'2022-05-24 13:32:43',	8049,	'Nervous',	1,	6,	16.6,	'Nervioso'),
(1542,	'2022-05-25 12:26:29',	8051,	'Unmotivated',	1,	5,	16.6,	'Desmotivado'),
(1543,	'2022-05-25 12:28:54',	8051,	'Panic',	1,	4,	8.3,	'Pánico'),
(1544,	'2022-05-26 04:42:51',	8049,	'Nervous',	2,	6,	16.6,	'Nervioso'),
(1546,	'2022-05-26 05:10:20',	8049,	'Scared',	1,	3,	8.3,	'Asustado'),
(1547,	'2022-05-26 05:24:18',	8049,	'Nervous',	1,	6,	16.6,	'Nervioso'),
(1550,	'2022-05-26 10:07:25',	8051,	'Content',	2,	9,	25,	'Contenido'),
(1551,	'2022-05-26 10:07:36',	8051,	'Shy',	1,	10,	16.6,	'Tímido'),
(1552,	'2022-05-26 10:09:34',	8049,	'Scared',	1,	3,	8.3,	'Asustado'),
(1553,	'2022-05-26 10:09:48',	8049,	'Content',	2,	9,	25,	'Contenido'),
(1557,	'2022-05-30 10:20:54',	8049,	'Unmotivated',	2,	5,	16.6,	'Desmotivado'),
(1558,	'2022-05-30 10:21:09',	8049,	'Nervous',	4,	6,	16.6,	'Nervioso'),
(1559,	'2022-05-30 10:25:23',	8049,	'Happy',	5,	1,	25,	'Feliz'),
(1560,	'2022-05-30 10:25:37',	8049,	'Happy',	5,	1,	25,	'Feliz'),
(1561,	'2022-05-30 10:49:01',	8049,	'Scared',	1,	3,	8.3,	'Asustado'),
(1562,	'2022-05-30 10:49:05',	8049,	'Happy',	5,	1,	25,	'Feliz'),
(1563,	'2022-05-31 07:44:23',	8051,	'Happy',	2,	1,	25,	'Feliz'),
(1564,	'2022-05-31 07:44:26',	8051,	'Excited',	2,	12,	25,	'Emocionado'),
(1565,	'2022-05-31 07:44:56',	8051,	'Panic',	3,	4,	8.3,	'Pánico'),
(1566,	'2022-05-31 07:44:58',	8051,	'Content',	1,	9,	25,	'Contenido'),
(1567,	'2022-05-31 08:28:13',	8051,	'Happy',	4,	1,	25,	'Feliz'),
(1568,	'2022-05-31 08:28:27',	8051,	'Panic',	1,	4,	8.3,	'Pánico'),
(1569,	'2022-05-31 08:30:39',	8051,	'Happy',	2,	1,	25,	'Feliz'),
(1570,	'2022-05-31 08:30:45',	8051,	'Content',	1,	9,	25,	'Contenido'),
(1571,	'2022-05-31 11:01:07',	8051,	'Content',	2,	9,	25,	'Contenido'),
(1572,	'2022-05-31 11:01:15',	8051,	'Hopeful',	1,	8,	25,	'Esperanza'),
(1573,	'2022-05-31 11:02:21',	8051,	'Content',	1,	9,	25,	'Contenido'),
(1574,	'2022-05-31 11:04:52',	8051,	'Hopeful',	1,	8,	25,	'Esperanza'),
(1575,	'2022-06-01 08:38:43',	8064,	'Happy',	1,	1,	25,	'Feliz'),
(1576,	'2022-06-01 08:38:55',	8064,	'Happy',	5,	1,	25,	'Feliz'),
(1577,	'2022-06-01 09:32:52',	8049,	'Content',	4,	9,	25,	'Contenido'),
(1578,	'2022-06-01 09:33:30',	8049,	'Excited',	3,	12,	25,	'Emocionado'),
(1583,	'2022-06-07 10:42:38',	8049,	'Panic',	2,	4,	8.3,	'Pánico'),
(1584,	'2022-06-07 10:42:54',	8049,	'Excited',	2,	12,	25,	'Emocionado'),
(1585,	'2022-06-07 11:10:58',	8049,	'Hopeful',	2,	8,	25,	'Esperanza'),
(1586,	'2022-06-07 11:11:05',	8049,	'Hopeful',	1,	8,	25,	'Esperanza'),
(1587,	'2022-06-07 11:11:12',	8049,	'Scared',	2,	3,	8.3,	'Asustado'),
(1588,	'2022-06-07 11:11:18',	8049,	'Hopeful',	2,	8,	25,	'Esperanza'),
(1589,	'2022-06-07 12:13:40',	8051,	'Excited',	1,	12,	25,	'Emocionado'),
(1590,	'2022-06-07 12:13:40',	8051,	'Excited',	1,	12,	25,	'Emocionado'),
(1591,	'2022-06-07 12:49:33',	8051,	'Excited',	1,	12,	25,	'Emocionado'),
(1592,	'2022-06-07 12:49:33',	8051,	'Excited',	1,	12,	25,	'Emocionado'),
(1593,	'2022-06-08 05:23:53',	8049,	'Excited',	1,	12,	25,	'Emocionado'),
(1594,	'2022-06-08 13:34:42',	8049,	'Hopeful',	2,	8,	25,	'Esperanza'),
(1595,	'2022-06-08 13:34:42',	8049,	'Hopeful',	2,	8,	25,	'Esperanza'),
(1596,	'2022-06-08 13:35:06',	8049,	'Happy',	2,	1,	25,	'Feliz'),
(1597,	'2022-06-08 13:35:45',	8049,	'Shy',	3,	10,	16.6,	'Tímido'),
(1598,	'2022-06-08 13:36:07',	8049,	'Scared',	3,	3,	8.3,	'Asustado'),
(1599,	'2022-06-08 13:36:47',	8049,	'Happy',	5,	1,	25,	'Feliz'),
(1600,	'2022-06-08 13:36:47',	8049,	'Happy',	5,	1,	25,	'Feliz'),
(1601,	'2022-06-09 05:33:10',	8049,	'Happy',	2,	1,	25,	'Feliz'),
(1603,	'2022-06-09 05:58:58',	8049,	'Content',	4,	9,	25,	'Contenido'),
(1604,	'2022-06-09 06:07:17',	8049,	'Angry',	3,	2,	8.3,	'Enojado'),
(1605,	'2022-06-09 06:08:26',	8049,	'Nervous',	3,	6,	16.6,	'Nervioso'),
(1610,	'2022-06-13 11:13:07',	8049,	'Content',	3,	9,	25,	'Contenido'),
(1611,	'2022-06-14 04:27:17',	8049,	'Shy',	3,	10,	16.6,	'Tímido'),
(1663,	'2022-06-14 13:07:55',	8049,	'Angry',	1,	2,	8.3,	'Enojado'),
(1664,	'2022-06-14 13:09:04',	8049,	'Happy',	4,	1,	25,	'Feliz'),
(1665,	'2022-06-14 13:09:08',	8049,	'Happy',	5,	1,	25,	'Feliz'),
(1666,	'2022-06-14 13:10:20',	8049,	'Happy',	5,	1,	25,	'Feliz'),
(1667,	'2022-06-14 13:23:44',	8049,	'Happy',	1,	1,	25,	'Feliz'),
(1668,	'2022-06-14 13:23:48',	8049,	'Meh',	5,	7,	16.6,	'Meh'),
(1669,	'2022-06-14 13:37:28',	8047,	'Happy',	3,	1,	25,	'Feliz'),
(1670,	'2022-06-14 13:39:56',	8047,	'Content',	5,	9,	25,	'Contenido'),
(1671,	'2022-06-14 13:40:28',	8047,	'Angry',	1,	2,	8.3,	'Enojado'),
(1672,	'2022-06-14 13:40:42',	8047,	'Happy',	5,	1,	25,	'Feliz'),
(1673,	'2022-06-14 13:40:44',	8047,	'Happy',	5,	1,	25,	'Feliz'),
(1674,	'2022-06-14 13:45:35',	8047,	'Angry',	3,	2,	8.3,	'Enojado'),
(1675,	'2022-06-14 13:45:37',	8047,	'Happy',	5,	1,	25,	'Feliz'),
(1676,	'2022-06-14 13:46:16',	8047,	'Happy',	5,	1,	25,	'Feliz'),
(1677,	'2022-06-14 13:46:40',	8047,	'Happy',	4,	1,	25,	'Feliz'),
(1678,	'2022-06-14 13:54:37',	8047,	'Happy',	5,	1,	25,	'Feliz'),
(1679,	'2022-06-14 13:54:55',	8047,	'Happy',	1,	1,	25,	'Feliz'),
(1680,	'2022-06-14 13:56:03',	8047,	'Happy',	1,	1,	25,	'Feliz'),
(1681,	'2022-06-14 13:56:15',	8047,	'Happy',	1,	1,	25,	'Feliz'),
(1686,	'2022-06-15 05:52:50',	8047,	'Happy',	2,	1,	25,	'Feliz'),
(1687,	'2022-06-15 06:08:38',	8048,	'Happy',	3,	1,	25,	'Feliz'),
(1688,	'2022-06-15 06:08:43',	8048,	'Happy',	4,	1,	25,	'Feliz'),
(1689,	'2022-06-15 06:11:50',	8047,	'Hopeful',	5,	8,	25,	'Esperanza'),
(1690,	'2022-06-15 06:16:08',	8047,	'Nervous',	1,	6,	16.6,	'Nervioso'),
(1691,	'2022-06-15 06:27:46',	8047,	'Happy',	1,	1,	25,	'Feliz'),
(1692,	'2022-06-15 06:39:01',	8051,	'Happy',	1,	1,	25,	'Feliz'),
(1693,	'2022-06-15 06:42:22',	8047,	'Happy',	1,	1,	25,	'Feliz'),
(1694,	'2022-06-15 06:42:44',	8047,	'Sad',	1,	11,	8.3,	'Triste'),
(1695,	'2022-06-15 06:43:24',	8050,	'Happy',	4,	1,	25,	'Feliz'),
(1696,	'2022-06-15 06:43:27',	8050,	'Excited',	4,	12,	25,	'Emocionado'),
(1697,	'2022-06-15 06:49:48',	8047,	'Happy',	1,	1,	25,	'Feliz'),
(1699,	'2022-06-15 07:23:15',	8047,	'Hopeful',	1,	8,	25,	'Esperanza'),
(1700,	'2022-06-15 07:25:16',	8047,	'Happy',	1,	1,	25,	'Feliz'),
(1701,	'2022-06-15 07:25:52',	8047,	'Happy',	5,	1,	25,	'Feliz'),
(1702,	'2022-06-15 07:29:02',	8047,	'Happy',	1,	1,	25,	'Feliz'),
(1703,	'2022-06-15 07:30:27',	8047,	'Shy',	5,	10,	16.6,	'Tímido'),
(1704,	'2022-06-15 07:31:25',	8047,	'Happy',	4,	1,	25,	'Feliz'),
(1705,	'2022-06-15 07:32:26',	8049,	'Scared',	3,	3,	8.3,	'Asustado'),
(1706,	'2022-06-15 07:42:05',	8049,	'Meh',	1,	7,	16.6,	'Meh'),
(1707,	'2022-06-15 08:37:03',	8067,	'Happy',	3,	1,	25,	'Feliz'),
(1708,	'2022-06-15 08:38:26',	8068,	'Nervous',	2,	6,	16.6,	'Nervioso'),
(1709,	'2022-06-15 08:38:31',	8068,	'Hopeful',	4,	8,	25,	'Esperanza'),
(1710,	'2022-06-15 08:39:56',	8067,	'Scared',	4,	3,	8.3,	'Asustado'),
(1711,	'2022-06-15 10:15:16',	8069,	'Scared',	1,	3,	8.3,	'Asustado'),
(1712,	'2022-06-15 10:15:50',	8069,	'Unmotivated',	1,	5,	16.6,	'Desmotivado'),
(1713,	'2022-06-15 14:03:34',	8067,	'Nervous',	1,	6,	16.6,	'Nervioso'),
(1717,	'2022-06-15 14:10:57',	8067,	'Happy',	1,	1,	25,	'Feliz'),
(1746,	'2022-06-16 12:19:54',	8067,	'Happy',	4,	1,	25,	'Feliz'),
(1748,	'2022-06-16 12:20:49',	8067,	'Happy',	1,	1,	25,	'Feliz'),
(1754,	'2022-06-24 05:10:56',	8049,	'Sad',	1,	11,	8.3,	'Triste'),
(1755,	'2022-06-24 05:11:09',	8049,	'Sad',	1,	11,	8.3,	'Triste'),
(1772,	'2022-07-18 17:18:05',	8045,	'Hopeful',	1,	8,	25,	'Esperanza'),
(1775,	'2022-07-19 14:39:25',	8427,	'Panic',	1,	4,	8.3,	'Pánico'),
(1776,	'2022-07-19 15:06:13',	8045,	'Content',	2,	9,	25,	'Contenido'),
(1777,	'2022-07-19 15:46:07',	8428,	'Hopeful',	1,	8,	25,	'Esperanza'),
(1778,	'2022-07-19 15:47:08',	8428,	'Angry',	1,	2,	8.3,	'Enojado'),
(1779,	'2022-07-19 15:51:25',	8428,	'Angry',	2,	2,	8.3,	'Enojado'),
(1780,	'2022-07-19 15:55:32',	8428,	'Content',	2,	9,	25,	'Contenido'),
(1781,	'2022-07-19 15:58:43',	8428,	'Content',	2,	9,	25,	'Contenido'),
(1809,	'2022-07-20 06:48:02',	8049,	'Hopeful',	1,	8,	25,	'Esperanza'),
(1810,	'2022-07-20 06:48:50',	8049,	'Hopeful',	1,	8,	25,	'Esperanza'),
(1829,	'2022-07-20 08:29:49',	8049,	'Angry',	1,	2,	8.3,	'Enojado'),
(1836,	'2022-07-20 10:46:53',	8049,	'Happy',	1,	1,	25,	'Feliz'),
(1841,	'2022-07-20 14:24:15',	8049,	'Angry',	2,	2,	8.3,	'Enojado'),
(1842,	'2022-07-20 14:24:29',	8049,	'Happy',	5,	1,	25,	'Feliz'),
(1843,	'2022-07-20 14:27:08',	8049,	'Happy',	1,	1,	25,	'Feliz'),
(1844,	'2022-07-20 14:27:14',	8049,	'Happy',	4,	1,	25,	'Feliz'),
(1845,	'2022-07-20 14:27:51',	8049,	'Angry',	1,	2,	8.3,	'Enojado'),
(1846,	'2022-07-20 14:27:57',	8049,	'Angry',	1,	2,	8.3,	'Enojado'),
(1847,	'2022-07-20 14:29:54',	8049,	'Angry',	1,	2,	8.3,	'Enojado'),
(1848,	'2022-07-20 14:30:16',	8049,	'Nervous',	1,	6,	16.6,	'Nervioso'),
(1849,	'2022-07-20 14:31:07',	8049,	'Unmotivated',	1,	5,	16.6,	'Desmotivado'),
(1850,	'2022-07-20 14:31:15',	8049,	'Meh',	1,	7,	16.6,	'Meh'),
(1851,	'2022-07-20 14:32:56',	8049,	'Happy',	1,	1,	25,	'Feliz'),
(1852,	'2022-07-20 14:33:02',	8049,	'Scared',	1,	3,	8.3,	'Asustado'),
(1853,	'2022-07-20 14:33:36',	8049,	'Happy',	1,	1,	25,	'Feliz'),
(1854,	'2022-07-20 14:35:00',	8049,	'Happy',	2,	1,	25,	'Feliz'),
(1855,	'2022-07-20 14:35:15',	8049,	'Happy',	1,	1,	25,	'Feliz'),
(1856,	'2022-07-20 14:35:48',	8049,	'Unmotivated',	1,	5,	16.6,	'Desmotivado'),
(1857,	'2022-07-20 14:36:01',	8049,	'Happy',	1,	1,	25,	'Feliz'),
(1858,	'2022-07-20 14:37:02',	8049,	'Happy',	4,	1,	25,	'Feliz'),
(1859,	'2022-07-20 14:37:09',	8049,	'Happy',	1,	1,	25,	'Feliz'),
(1860,	'2022-07-20 14:48:33',	8049,	'Happy',	1,	1,	25,	'Feliz'),
(1861,	'2022-07-20 14:48:40',	8049,	'Happy',	1,	1,	25,	'Feliz'),
(1864,	'2022-07-20 15:18:37',	8049,	'Unmotivated',	1,	5,	16.6,	'Desmotivado'),
(1865,	'2022-07-20 15:20:04',	8049,	'Unmotivated',	1,	5,	16.6,	'Desmotivado'),
(1866,	'2022-07-20 15:21:28',	8049,	'Scared',	1,	3,	8.3,	'Asustado'),
(1867,	'2022-07-20 15:25:27',	8049,	'Content',	1,	9,	25,	'Contenido'),
(1869,	'2022-07-20 15:29:23',	8049,	'Happy',	1,	1,	25,	'Feliz'),
(1870,	'2022-07-20 15:29:27',	8049,	'Content',	1,	9,	25,	'Contenido'),
(1871,	'2022-07-20 15:29:37',	8049,	'Happy',	1,	1,	25,	'Feliz'),
(1872,	'2022-07-20 15:29:39',	8049,	'Unmotivated',	1,	5,	16.6,	'Desmotivado'),
(1878,	'2022-07-20 15:43:49',	8427,	'Content',	2,	9,	25,	'Contenido'),
(1879,	'2022-07-20 15:44:04',	8427,	'Shy',	3,	10,	16.6,	'Tímido'),
(1880,	'2022-07-20 15:44:11',	8049,	'Happy',	1,	1,	25,	'Feliz'),
(1881,	'2022-07-20 15:44:12',	8049,	'Happy',	1,	1,	25,	'Feliz'),
(1883,	'2022-07-20 15:46:34',	8049,	'Happy',	1,	1,	25,	'Feliz'),
(1884,	'2022-07-20 15:46:36',	8049,	'Unmotivated',	1,	5,	16.6,	'Desmotivado'),
(1885,	'2022-07-20 15:47:18',	8427,	'Hopeful',	1,	8,	25,	'Esperanza'),
(1886,	'2022-07-20 15:47:20',	8427,	'Shy',	1,	10,	16.6,	'Tímido'),
(1893,	'2022-07-21 04:59:53',	8049,	'Happy',	1,	1,	25,	'Feliz'),
(1894,	'2022-07-21 05:00:04',	8049,	'Happy',	1,	1,	25,	'Feliz'),
(1897,	'2022-07-21 06:10:51',	8049,	'Shy',	1,	10,	16.6,	'Tímido'),
(1898,	'2022-07-21 06:22:51',	8049,	'Happy',	1,	1,	25,	'Feliz'),
(1899,	'2022-07-21 06:23:35',	8049,	'Happy',	1,	1,	25,	'Feliz'),
(1900,	'2022-07-21 06:23:37',	8049,	'Content',	1,	9,	25,	'Contenido'),
(1901,	'2022-07-21 06:42:58',	8049,	'Happy',	1,	1,	25,	'Feliz'),
(1902,	'2022-07-21 07:00:27',	8049,	'Happy',	1,	1,	25,	'Feliz'),
(1903,	'2022-07-21 07:14:26',	8049,	'Content',	1,	9,	25,	'Contenido'),
(1904,	'2022-07-21 07:23:55',	8049,	'Nervous',	1,	6,	16.6,	'Nervioso'),
(1905,	'2022-07-21 07:28:01',	8049,	'Happy',	1,	1,	25,	'Feliz'),
(1906,	'2022-07-21 07:28:03',	8049,	'Content',	1,	9,	25,	'Contenido'),
(1907,	'2022-07-21 07:47:32',	8049,	'Happy',	1,	1,	25,	'Feliz'),
(1908,	'2022-07-21 07:47:39',	8049,	'Happy',	1,	1,	25,	'Feliz'),
(1909,	'2022-07-21 07:47:47',	8049,	'Panic',	1,	4,	8.3,	'Pánico'),
(1910,	'2022-07-21 07:48:35',	8049,	'Nervous',	1,	6,	16.6,	'Nervioso'),
(1912,	'2022-07-21 07:58:43',	8049,	'Happy',	4,	1,	25,	'Feliz'),
(1913,	'2022-07-21 07:59:06',	8049,	'Happy',	1,	1,	25,	'Feliz'),
(1914,	'2022-07-21 10:18:59',	8049,	'Happy',	1,	1,	25,	'Feliz'),
(1915,	'2022-07-21 10:19:16',	8049,	'Happy',	1,	1,	25,	'Feliz'),
(1925,	'2022-07-21 16:15:03',	8045,	'Angry',	2,	2,	8.3,	'Enojado'),
(1926,	'2022-07-21 16:22:26',	8045,	'Hopeful',	2,	8,	25,	'Esperanza'),
(1927,	'2022-07-21 16:22:30',	8045,	'Hopeful',	2,	8,	25,	'Esperanza'),
(1928,	'2022-07-21 17:49:08',	8045,	'Happy',	4,	1,	25,	'Feliz'),
(1929,	'2022-07-22 05:06:18',	8049,	'Content',	1,	9,	25,	'Contenido'),
(1930,	'2022-07-22 05:15:07',	8049,	'Happy',	1,	1,	25,	'Feliz'),
(1931,	'2022-07-22 05:15:16',	8049,	'Happy',	1,	1,	25,	'Feliz'),
(1932,	'2022-07-22 05:15:27',	8049,	'Happy',	1,	1,	25,	'Feliz'),
(1933,	'2022-07-22 05:15:35',	8049,	'Nervous',	1,	6,	16.6,	'Nervioso'),
(1934,	'2022-07-22 05:15:50',	8049,	'Happy',	5,	1,	25,	'Feliz'),
(1935,	'2022-07-22 05:16:01',	8049,	'Hopeful',	1,	8,	25,	'Esperanza'),
(1936,	'2022-07-22 05:16:17',	8049,	'Angry',	1,	2,	8.3,	'Enojado'),
(1937,	'2022-07-22 05:16:36',	8049,	'Panic',	1,	4,	8.3,	'Pánico'),
(1938,	'2022-07-22 05:16:49',	8049,	'Content',	1,	9,	25,	'Contenido'),
(1943,	'2022-07-25 07:42:47',	8049,	'Angry',	2,	2,	8.3,	'Enojado'),
(1944,	'2022-07-25 07:43:41',	8049,	'Happy',	1,	1,	25,	'Feliz'),
(1945,	'2022-07-25 09:31:03',	8047,	'Happy',	1,	1,	25,	'Feliz'),
(1946,	'2022-07-25 09:31:19',	8047,	'Angry',	1,	2,	8.3,	'Enojado'),
(1947,	'2022-07-25 09:32:09',	8047,	'Happy',	1,	1,	25,	'Feliz'),
(1948,	'2022-07-25 09:32:28',	8047,	'Happy',	1,	1,	25,	'Feliz'),
(1949,	'2022-07-25 11:08:36',	8049,	'Happy',	1,	1,	25,	'Feliz'),
(1950,	'2022-07-25 12:16:55',	8047,	'Unmotivated',	1,	5,	16.6,	'Desmotivado'),
(1951,	'2022-07-25 12:18:19',	8047,	'Content',	1,	9,	25,	'Contenido'),
(1952,	'2022-07-25 12:18:27',	8047,	'Unmotivated',	1,	5,	16.6,	'Desmotivado'),
(1953,	'2022-07-25 13:24:37',	8047,	'Angry',	1,	2,	8.3,	'Enojado'),
(1954,	'2022-07-25 14:02:13',	8047,	'Happy',	1,	1,	25,	'Feliz'),
(1965,	'2022-07-26 10:48:33',	8049,	'Hopeful',	1,	8,	25,	'Esperanza'),
(1966,	'2022-07-26 12:05:04',	8049,	'Unmotivated',	1,	5,	16.6,	'Desmotivado'),
(1967,	'2022-07-26 13:49:43',	8050,	'Content',	2,	9,	25,	'Contenido'),
(1968,	'2022-07-26 13:49:53',	8050,	'Content',	1,	9,	25,	'Contenido'),
(1971,	'2022-07-26 14:08:44',	8427,	'Content',	3,	9,	25,	'Contenido'),
(1972,	'2022-07-26 19:54:30',	8045,	'Happy',	5,	1,	25,	'Feliz'),
(1973,	'2022-07-26 19:56:52',	8045,	'Happy',	5,	1,	25,	'Feliz'),
(1974,	'2022-07-26 20:06:14',	8045,	'Happy',	5,	1,	25,	'Feliz'),
(1975,	'2022-07-27 00:55:00',	8045,	'Happy',	1,	1,	25,	'Feliz'),
(1976,	'2022-07-27 01:00:09',	8045,	'Happy',	5,	1,	25,	'Feliz'),
(1977,	'2022-07-27 13:38:07',	8049,	'Content',	1,	9,	25,	'Contenido'),
(1978,	'2022-07-27 13:39:24',	8049,	'Excited',	2,	12,	25,	'Emocionado'),
(1979,	'2022-07-27 15:17:25',	8045,	'Happy',	5,	1,	25,	'Feliz'),
(1980,	'2022-07-28 18:44:58',	8045,	'Nervous',	3,	6,	16.6,	'Nervioso'),
(1981,	'2022-07-28 18:47:54',	8045,	'Nervous',	3,	6,	16.6,	'Nervioso'),
(1982,	'2022-07-28 18:55:53',	8045,	'Unmotivated',	3,	5,	16.6,	'Desmotivado'),
(1983,	'2022-07-28 18:57:53',	8045,	'Content',	2,	9,	25,	'Contenido'),
(1984,	'2022-07-28 19:01:53',	8045,	'Nervous',	2,	6,	16.6,	'Nervioso'),
(1985,	'2022-07-28 19:03:23',	8045,	'Content',	2,	9,	25,	'Contenido'),
(1988,	'2022-07-29 16:16:36',	8045,	'Content',	4,	9,	25,	'Contenido'),
(1989,	'2022-07-29 16:18:44',	8045,	'Happy',	1,	1,	25,	'Feliz'),
(1990,	'2022-07-29 16:18:45',	8045,	'Happy',	1,	1,	25,	'Feliz'),
(2220,	'2022-08-31 12:22:37',	8541,	'Happy',	1,	1,	25,	'Feliz'),
(2221,	'2022-08-31 12:23:37',	8541,	'Excited',	4,	12,	25,	'Emocionado'),
(2222,	'2022-09-06 06:38:06',	8540,	'Unmotivated',	2,	5,	16.6,	'Desmotivado'),
(2223,	'2022-09-06 06:39:33',	8540,	'Excited',	3,	12,	25,	'Emocionado'),
(2224,	'2022-09-06 08:20:16',	8540,	'Angry',	2,	2,	8.3,	'Enojado'),
(2225,	'2022-09-06 08:20:47',	8540,	'Sad',	4,	11,	8.3,	'Triste'),
(2226,	'2022-09-06 08:21:30',	8540,	'Angry',	1,	2,	8.3,	'Enojado'),
(2227,	'2022-09-06 08:21:54',	8540,	'Angry',	3,	2,	8.3,	'Enojado'),
(2228,	'2022-09-13 10:20:57',	8554,	'Happy',	1,	1,	25,	'Feliz'),
(2229,	'2022-09-13 10:20:59',	8554,	'Happy',	1,	1,	25,	'Feliz'),
(2230,	'2022-09-13 10:21:49',	8554,	'Meh',	1,	7,	16.6,	'Meh'),
(2231,	'2022-09-13 10:23:19',	8554,	'Meh',	1,	7,	16.6,	'Meh'),
(2232,	'2022-09-13 10:24:59',	8554,	'Hopeful',	1,	8,	25,	'Esperanza'),
(2233,	'2022-09-13 10:25:19',	8554,	'Content',	1,	9,	25,	'Contenido'),
(2234,	'2022-09-13 10:25:54',	8554,	'Angry',	2,	2,	8.3,	'Enojado'),
(2235,	'2022-09-13 10:25:56',	8554,	'Angry',	2,	2,	8.3,	'Enojado'),
(2236,	'2022-09-13 10:26:54',	8554,	'Scared',	1,	3,	8.3,	'Asustado'),
(2237,	'2022-09-13 10:26:59',	8554,	'Excited',	1,	12,	25,	'Emocionado'),
(2285,	'2022-09-15 09:57:06',	8558,	'Happy',	1,	1,	25,	'Feliz'),
(2286,	'2022-09-15 09:57:20',	8558,	'Content',	2,	9,	25,	'Contenido'),
(2287,	'2022-09-15 10:51:41',	8558,	'Happy',	2,	1,	25,	'Feliz'),
(2288,	'2022-09-15 10:52:25',	8558,	'Content',	3,	9,	25,	'Contenido'),
(2289,	'2022-09-15 10:53:59',	8558,	'Content',	3,	9,	25,	'Contenido'),
(2290,	'2022-09-15 10:53:59',	8558,	'Content',	3,	9,	25,	'Contenido'),
(2291,	'2022-09-15 10:54:09',	8558,	'Shy',	3,	10,	16.6,	'Tímido'),
(2292,	'2022-09-16 08:32:16',	8553,	'Happy',	2,	1,	25,	'Feliz'),
(2293,	'2022-09-16 08:32:40',	8553,	'Shy',	1,	10,	16.6,	'Tímido'),
(2306,	'2022-09-19 07:53:30',	8571,	'Angry',	2,	2,	8.3,	'Enojado'),
(2307,	'2022-09-19 07:53:35',	8571,	'Content',	2,	9,	25,	'Contenido'),
(2308,	'2022-09-19 07:54:36',	8571,	'Excited',	4,	12,	25,	'Emocionado'),
(2309,	'2022-09-19 07:55:00',	8571,	'Panic',	4,	4,	8.3,	'Pánico'),
(2310,	'2022-09-19 08:23:23',	8571,	'Shy',	3,	10,	16.6,	'Tímido'),
(2319,	'2022-09-20 11:32:46',	8582,	'Happy',	1,	1,	25,	'Feliz'),
(2320,	'2022-09-20 11:33:01',	8582,	'Shy',	3,	10,	16.6,	'Tímido'),
(2321,	'2022-09-21 04:48:22',	8575,	'Happy',	2,	1,	25,	'Feliz'),
(2322,	'2022-09-21 04:48:55',	8575,	'Content',	2,	9,	25,	'Contenido'),
(2334,	'2022-09-22 05:13:04',	8580,	'Nervous',	3,	6,	16.6,	'Nervioso'),
(2335,	'2022-09-22 05:13:37',	8580,	'Content',	2,	9,	25,	'Contenido'),
(2413,	'2022-09-23 10:13:48',	8610,	'Hopeful',	1,	8,	25,	'Esperanza'),
(2414,	'2022-09-23 10:17:04',	8610,	'Hopeful',	1,	8,	25,	'Esperanza'),
(2415,	'2022-09-23 10:17:39',	8610,	'Meh',	1,	7,	16.6,	'Meh'),
(2416,	'2022-09-23 10:17:39',	8610,	'Meh',	1,	7,	16.6,	'Meh'),
(2417,	'2022-09-23 10:58:41',	8610,	'Meh',	1,	7,	16.6,	'Meh'),
(2509,	'2022-09-23 14:01:56',	8610,	'Content',	1,	9,	25,	'Contenido'),
(2510,	'2022-09-23 14:02:00',	8610,	'Happy',	1,	1,	25,	'Feliz'),
(2511,	'2022-09-23 14:02:15',	8610,	'Sad',	3,	11,	8.3,	'Triste'),
(2512,	'2022-09-23 14:02:17',	8610,	'Hopeful',	1,	8,	25,	'Esperanza'),
(2513,	'2022-09-23 14:02:33',	8610,	'Happy',	2,	1,	25,	'Feliz'),
(2514,	'2022-09-23 14:02:39',	8610,	'Content',	1,	9,	25,	'Contenido'),
(2515,	'2022-09-23 14:02:57',	8610,	'Hopeful',	3,	8,	25,	'Esperanza'),
(2516,	'2022-09-23 14:03:08',	8610,	'Shy',	3,	10,	16.6,	'Tímido'),
(2517,	'2022-09-23 14:03:26',	8610,	'Sad',	3,	11,	8.3,	'Triste'),
(2518,	'2022-09-23 14:03:52',	8610,	'Happy',	1,	1,	25,	'Feliz'),
(2519,	'2022-09-23 14:04:05',	8610,	'Shy',	2,	10,	16.6,	'Tímido'),
(2520,	'2022-09-23 14:04:09',	8610,	'Happy',	1,	1,	25,	'Feliz'),
(2521,	'2022-09-23 14:04:24',	8610,	'Sad',	3,	11,	8.3,	'Triste'),
(2522,	'2022-09-23 14:04:27',	8610,	'Happy',	1,	1,	25,	'Feliz'),
(2523,	'2022-09-23 14:04:41',	8610,	'Content',	2,	9,	25,	'Contenido'),
(2524,	'2022-09-23 14:04:44',	8610,	'Shy',	1,	10,	16.6,	'Tímido'),
(2525,	'2022-09-23 14:04:59',	8610,	'Sad',	2,	11,	8.3,	'Triste'),
(2526,	'2022-09-23 14:05:09',	8610,	'Happy',	1,	1,	25,	'Feliz'),
(2527,	'2022-09-23 14:05:31',	8610,	'Scared',	2,	3,	8.3,	'Asustado'),
(2528,	'2022-09-23 14:05:36',	8610,	'Happy',	1,	1,	25,	'Feliz'),
(2529,	'2022-09-23 14:06:01',	8610,	'Excited',	2,	12,	25,	'Emocionado'),
(2530,	'2022-09-23 14:06:12',	8610,	'Happy',	1,	1,	25,	'Feliz'),
(2531,	'2022-09-23 14:06:25',	8610,	'Hopeful',	1,	8,	25,	'Esperanza'),
(2532,	'2022-09-23 14:06:32',	8610,	'Hopeful',	1,	8,	25,	'Esperanza'),
(2533,	'2022-09-23 14:06:49',	8610,	'Sad',	2,	11,	8.3,	'Triste'),
(2534,	'2022-09-23 14:06:58',	8610,	'Happy',	1,	1,	25,	'Feliz'),
(2535,	'2022-09-23 14:07:13',	8610,	'Sad',	2,	11,	8.3,	'Triste'),
(2536,	'2022-09-23 14:07:15',	8610,	'Happy',	1,	1,	25,	'Feliz'),
(2537,	'2022-09-23 14:07:49',	8610,	'Meh',	2,	7,	16.6,	'Meh'),
(2538,	'2022-09-23 14:08:17',	8610,	'Happy',	1,	1,	25,	'Feliz'),
(2539,	'2022-09-23 14:09:01',	8610,	'Nervous',	3,	6,	16.6,	'Nervioso'),
(2540,	'2022-09-23 14:09:04',	8610,	'Hopeful',	1,	8,	25,	'Esperanza'),
(2541,	'2022-09-23 14:09:27',	8610,	'Content',	2,	9,	25,	'Contenido'),
(2542,	'2022-09-23 14:09:31',	8610,	'Happy',	1,	1,	25,	'Feliz'),
(2543,	'2022-09-23 14:09:48',	8610,	'Content',	2,	9,	25,	'Contenido'),
(2889,	'2022-09-30 07:18:41',	8578,	'Happy',	1,	1,	25,	'Feliz'),
(2890,	'2022-09-30 07:19:04',	8578,	'Content',	3,	9,	25,	'Contenido'),
(2891,	'2022-09-30 07:19:04',	8578,	'Content',	3,	9,	25,	'Contenido'),
(2892,	'2022-09-30 07:20:28',	8578,	'Scared',	1,	3,	8.3,	'Asustado'),
(2893,	'2022-09-30 07:20:44',	8578,	'Content',	2,	9,	25,	'Contenido'),
(2894,	'2022-09-30 07:54:56',	8625,	'Happy',	1,	1,	25,	'Feliz'),
(2895,	'2022-09-30 07:55:50',	8625,	'Shy',	3,	10,	16.6,	'Tímido'),
(2896,	'2022-09-30 07:57:17',	8625,	'Angry',	1,	2,	8.3,	'Enojado'),
(2897,	'2022-09-30 07:57:48',	8625,	'Shy',	3,	10,	16.6,	'Tímido'),
(2898,	'2022-09-30 08:06:27',	8625,	'Shy',	2,	10,	16.6,	'Tímido'),
(2899,	'2022-09-30 08:08:20',	8625,	'Unmotivated',	3,	5,	16.6,	'Desmotivado'),
(2900,	'2022-09-30 08:33:05',	8625,	'Shy',	3,	10,	16.6,	'Tímido'),
(2901,	'2022-09-30 08:35:53',	8625,	'Content',	2,	9,	25,	'Contenido'),
(2902,	'2022-09-30 08:36:22',	8625,	'Meh',	1,	7,	16.6,	'Meh'),
(2903,	'2022-09-30 08:37:44',	8625,	'Shy',	3,	10,	16.6,	'Tímido'),
(2904,	'2022-09-30 08:38:04',	8625,	'Content',	1,	9,	25,	'Contenido'),
(2905,	'2022-09-30 08:39:12',	8625,	'Content',	3,	9,	25,	'Contenido'),
(2906,	'2022-09-30 11:32:30',	8625,	'Shy',	2,	10,	16.6,	'Tímido'),
(2907,	'2022-09-30 11:35:02',	8625,	'Shy',	3,	10,	16.6,	'Tímido'),
(2908,	'2022-09-30 11:45:48',	8625,	'Sad',	2,	11,	8.3,	'Triste'),
(2909,	'2022-09-30 11:47:10',	8625,	'Content',	3,	9,	25,	'Contenido'),
(2944,	'2022-10-11 12:33:06',	8638,	'Nervous',	1,	6,	16.6,	'Nervioso'),
(2945,	'2022-10-11 12:33:19',	8638,	'Excited',	1,	12,	25,	'Emocionado'),
(2946,	'2022-10-11 12:34:27',	8638,	'Angry',	1,	2,	8.3,	'Enojado'),
(2947,	'2022-10-11 12:34:54',	8638,	'Excited',	1,	12,	25,	'Emocionado'),
(2948,	'2022-10-11 12:42:57',	8638,	'Scared',	1,	3,	8.3,	'Asustado'),
(2949,	'2022-10-11 12:42:57',	8638,	'Hopeful',	1,	8,	25,	'Esperanza'),
(2954,	'2022-10-12 05:22:52',	8638,	'Panic',	4,	4,	8.3,	'Pánico'),
(2955,	'2022-10-12 05:23:06',	8638,	'Meh',	1,	7,	16.6,	'Meh'),
(2956,	'2022-10-12 05:33:24',	8638,	'Excited',	2,	12,	25,	'Emocionado'),
(2957,	'2022-10-12 05:35:08',	8638,	'Excited',	1,	12,	25,	'Emocionado'),
(2958,	'2022-10-12 05:36:31',	8638,	'Nervous',	1,	6,	16.6,	'Nervioso'),
(2959,	'2022-10-12 05:38:35',	8643,	'Panic',	1,	4,	8.3,	'Pánico'),
(2960,	'2022-10-12 05:38:45',	8643,	'Sad',	1,	11,	8.3,	'Triste'),
(2961,	'2022-10-12 05:39:10',	8638,	'Panic',	1,	4,	8.3,	'Pánico'),
(2962,	'2022-10-12 05:38:57',	8643,	'Shy',	1,	10,	16.6,	'Tímido'),
(2963,	'2022-10-12 05:39:18',	8643,	'Excited',	1,	12,	25,	'Emocionado'),
(2964,	'2022-10-12 05:47:19',	8638,	'Shy',	1,	10,	16.6,	'Tímido'),
(2965,	'2022-10-12 05:47:19',	8638,	'Excited',	1,	12,	25,	'Emocionado'),
(2966,	'2022-10-12 05:47:42',	8638,	'Angry',	1,	2,	8.3,	'Enojado'),
(2967,	'2022-10-12 05:48:16',	8638,	'Hopeful',	1,	8,	25,	'Esperanza'),
(2968,	'2022-10-12 05:50:02',	8638,	'Excited',	1,	12,	25,	'Emocionado'),
(2969,	'2022-10-12 07:01:55',	8643,	'Panic',	1,	4,	8.3,	'Pánico'),
(2970,	'2022-10-12 07:02:23',	8643,	'Happy',	1,	1,	25,	'Feliz'),
(2971,	'2022-10-12 07:47:10',	8643,	'Sad',	1,	11,	8.3,	'Triste'),
(2972,	'2022-10-12 07:47:18',	8643,	'Meh',	1,	7,	16.6,	'Meh'),
(2975,	'2022-10-12 07:58:27',	8643,	'Sad',	2,	11,	8.3,	'Triste'),
(2976,	'2022-10-12 07:58:37',	8643,	'Sad',	4,	11,	8.3,	'Triste'),
(2987,	'2022-10-12 10:55:42',	8643,	'Sad',	1,	11,	8.3,	'Triste'),
(2988,	'2022-10-12 10:55:52',	8643,	'Sad',	1,	11,	8.3,	'Triste'),
(2989,	'2022-10-12 10:55:54',	8638,	'Scared',	2,	3,	8.3,	'Asustado'),
(2990,	'2022-10-12 10:56:06',	8638,	'Excited',	4,	12,	25,	'Emocionado'),
(2991,	'2022-10-12 10:56:29',	8643,	'Shy',	1,	10,	16.6,	'Tímido'),
(2992,	'2022-10-12 10:56:38',	8643,	'Scared',	1,	3,	8.3,	'Asustado'),
(2993,	'2022-10-12 10:57:06',	8638,	'Angry',	3,	2,	8.3,	'Enojado'),
(2994,	'2022-10-12 10:57:23',	8643,	'Shy',	1,	10,	16.6,	'Tímido'),
(2995,	'2022-10-12 10:57:32',	8643,	'Sad',	3,	11,	8.3,	'Triste'),
(2996,	'2022-10-12 10:57:39',	8638,	'Hopeful',	5,	8,	25,	'Esperanza'),
(2997,	'2022-10-12 10:59:55',	8638,	'Unmotivated',	3,	5,	16.6,	'Desmotivado'),
(2998,	'2022-10-12 11:00:17',	8638,	'Hopeful',	5,	8,	25,	'Esperanza'),
(2999,	'2022-10-12 11:00:44',	8638,	'Sad',	3,	11,	8.3,	'Triste'),
(3000,	'2022-10-12 11:01:02',	8638,	'Hopeful',	4,	8,	25,	'Esperanza'),
(3001,	'2022-10-12 11:03:06',	8643,	'Shy',	1,	10,	16.6,	'Tímido'),
(3002,	'2022-10-12 11:03:15',	8643,	'Angry',	2,	2,	8.3,	'Enojado'),
(3003,	'2022-10-12 11:03:57',	8638,	'Angry',	2,	2,	8.3,	'Enojado'),
(3004,	'2022-10-12 11:04:15',	8638,	'Hopeful',	3,	8,	25,	'Esperanza'),
(3005,	'2022-10-12 11:05:16',	8638,	'Sad',	2,	11,	8.3,	'Triste'),
(3006,	'2022-10-12 11:05:32',	8638,	'Hopeful',	3,	8,	25,	'Esperanza'),
(3007,	'2022-10-12 11:08:11',	8643,	'Angry',	1,	2,	8.3,	'Enojado'),
(3008,	'2022-10-12 11:08:26',	8638,	'Angry',	3,	2,	8.3,	'Enojado'),
(3009,	'2022-10-12 11:08:35',	8643,	'Angry',	1,	2,	8.3,	'Enojado'),
(3010,	'2022-10-12 11:08:37',	8638,	'Excited',	4,	12,	25,	'Emocionado'),
(3029,	'2022-10-17 13:48:49',	8638,	'Angry',	1,	2,	8.3,	'Enojado'),
(3030,	'2022-10-17 13:49:21',	8638,	'Angry',	1,	2,	8.3,	'Enojado'),
(3031,	'2022-10-17 13:49:57',	8638,	'Excited',	1,	12,	25,	'Emocionado'),
(3032,	'2022-10-17 13:50:27',	8638,	'Angry',	1,	2,	8.3,	'Enojado'),
(3033,	'2022-10-17 13:53:47',	8638,	'Happy',	1,	1,	25,	'Feliz'),
(3034,	'2022-10-17 13:56:08',	8638,	'Scared',	1,	3,	8.3,	'Asustado'),
(3035,	'2022-10-17 13:56:27',	8638,	'Panic',	1,	4,	8.3,	'Pánico'),
(3036,	'2022-10-17 13:57:33',	8638,	'Sad',	1,	11,	8.3,	'Triste'),
(3040,	'2022-10-18 10:49:33',	8584,	'Hopeful',	1,	8,	25,	'Esperanza'),
(3041,	'2022-10-18 10:49:40',	8584,	'Shy',	1,	10,	16.6,	'Tímido'),
(3042,	'2022-10-18 14:28:47',	8584,	'Happy',	1,	1,	25,	'Feliz'),
(3043,	'2022-10-18 14:29:07',	8584,	'Hopeful',	1,	8,	25,	'Esperanza'),
(3044,	'2022-10-18 14:31:01',	8644,	'Happy',	1,	1,	25,	'Feliz'),
(3045,	'2022-10-18 14:31:13',	8644,	'Hopeful',	1,	8,	25,	'Esperanza'),
(3098,	'2022-11-01 11:33:06',	8584,	'Happy',	1,	1,	25,	'Feliz'),
(3099,	'2022-11-01 11:34:26',	8584,	'Excited',	5,	12,	25,	'Emocionado'),
(3644,	'2023-01-09 09:31:43',	8699,	'Sad',	1,	11,	8.3,	'Triste'),
(3643,	'2023-01-09 09:31:20',	8699,	'Happy',	1,	1,	25,	'Feliz'),
(3115,	'2022-11-01 14:21:32',	8638,	'Angry',	1,	2,	8.3,	'Enojado'),
(3116,	'2022-11-01 15:34:07',	8638,	'Excited',	3,	12,	25,	'Emocionado'),
(3117,	'2022-11-01 15:42:29',	8638,	'Excited',	4,	12,	25,	'Emocionado'),
(3118,	'2022-11-02 04:46:09',	8638,	'Scared',	1,	3,	8.3,	'Asustado'),
(3119,	'2022-11-02 04:46:49',	8638,	'Excited',	3,	12,	25,	'Emocionado'),
(3128,	'2022-11-02 06:01:55',	8638,	'Scared',	1,	3,	8.3,	'Asustado'),
(3129,	'2022-11-02 06:02:30',	8638,	'Scared',	1,	3,	8.3,	'Asustado'),
(3135,	'2022-11-02 06:06:18',	8638,	'Excited',	3,	12,	25,	'Emocionado'),
(3136,	'2022-11-02 06:07:59',	8638,	'Nervous',	2,	6,	16.6,	'Nervioso'),
(3137,	'2022-11-02 06:14:43',	8638,	'Scared',	2,	3,	8.3,	'Asustado'),
(3138,	'2022-11-02 06:16:18',	8638,	'Scared',	2,	3,	8.3,	'Asustado'),
(3139,	'2022-11-02 06:16:43',	8638,	'Excited',	3,	12,	25,	'Emocionado'),
(3140,	'2022-11-02 06:17:04',	8638,	'Scared',	2,	3,	8.3,	'Asustado'),
(4796,	'2023-03-03 09:58:34',	8729,	'Meh',	1,	7,	16.6,	'Meh'),
(4793,	'2023-02-28 05:07:55',	8699,	'Happy',	1,	1,	25,	'Feliz'),
(4792,	'2023-02-27 13:51:15',	8729,	'Shy',	3,	10,	16.6,	'Tímido'),
(4791,	'2023-02-27 13:48:29',	8729,	'Happy',	1,	1,	25,	'Feliz'),
(4790,	'2023-02-27 13:43:42',	8729,	'Shy',	1,	10,	16.6,	'Tímido'),
(4789,	'2023-02-27 13:43:23',	8729,	'Happy',	1,	1,	25,	'Feliz'),
(3171,	'2022-11-14 07:40:13',	8657,	'Angry',	1,	2,	8.3,	'Enojado'),
(3172,	'2022-11-14 07:40:39',	8657,	'Excited',	5,	12,	25,	'Emocionado'),
(3173,	'2022-11-14 07:41:48',	8656,	'Scared',	1,	3,	8.3,	'Asustado'),
(3177,	'2022-11-14 09:51:18',	8656,	'Meh',	3,	7,	16.6,	'Meh'),
(3178,	'2022-11-14 09:55:24',	8656,	'Meh',	1,	7,	16.6,	'Meh'),
(3179,	'2022-11-14 09:55:44',	8656,	'Scared',	1,	3,	8.3,	'Asustado'),
(3180,	'2022-11-14 10:00:55',	8657,	'Unmotivated',	1,	5,	16.6,	'Desmotivado'),
(3181,	'2022-11-14 10:02:00',	8657,	'Content',	1,	9,	25,	'Contenido'),
(3182,	'2022-11-14 10:04:16',	8657,	'Nervous',	1,	6,	16.6,	'Nervioso'),
(3183,	'2022-11-14 10:04:27',	8657,	'Sad',	1,	11,	8.3,	'Triste'),
(3184,	'2022-11-14 10:31:51',	8656,	'Happy',	1,	1,	25,	'Feliz'),
(3185,	'2022-11-14 10:50:30',	8656,	'Shy',	1,	10,	16.6,	'Tímido'),
(3507,	'2022-12-15 05:45:04',	8741,	'Excited',	5,	12,	25,	'Emocionado'),
(3506,	'2022-12-15 05:39:45',	8741,	'Scared',	3,	3,	8.3,	'Asustado'),
(3192,	'2022-11-15 07:46:48',	8579,	'Content',	1,	9,	25,	'Contenido'),
(3193,	'2022-11-15 07:47:49',	8579,	'Content',	2,	9,	25,	'Contenido'),
(3194,	'2022-11-15 07:49:04',	8579,	'Excited',	4,	12,	25,	'Emocionado'),
(3195,	'2022-11-15 07:49:18',	8579,	'Content',	2,	9,	25,	'Contenido'),
(3226,	'2022-11-25 03:59:42',	8672,	'Happy',	5,	1,	25,	'Feliz'),
(3227,	'2022-11-25 04:00:10',	8672,	'Excited',	5,	12,	25,	'Emocionado'),
(3228,	'2022-11-25 04:05:53',	8672,	'Sad',	1,	11,	8.3,	'Triste'),
(3229,	'2022-11-25 04:13:21',	8672,	'Hopeful',	4,	8,	25,	'Esperanza'),
(3230,	'2022-11-25 04:24:21',	8672,	'Nervous',	4,	6,	16.6,	'Nervioso'),
(3231,	'2022-11-25 04:24:51',	8672,	'Content',	5,	9,	25,	'Contenido'),
(3232,	'2022-11-25 04:37:50',	8672,	'Excited',	5,	12,	25,	'Emocionado'),
(3233,	'2022-11-25 04:38:28',	8672,	'Excited',	5,	12,	25,	'Emocionado'),
(3234,	'2022-11-25 04:38:49',	8672,	'Happy',	5,	1,	25,	'Feliz'),
(3235,	'2022-11-25 04:39:07',	8672,	'Excited',	5,	12,	25,	'Emocionado'),
(3236,	'2022-11-25 04:41:41',	8672,	'Excited',	5,	12,	25,	'Emocionado'),
(3237,	'2022-11-25 04:41:53',	8672,	'Excited',	5,	12,	25,	'Emocionado'),
(3238,	'2022-11-25 06:48:00',	8675,	'Angry',	1,	2,	8.3,	'Enojado'),
(3239,	'2022-11-25 07:14:34',	8675,	'Panic',	1,	4,	8.3,	'Pánico'),
(3240,	'2022-11-25 07:33:48',	8675,	'Nervous',	2,	6,	16.6,	'Nervioso'),
(3241,	'2022-11-25 07:33:57',	8675,	'Shy',	2,	10,	16.6,	'Tímido'),
(3242,	'2022-11-25 08:48:40',	8675,	'Happy',	2,	1,	25,	'Feliz'),
(3243,	'2022-11-25 08:48:48',	8675,	'Hopeful',	2,	8,	25,	'Esperanza'),
(3244,	'2022-11-25 09:27:31',	8687,	'Angry',	5,	2,	8.3,	'Enojado'),
(3245,	'2022-11-25 09:28:13',	8687,	'Panic',	2,	4,	8.3,	'Pánico'),
(3246,	'2022-11-25 09:37:57',	8687,	'Meh',	2,	7,	16.6,	'Meh'),
(3247,	'2022-11-25 09:43:30',	8687,	'Hopeful',	3,	8,	25,	'Esperanza'),
(3248,	'2022-11-25 09:54:10',	8687,	'Happy',	3,	1,	25,	'Feliz'),
(3249,	'2022-11-25 10:40:04',	8675,	'Sad',	1,	11,	8.3,	'Triste'),
(3250,	'2022-11-25 10:42:28',	8688,	'Shy',	5,	10,	16.6,	'Tímido'),
(3251,	'2022-11-25 10:42:45',	8688,	'Excited',	5,	12,	25,	'Emocionado'),
(3252,	'2022-11-25 11:00:24',	8687,	'Excited',	5,	12,	25,	'Emocionado'),
(3253,	'2022-11-25 11:04:03',	8687,	'Content',	4,	9,	25,	'Contenido'),
(3254,	'2022-11-25 11:23:57',	8675,	'Unmotivated',	1,	5,	16.6,	'Desmotivado'),
(3255,	'2022-11-25 11:38:27',	8675,	'Sad',	1,	11,	8.3,	'Triste'),
(3256,	'2022-11-25 11:38:38',	8675,	'Sad',	1,	11,	8.3,	'Triste'),
(3257,	'2022-11-25 13:25:41',	8675,	'Sad',	3,	11,	8.3,	'Triste'),
(3264,	'2022-11-28 04:24:44',	8675,	'Excited',	5,	12,	25,	'Emocionado'),
(3265,	'2022-11-28 04:25:12',	8675,	'Excited',	5,	12,	25,	'Emocionado'),
(3266,	'2022-11-28 05:42:50',	8656,	'Content',	1,	9,	25,	'Contenido'),
(3267,	'2022-11-28 05:44:16',	8656,	'Happy',	5,	1,	25,	'Feliz'),
(3268,	'2022-11-28 05:50:24',	8695,	'Excited',	5,	12,	25,	'Emocionado'),
(3269,	'2022-11-28 05:50:36',	8695,	'Excited',	5,	12,	25,	'Emocionado'),
(3270,	'2022-11-28 05:50:46',	8695,	'Sad',	2,	11,	8.3,	'Triste'),
(3271,	'2022-11-28 05:51:53',	8695,	'Shy',	4,	10,	16.6,	'Tímido'),
(3272,	'2022-11-28 05:53:13',	8695,	'Hopeful',	4,	8,	25,	'Esperanza'),
(3273,	'2022-11-28 08:21:18',	8696,	'Happy',	2,	1,	25,	'Feliz'),
(3274,	'2022-11-28 08:21:31',	8696,	'Excited',	2,	12,	25,	'Emocionado'),
(3275,	'2022-11-28 08:23:07',	8696,	'Hopeful',	2,	8,	25,	'Esperanza'),
(3276,	'2022-11-28 08:23:22',	8696,	'Content',	3,	9,	25,	'Contenido'),
(3277,	'2022-11-28 14:21:11',	8695,	'Content',	3,	9,	25,	'Contenido'),
(3298,	'2022-11-28 15:07:58',	8695,	'Happy',	2,	1,	25,	'Feliz'),
(3299,	'2022-11-28 15:08:09',	8695,	'Content',	2,	9,	25,	'Contenido'),
(3302,	'2022-11-28 15:16:04',	8695,	'Content',	3,	9,	25,	'Contenido'),
(3303,	'2022-11-28 15:17:03',	8695,	'Shy',	2,	10,	16.6,	'Tímido'),
(3304,	'2022-11-29 03:46:37',	8675,	'Sad',	3,	11,	8.3,	'Triste'),
(3305,	'2022-11-29 03:47:31',	8675,	'Happy',	3,	1,	25,	'Feliz'),
(3306,	'2022-11-29 04:15:19',	8695,	'Scared',	3,	3,	8.3,	'Asustado'),
(3307,	'2022-11-29 06:10:31',	8701,	'Happy',	1,	1,	25,	'Feliz'),
(3308,	'2022-11-29 06:10:47',	8701,	'Happy',	1,	1,	25,	'Feliz'),
(3309,	'2022-11-29 06:11:31',	8701,	'Hopeful',	1,	8,	25,	'Esperanza'),
(3310,	'2022-11-29 06:11:45',	8701,	'Content',	3,	9,	25,	'Contenido'),
(3311,	'2022-11-29 06:11:47',	8695,	'Happy',	4,	1,	25,	'Feliz'),
(3312,	'2022-11-29 06:12:03',	8695,	'Excited',	5,	12,	25,	'Emocionado'),
(3313,	'2022-11-29 06:12:16',	8700,	'Excited',	4,	12,	25,	'Emocionado'),
(3314,	'2022-11-29 06:12:46',	8700,	'Happy',	1,	1,	25,	'Feliz'),
(3315,	'2022-11-29 06:22:33',	8700,	'Sad',	3,	11,	8.3,	'Triste'),
(3316,	'2022-11-29 06:22:41',	8700,	'Nervous',	1,	6,	16.6,	'Nervioso'),
(3317,	'2022-11-29 06:39:08',	8700,	'Sad',	1,	11,	8.3,	'Triste'),
(3318,	'2022-11-29 06:39:20',	8700,	'Happy',	1,	1,	25,	'Feliz'),
(3319,	'2022-11-29 07:01:50',	8704,	'Happy',	1,	1,	25,	'Feliz'),
(3320,	'2022-11-29 07:02:02',	8704,	'Hopeful',	1,	8,	25,	'Esperanza'),
(3321,	'2022-11-29 09:52:08',	8672,	'Happy',	5,	1,	25,	'Feliz'),
(3322,	'2022-11-29 09:53:26',	8672,	'Excited',	5,	12,	25,	'Emocionado'),
(3323,	'2022-11-29 10:44:29',	8672,	'Nervous',	5,	6,	16.6,	'Nervioso'),
(3324,	'2022-11-29 10:47:26',	8672,	'Happy',	5,	1,	25,	'Feliz'),
(3325,	'2022-11-29 11:58:31',	8699,	'Happy',	2,	1,	25,	'Feliz'),
(3326,	'2022-11-29 11:58:56',	8699,	'Hopeful',	1,	8,	25,	'Esperanza'),
(3327,	'2022-11-29 14:14:44',	8710,	'Happy',	1,	1,	25,	'Feliz'),
(3328,	'2022-11-29 14:14:56',	8710,	'Happy',	1,	1,	25,	'Feliz'),
(3329,	'2022-11-29 14:15:06',	8710,	'Happy',	1,	1,	25,	'Feliz'),
(3330,	'2022-11-29 14:15:27',	8710,	'Happy',	1,	1,	25,	'Feliz'),
(3331,	'2022-11-29 14:16:54',	8711,	'Happy',	1,	1,	25,	'Feliz'),
(3332,	'2022-11-29 14:17:18',	8711,	'Hopeful',	1,	8,	25,	'Esperanza'),
(3333,	'2022-11-29 14:17:57',	8711,	'Content',	3,	9,	25,	'Contenido'),
(3334,	'2022-11-29 14:18:07',	8711,	'Excited',	1,	12,	25,	'Emocionado'),
(3335,	'2022-11-29 14:19:24',	8711,	'Happy',	1,	1,	25,	'Feliz'),
(3336,	'2022-11-30 04:46:22',	8701,	'Content',	1,	9,	25,	'Contenido'),
(3337,	'2022-11-30 04:47:23',	8701,	'Hopeful',	1,	8,	25,	'Esperanza'),
(3338,	'2022-11-30 04:52:11',	8701,	'Excited',	1,	12,	25,	'Emocionado'),
(3339,	'2022-11-30 04:52:25',	8701,	'Content',	1,	9,	25,	'Contenido'),
(3340,	'2022-11-30 04:58:02',	8701,	'Sad',	1,	11,	8.3,	'Triste'),
(3341,	'2022-11-30 04:58:21',	8701,	'Happy',	1,	1,	25,	'Feliz'),
(3342,	'2022-11-30 05:06:14',	8672,	'Happy',	5,	1,	25,	'Feliz'),
(3343,	'2022-11-30 05:07:23',	8672,	'Sad',	5,	11,	8.3,	'Triste'),
(3344,	'2022-11-30 05:22:41',	8672,	'Content',	4,	9,	25,	'Contenido'),
(3353,	'2022-11-30 05:58:35',	8697,	'Happy',	1,	1,	25,	'Feliz'),
(3354,	'2022-11-30 05:58:56',	8697,	'Excited',	1,	12,	25,	'Emocionado'),
(3355,	'2022-11-30 05:59:33',	8697,	'Happy',	3,	1,	25,	'Feliz'),
(3356,	'2022-11-30 05:59:47',	8697,	'Excited',	1,	12,	25,	'Emocionado'),
(3357,	'2022-11-30 06:00:23',	8697,	'Content',	1,	9,	25,	'Contenido'),
(3358,	'2022-11-30 06:00:38',	8697,	'Happy',	1,	1,	25,	'Feliz'),
(3359,	'2022-11-30 06:33:56',	8687,	'Happy',	5,	1,	25,	'Feliz'),
(3360,	'2022-11-30 06:34:36',	8687,	'Excited',	5,	12,	25,	'Emocionado'),
(3361,	'2022-11-30 09:21:40',	8672,	'Content',	5,	9,	25,	'Contenido'),
(3362,	'2022-11-30 09:23:12',	8672,	'Angry',	5,	2,	8.3,	'Enojado'),
(3363,	'2022-11-30 09:38:52',	8672,	'Happy',	1,	1,	25,	'Feliz'),
(3364,	'2022-11-30 09:40:52',	8672,	'Scared',	5,	3,	8.3,	'Asustado'),
(3365,	'2022-11-30 09:48:24',	8672,	'Happy',	1,	1,	25,	'Feliz'),
(3366,	'2022-11-30 09:48:50',	8672,	'Happy',	1,	1,	25,	'Feliz'),
(3367,	'2022-11-30 09:49:39',	8672,	'Scared',	1,	3,	8.3,	'Asustado'),
(3368,	'2022-11-30 09:49:49',	8672,	'Scared',	1,	3,	8.3,	'Asustado'),
(3369,	'2022-11-30 09:50:14',	8672,	'Angry',	1,	2,	8.3,	'Enojado'),
(3370,	'2022-11-30 09:50:24',	8672,	'Excited',	1,	12,	25,	'Emocionado'),
(3371,	'2022-11-30 09:50:49',	8672,	'Nervous',	1,	6,	16.6,	'Nervioso'),
(3372,	'2022-11-30 09:50:59',	8672,	'Meh',	1,	7,	16.6,	'Meh'),
(3373,	'2022-11-30 09:51:19',	8672,	'Unmotivated',	2,	5,	16.6,	'Desmotivado'),
(3374,	'2022-11-30 09:51:32',	8672,	'Sad',	3,	11,	8.3,	'Triste'),
(3375,	'2022-11-30 09:52:06',	8672,	'Panic',	3,	4,	8.3,	'Pánico'),
(3376,	'2022-11-30 09:52:17',	8672,	'Shy',	3,	10,	16.6,	'Tímido'),
(3377,	'2022-11-30 09:52:42',	8672,	'Hopeful',	1,	8,	25,	'Esperanza'),
(3378,	'2022-11-30 09:52:54',	8672,	'Content',	3,	9,	25,	'Contenido'),
(3379,	'2022-11-30 09:53:49',	8672,	'Sad',	4,	11,	8.3,	'Triste'),
(3380,	'2022-11-30 09:54:05',	8672,	'Happy',	5,	1,	25,	'Feliz'),
(3381,	'2022-11-30 09:54:32',	8672,	'Angry',	2,	2,	8.3,	'Enojado'),
(3382,	'2022-11-30 09:54:43',	8672,	'Nervous',	2,	6,	16.6,	'Nervioso'),
(3383,	'2022-11-30 09:55:06',	8672,	'Hopeful',	3,	8,	25,	'Esperanza'),
(3384,	'2022-11-30 09:55:17',	8672,	'Excited',	3,	12,	25,	'Emocionado'),
(3385,	'2022-11-30 10:03:25',	8672,	'Happy',	1,	1,	25,	'Feliz'),
(3386,	'2022-11-30 10:05:50',	8672,	'Nervous',	1,	6,	16.6,	'Nervioso'),
(3387,	'2022-11-30 10:11:22',	8672,	'Angry',	1,	2,	8.3,	'Enojado'),
(3388,	'2022-11-30 10:11:30',	8672,	'Content',	1,	9,	25,	'Contenido'),
(3389,	'2022-11-30 10:13:12',	8672,	'Angry',	1,	2,	8.3,	'Enojado'),
(3390,	'2022-11-30 10:22:57',	8672,	'Happy',	5,	1,	25,	'Feliz'),
(3391,	'2022-11-30 10:23:10',	8672,	'Hopeful',	5,	8,	25,	'Esperanza'),
(3392,	'2022-11-30 10:23:53',	8672,	'Happy',	5,	1,	25,	'Feliz'),
(3393,	'2022-11-30 10:24:35',	8672,	'Hopeful',	5,	8,	25,	'Esperanza'),
(3394,	'2022-11-30 10:27:16',	8672,	'Scared',	3,	3,	8.3,	'Asustado'),
(3395,	'2022-11-30 10:27:53',	8672,	'Angry',	1,	2,	8.3,	'Enojado'),
(3402,	'2022-12-01 14:47:38',	8724,	'Sad',	1,	11,	8.3,	'Triste'),
(3403,	'2022-12-01 14:48:18',	8724,	'Happy',	4,	1,	25,	'Feliz'),
(3404,	'2022-12-02 06:11:02',	8724,	'Sad',	1,	11,	8.3,	'Triste'),
(3405,	'2022-12-02 06:11:41',	8724,	'Happy',	4,	1,	25,	'Feliz'),
(3456,	'2022-12-06 05:25:01',	8729,	'Shy',	1,	10,	16.6,	'Tímido'),
(3457,	'2022-12-06 05:27:50',	8700,	'Hopeful',	1,	8,	25,	'Esperanza'),
(3458,	'2022-12-06 05:29:01',	8701,	'Excited',	1,	12,	25,	'Emocionado'),
(3459,	'2022-12-06 05:29:40',	8701,	'Sad',	2,	11,	8.3,	'Triste'),
(3460,	'2022-12-06 05:29:46',	8701,	'Shy',	1,	10,	16.6,	'Tímido'),
(3461,	'2022-12-06 05:30:44',	8701,	'Shy',	2,	10,	16.6,	'Tímido'),
(3462,	'2022-12-06 05:31:13',	8704,	'Content',	1,	9,	25,	'Contenido'),
(3477,	'2022-12-06 12:34:32',	8699,	'Content',	1,	9,	25,	'Contenido'),
(3478,	'2022-12-06 12:36:38',	8699,	'Content',	1,	9,	25,	'Contenido'),
(3479,	'2022-12-06 12:36:58',	8699,	'Hopeful',	1,	8,	25,	'Esperanza'),
(3480,	'2022-12-06 12:37:12',	8699,	'Content',	1,	9,	25,	'Contenido'),
(3481,	'2022-12-06 12:39:36',	8699,	'Happy',	1,	1,	25,	'Feliz'),
(3482,	'2022-12-06 12:41:04',	8701,	'Shy',	1,	10,	16.6,	'Tímido'),
(3483,	'2022-12-06 12:41:34',	8701,	'Hopeful',	1,	8,	25,	'Esperanza'),
(3484,	'2022-12-09 04:58:59',	8731,	'Happy',	1,	1,	25,	'Feliz'),
(3485,	'2022-12-09 04:59:32',	8731,	'Shy',	1,	10,	16.6,	'Tímido'),
(3486,	'2022-12-09 05:37:05',	8687,	'Content',	1,	9,	25,	'Contenido'),
(3487,	'2022-12-09 05:57:30',	8687,	'Excited',	5,	12,	25,	'Emocionado'),
(3490,	'2022-12-12 06:32:29',	8687,	'Happy',	5,	1,	25,	'Feliz'),
(3491,	'2022-12-12 06:33:06',	8687,	'Excited',	5,	12,	25,	'Emocionado'),
(3492,	'2022-12-12 06:49:08',	8687,	'Happy',	2,	1,	25,	'Feliz'),
(3493,	'2022-12-12 06:50:15',	8687,	'Excited',	1,	12,	25,	'Emocionado'),
(3496,	'2022-12-13 09:32:30',	8656,	'Panic',	1,	4,	8.3,	'Pánico'),
(3497,	'2022-12-13 09:49:35',	8656,	'Content',	3,	9,	25,	'Contenido'),
(3500,	'2022-12-14 07:15:09',	8737,	'Sad',	2,	11,	8.3,	'Triste'),
(3501,	'2022-12-14 07:17:15',	8737,	'Excited',	5,	12,	25,	'Emocionado'),
(3502,	'2022-12-14 08:45:41',	8738,	'Angry',	2,	2,	8.3,	'Enojado'),
(3503,	'2022-12-14 08:52:34',	8738,	'Hopeful',	5,	8,	25,	'Esperanza'),
(3504,	'2022-12-14 13:32:52',	8741,	'Excited',	1,	12,	25,	'Emocionado'),
(3505,	'2022-12-14 13:33:53',	8741,	'Excited',	5,	12,	25,	'Emocionado'),
(3512,	'2022-12-15 10:57:24',	8741,	'Sad',	3,	11,	8.3,	'Triste'),
(3513,	'2022-12-15 10:58:22',	8741,	'Excited',	1,	12,	25,	'Emocionado'),
(3514,	'2022-12-15 12:55:43',	8741,	'Angry',	2,	2,	8.3,	'Enojado'),
(3515,	'2022-12-15 12:56:38',	8741,	'Excited',	5,	12,	25,	'Emocionado'),
(3516,	'2022-12-15 13:09:05',	8741,	'Sad',	2,	11,	8.3,	'Triste'),
(3517,	'2022-12-15 13:09:05',	8741,	'Excited',	5,	12,	25,	'Emocionado'),
(3518,	'2022-12-15 13:09:45',	8741,	'Excited',	5,	12,	25,	'Emocionado'),
(3519,	'2022-12-15 13:09:45',	8741,	'Excited',	1,	12,	25,	'Emocionado'),
(3520,	'2022-12-15 13:34:09',	8741,	'Hopeful',	4,	8,	25,	'Esperanza'),
(3521,	'2022-12-15 13:34:47',	8741,	'Excited',	5,	12,	25,	'Emocionado'),
(3525,	'2022-12-16 05:51:29',	8675,	'Unmotivated',	5,	5,	16.6,	'Desmotivado'),
(3592,	'2022-12-23 04:58:05',	8699,	'Happy',	2,	1,	25,	'Feliz'),
(3593,	'2022-12-23 04:58:29',	8699,	'Happy',	1,	1,	25,	'Feliz'),
(3594,	'2022-12-23 05:26:31',	8699,	'Sad',	1,	11,	8.3,	'Triste'),
(3595,	'2022-12-23 05:26:41',	8699,	'Sad',	1,	11,	8.3,	'Triste'),
(3596,	'2022-12-23 05:27:06',	8699,	'Angry',	1,	2,	8.3,	'Enojado'),
(3597,	'2022-12-23 05:27:14',	8699,	'Sad',	1,	11,	8.3,	'Triste'),
(3598,	'2022-12-23 05:27:30',	8699,	'Happy',	1,	1,	25,	'Feliz'),
(3599,	'2022-12-23 05:27:40',	8699,	'Sad',	1,	11,	8.3,	'Triste'),
(3600,	'2022-12-23 05:30:33',	8700,	'Happy',	1,	1,	25,	'Feliz'),
(3601,	'2022-12-23 05:31:28',	8700,	'Sad',	1,	11,	8.3,	'Triste'),
(3610,	'2023-01-02 05:59:45',	8699,	'Happy',	1,	1,	25,	'Feliz'),
(3611,	'2023-01-02 06:00:05',	8699,	'Happy',	1,	1,	25,	'Feliz'),
(3612,	'2023-01-02 06:01:03',	8699,	'Meh',	1,	7,	16.6,	'Meh'),
(3613,	'2023-01-02 06:01:29',	8699,	'Happy',	1,	1,	25,	'Feliz'),
(3614,	'2023-01-02 06:01:54',	8699,	'Happy',	1,	1,	25,	'Feliz'),
(3615,	'2023-01-02 06:02:15',	8699,	'Happy',	1,	1,	25,	'Feliz'),
(3616,	'2023-01-02 11:55:45',	8699,	'Angry',	1,	2,	8.3,	'Enojado'),
(3617,	'2023-01-02 11:56:13',	8699,	'Happy',	1,	1,	25,	'Feliz'),
(3618,	'2023-01-02 12:04:33',	8700,	'Happy',	1,	1,	25,	'Feliz'),
(3619,	'2023-01-02 12:05:22',	8700,	'Sad',	1,	11,	8.3,	'Triste'),
(3620,	'2023-01-04 09:44:46',	8699,	'Happy',	1,	1,	25,	'Feliz'),
(3621,	'2023-01-04 09:45:22',	8699,	'Happy',	1,	1,	25,	'Feliz'),
(3622,	'2023-01-04 09:47:48',	8699,	'Sad',	1,	11,	8.3,	'Triste'),
(3623,	'2023-01-04 14:16:00',	8700,	'Unmotivated',	1,	5,	16.6,	'Desmotivado'),
(3624,	'2023-01-04 14:16:48',	8700,	'Happy',	5,	1,	25,	'Feliz'),
(3629,	'2023-01-06 16:09:49',	8699,	'Angry',	3,	2,	8.3,	'Enojado'),
(3630,	'2023-01-06 18:34:04',	8699,	'Angry',	2,	2,	8.3,	'Enojado'),
(3677,	'2023-01-10 06:09:03',	8701,	'Happy',	1,	1,	25,	'Feliz'),
(3678,	'2023-01-10 06:09:50',	8701,	'Sad',	1,	11,	8.3,	'Triste'),
(3679,	'2023-01-10 06:14:29',	8704,	'Content',	1,	9,	25,	'Contenido'),
(3680,	'2023-01-10 06:15:02',	8704,	'Angry',	1,	2,	8.3,	'Enojado'),
(3692,	'2023-01-10 09:47:04',	8700,	'Scared',	3,	3,	8.3,	'Asustado'),
(3693,	'2023-01-10 09:47:30',	8700,	'Happy',	4,	1,	25,	'Feliz'),
(3695,	'2023-01-10 14:06:09',	8700,	'Happy',	4,	1,	25,	'Feliz'),
(3696,	'2023-01-10 15:41:53',	8699,	'Angry',	2,	2,	8.3,	'Enojado'),
(3697,	'2023-01-10 15:42:48',	8699,	'Hopeful',	2,	8,	25,	'Esperanza'),
(3698,	'2023-01-10 16:24:08',	8699,	'Hopeful',	2,	8,	25,	'Esperanza'),
(3700,	'2023-01-11 14:22:18',	8699,	'Shy',	1,	10,	16.6,	'Tímido'),
(3701,	'2023-01-11 16:37:42',	8699,	'Angry',	2,	2,	8.3,	'Enojado'),
(3702,	'2023-01-11 16:39:21',	8699,	'Happy',	2,	1,	25,	'Feliz'),
(3703,	'2023-01-11 16:39:42',	8699,	'Hopeful',	2,	8,	25,	'Esperanza'),
(3704,	'2023-01-11 16:40:20',	8699,	'Meh',	2,	7,	16.6,	'Meh'),
(3705,	'2023-01-11 16:41:11',	8699,	'Hopeful',	2,	8,	25,	'Esperanza'),
(3706,	'2023-01-11 16:41:31',	8699,	'Angry',	2,	2,	8.3,	'Enojado'),
(3707,	'2023-01-11 16:41:56',	8699,	'Hopeful',	1,	8,	25,	'Esperanza'),
(3708,	'2023-01-11 21:26:45',	8699,	'Angry',	2,	2,	8.3,	'Enojado'),
(3709,	'2023-01-11 21:28:38',	8699,	'Angry',	2,	2,	8.3,	'Enojado'),
(3710,	'2023-01-11 21:28:48',	8699,	'Hopeful',	1,	8,	25,	'Esperanza'),
(3711,	'2023-01-12 02:52:08',	8699,	'Angry',	2,	2,	8.3,	'Enojado'),
(3712,	'2023-01-12 02:52:38',	8699,	'Angry',	1,	2,	8.3,	'Enojado'),
(3713,	'2023-01-12 04:24:37',	8700,	'Happy',	4,	1,	25,	'Feliz'),
(3716,	'2023-01-12 04:30:15',	8699,	'Content',	1,	9,	25,	'Contenido'),
(3717,	'2023-01-12 04:30:27',	8699,	'Happy',	1,	1,	25,	'Feliz'),
(3731,	'2023-01-12 06:37:32',	8699,	'Content',	1,	9,	25,	'Contenido'),
(3732,	'2023-01-12 06:37:59',	8699,	'Happy',	1,	1,	25,	'Feliz'),
(3733,	'2023-01-12 06:39:03',	8699,	'Content',	1,	9,	25,	'Contenido'),
(3734,	'2023-01-12 06:39:14',	8699,	'Happy',	1,	1,	25,	'Feliz'),
(3735,	'2023-01-12 06:39:29',	8699,	'Sad',	1,	11,	8.3,	'Triste'),
(3736,	'2023-01-12 06:40:16',	8700,	'Content',	1,	9,	25,	'Contenido'),
(3737,	'2023-01-12 06:40:49',	8700,	'Excited',	3,	12,	25,	'Emocionado'),
(3738,	'2023-01-12 06:41:15',	8700,	'Content',	1,	9,	25,	'Contenido'),
(3739,	'2023-01-12 06:42:34',	8701,	'Content',	1,	9,	25,	'Contenido'),
(3740,	'2023-01-12 06:42:39',	8701,	'Content',	1,	9,	25,	'Contenido'),
(3741,	'2023-01-12 06:42:40',	8701,	'Content',	1,	9,	25,	'Contenido'),
(3742,	'2023-01-12 06:42:40',	8701,	'Content',	1,	9,	25,	'Contenido'),
(3743,	'2023-01-12 06:42:44',	8701,	'Hopeful',	1,	8,	25,	'Esperanza'),
(3744,	'2023-01-12 06:43:09',	8701,	'Content',	1,	9,	25,	'Contenido'),
(3745,	'2023-01-12 06:43:10',	8701,	'Content',	1,	9,	25,	'Contenido'),
(3746,	'2023-01-12 06:43:11',	8701,	'Content',	1,	9,	25,	'Contenido'),
(3747,	'2023-01-12 06:43:11',	8701,	'Content',	1,	9,	25,	'Contenido'),
(3748,	'2023-01-12 06:43:37',	8701,	'Happy',	1,	1,	25,	'Feliz'),
(3749,	'2023-01-12 06:43:37',	8701,	'Happy',	1,	1,	25,	'Feliz'),
(3750,	'2023-01-12 06:43:37',	8701,	'Happy',	1,	1,	25,	'Feliz'),
(3751,	'2023-01-12 06:43:37',	8701,	'Happy',	1,	1,	25,	'Feliz'),
(3752,	'2023-01-12 06:43:38',	8701,	'Happy',	1,	1,	25,	'Feliz'),
(3753,	'2023-01-12 06:43:38',	8701,	'Happy',	1,	1,	25,	'Feliz'),
(3754,	'2023-01-12 06:43:39',	8701,	'Happy',	2,	1,	25,	'Feliz'),
(3755,	'2023-01-12 06:43:40',	8701,	'Happy',	2,	1,	25,	'Feliz'),
(3756,	'2023-01-12 06:43:40',	8701,	'Happy',	2,	1,	25,	'Feliz'),
(3757,	'2023-01-12 06:43:40',	8701,	'Happy',	2,	1,	25,	'Feliz'),
(3758,	'2023-01-12 06:43:40',	8701,	'Happy',	2,	1,	25,	'Feliz'),
(3759,	'2023-01-12 06:45:20',	8704,	'Content',	1,	9,	25,	'Contenido'),
(3760,	'2023-01-12 06:45:33',	8704,	'Content',	1,	9,	25,	'Contenido'),
(3761,	'2023-01-12 06:47:37',	8715,	'Happy',	1,	1,	25,	'Feliz'),
(3762,	'2023-01-12 06:47:57',	8715,	'Scared',	1,	3,	8.3,	'Asustado'),
(3770,	'2023-01-12 06:52:51',	8700,	'Angry',	1,	2,	8.3,	'Enojado'),
(3771,	'2023-01-12 06:52:52',	8700,	'Angry',	1,	2,	8.3,	'Enojado'),
(3772,	'2023-01-12 06:52:52',	8700,	'Angry',	1,	2,	8.3,	'Enojado'),
(3773,	'2023-01-12 06:52:52',	8700,	'Angry',	1,	2,	8.3,	'Enojado'),
(3774,	'2023-01-12 06:52:52',	8700,	'Angry',	1,	2,	8.3,	'Enojado'),
(3775,	'2023-01-12 06:52:53',	8700,	'Angry',	1,	2,	8.3,	'Enojado'),
(3776,	'2023-01-12 06:52:53',	8700,	'Angry',	1,	2,	8.3,	'Enojado'),
(3777,	'2023-01-12 06:52:53',	8700,	'Angry',	1,	2,	8.3,	'Enojado'),
(3778,	'2023-01-12 06:52:54',	8700,	'Angry',	1,	2,	8.3,	'Enojado'),
(3779,	'2023-01-12 06:52:54',	8700,	'Angry',	1,	2,	8.3,	'Enojado'),
(3780,	'2023-01-12 06:52:54',	8700,	'Angry',	1,	2,	8.3,	'Enojado'),
(3781,	'2023-01-12 06:53:01',	8700,	'Angry',	1,	2,	8.3,	'Enojado'),
(3782,	'2023-01-12 06:53:20',	8700,	'Content',	2,	9,	25,	'Contenido'),
(3783,	'2023-01-12 06:53:20',	8700,	'Content',	2,	9,	25,	'Contenido'),
(3784,	'2023-01-12 06:53:20',	8700,	'Content',	2,	9,	25,	'Contenido'),
(3785,	'2023-01-12 06:53:21',	8700,	'Content',	2,	9,	25,	'Contenido'),
(3786,	'2023-01-12 06:53:21',	8700,	'Content',	2,	9,	25,	'Contenido'),
(3787,	'2023-01-12 06:53:21',	8700,	'Content',	2,	9,	25,	'Contenido'),
(3788,	'2023-01-12 06:53:21',	8700,	'Content',	2,	9,	25,	'Contenido'),
(3789,	'2023-01-12 06:53:50',	8700,	'Angry',	1,	2,	8.3,	'Enojado'),
(3790,	'2023-01-12 06:54:06',	8700,	'Happy',	1,	1,	25,	'Feliz'),
(3803,	'2023-01-12 07:19:36',	8701,	'Happy',	1,	1,	25,	'Feliz'),
(3804,	'2023-01-12 07:19:50',	8701,	'Content',	1,	9,	25,	'Contenido'),
(3805,	'2023-01-12 07:22:42',	8699,	'Happy',	1,	1,	25,	'Feliz'),
(3806,	'2023-01-12 07:23:09',	8699,	'Content',	1,	9,	25,	'Contenido'),
(3807,	'2023-01-12 07:23:35',	8700,	'Happy',	1,	1,	25,	'Feliz'),
(3808,	'2023-01-12 07:23:57',	8700,	'Happy',	1,	1,	25,	'Feliz'),
(3809,	'2023-01-12 07:26:48',	8704,	'Content',	1,	9,	25,	'Contenido'),
(3810,	'2023-01-12 07:27:17',	8704,	'Content',	1,	9,	25,	'Contenido'),
(3811,	'2023-01-12 07:27:47',	8715,	'Happy',	1,	1,	25,	'Feliz'),
(3812,	'2023-01-12 07:28:07',	8715,	'Meh',	1,	7,	16.6,	'Meh'),
(3813,	'2023-01-12 07:33:50',	8729,	'Happy',	1,	1,	25,	'Feliz'),
(3814,	'2023-01-12 07:34:00',	8729,	'Content',	1,	9,	25,	'Contenido'),
(3815,	'2023-01-12 07:40:46',	8699,	'Happy',	1,	1,	25,	'Feliz'),
(3816,	'2023-01-12 07:41:37',	8699,	'Shy',	1,	10,	16.6,	'Tímido'),
(3817,	'2023-01-12 09:17:43',	8700,	'Happy',	2,	1,	25,	'Feliz'),
(3818,	'2023-01-12 09:25:51',	8700,	'Happy',	3,	1,	25,	'Feliz'),
(3819,	'2023-01-12 10:12:30',	8700,	'Angry',	4,	2,	8.3,	'Enojado'),
(3820,	'2023-01-12 10:12:53',	8700,	'Scared',	3,	3,	8.3,	'Asustado'),
(3821,	'2023-01-12 10:13:17',	8700,	'Angry',	3,	2,	8.3,	'Enojado'),
(3822,	'2023-01-12 10:13:23',	8700,	'Angry',	1,	2,	8.3,	'Enojado'),
(3823,	'2023-01-12 10:13:47',	8700,	'Angry',	4,	2,	8.3,	'Enojado'),
(3824,	'2023-01-12 10:13:57',	8700,	'Angry',	1,	2,	8.3,	'Enojado'),
(3837,	'2023-01-12 11:26:34',	8700,	'Excited',	3,	12,	25,	'Emocionado'),
(3838,	'2023-01-12 11:29:08',	8700,	'Shy',	5,	10,	16.6,	'Tímido'),
(3839,	'2023-01-12 11:51:11',	8699,	'Hopeful',	1,	8,	25,	'Esperanza'),
(3840,	'2023-01-12 11:51:45',	8699,	'Content',	1,	9,	25,	'Contenido'),
(3845,	'2023-01-12 11:55:53',	8700,	'Meh',	1,	7,	16.6,	'Meh'),
(3846,	'2023-01-12 11:56:08',	8700,	'Excited',	1,	12,	25,	'Emocionado'),
(3849,	'2023-01-12 12:01:14',	8700,	'Happy',	1,	1,	25,	'Feliz'),
(3850,	'2023-01-12 12:01:36',	8700,	'Meh',	2,	7,	16.6,	'Meh'),
(3863,	'2023-01-12 12:57:25',	8700,	'Happy',	5,	1,	25,	'Feliz'),
(3864,	'2023-01-12 12:57:36',	8700,	'Content',	5,	9,	25,	'Contenido'),
(3865,	'2023-01-12 12:58:02',	8700,	'Excited',	5,	12,	25,	'Emocionado'),
(3871,	'2023-01-12 15:15:42',	8699,	'Angry',	2,	2,	8.3,	'Enojado'),
(3872,	'2023-01-12 15:23:46',	8699,	'Happy',	1,	1,	25,	'Feliz'),
(3873,	'2023-01-12 15:24:19',	8699,	'Sad',	1,	11,	8.3,	'Triste'),
(3874,	'2023-01-12 15:24:30',	8699,	'Happy',	1,	1,	25,	'Feliz'),
(3875,	'2023-01-12 15:24:47',	8699,	'Shy',	1,	10,	16.6,	'Tímido'),
(3876,	'2023-01-12 15:24:57',	8699,	'Shy',	1,	10,	16.6,	'Tímido'),
(3877,	'2023-01-12 15:25:18',	8699,	'Content',	1,	9,	25,	'Contenido'),
(3878,	'2023-01-12 15:25:32',	8699,	'Content',	1,	9,	25,	'Contenido'),
(3879,	'2023-01-12 15:25:35',	8699,	'Content',	1,	9,	25,	'Contenido'),
(3880,	'2023-01-12 15:26:00',	8699,	'Angry',	1,	2,	8.3,	'Enojado'),
(3881,	'2023-01-12 15:26:10',	8699,	'Content',	1,	9,	25,	'Contenido'),
(3882,	'2023-01-12 15:26:46',	8699,	'Happy',	1,	1,	25,	'Feliz'),
(3883,	'2023-01-12 15:26:53',	8699,	'Shy',	1,	10,	16.6,	'Tímido'),
(3884,	'2023-01-12 15:27:14',	8699,	'Happy',	1,	1,	25,	'Feliz'),
(3885,	'2023-01-12 15:27:22',	8699,	'Sad',	1,	11,	8.3,	'Triste'),
(3886,	'2023-01-12 15:47:03',	8700,	'Scared',	5,	3,	8.3,	'Asustado'),
(3887,	'2023-01-12 15:47:29',	8700,	'Happy',	5,	1,	25,	'Feliz'),
(3888,	'2023-01-12 15:59:16',	8700,	'Happy',	5,	1,	25,	'Feliz'),
(3889,	'2023-01-12 15:59:33',	8700,	'Happy',	5,	1,	25,	'Feliz'),
(3890,	'2023-01-12 21:07:25',	8699,	'Angry',	2,	2,	8.3,	'Enojado'),
(3891,	'2023-01-12 21:07:43',	8699,	'Angry',	1,	2,	8.3,	'Enojado'),
(3898,	'2023-01-13 06:27:18',	8700,	'Happy',	5,	1,	25,	'Feliz'),
(3899,	'2023-01-13 06:27:22',	8700,	'Excited',	5,	12,	25,	'Emocionado'),
(3906,	'2023-01-13 11:29:45',	8699,	'Happy',	1,	1,	25,	'Feliz'),
(3907,	'2023-01-13 11:30:07',	8699,	'Happy',	1,	1,	25,	'Feliz'),
(3908,	'2023-01-13 11:34:09',	8699,	'Content',	1,	9,	25,	'Contenido'),
(3909,	'2023-01-13 16:25:02',	8699,	'Angry',	2,	2,	8.3,	'Enojado'),
(3910,	'2023-01-13 16:25:49',	8699,	'Angry',	2,	2,	8.3,	'Enojado'),
(3911,	'2023-01-13 16:25:56',	8699,	'Angry',	2,	2,	8.3,	'Enojado'),
(3912,	'2023-01-13 17:36:21',	8699,	'Angry',	2,	2,	8.3,	'Enojado'),
(3913,	'2023-01-13 18:35:02',	8699,	'Angry',	2,	2,	8.3,	'Enojado'),
(3914,	'2023-01-16 13:40:08',	8766,	'Happy',	5,	1,	25,	'Feliz'),
(3915,	'2023-01-16 13:40:38',	8766,	'Happy',	5,	1,	25,	'Feliz'),
(3916,	'2023-01-16 13:40:44',	8766,	'Happy',	5,	1,	25,	'Feliz'),
(3917,	'2023-01-16 13:41:55',	8766,	'Happy',	5,	1,	25,	'Feliz'),
(3921,	'2023-01-16 13:53:36',	8766,	'Excited',	5,	12,	25,	'Emocionado'),
(3920,	'2023-01-16 13:53:25',	8766,	'Happy',	4,	1,	25,	'Feliz'),
(3922,	'2023-01-16 13:54:52',	8766,	'Happy',	5,	1,	25,	'Feliz'),
(3923,	'2023-01-16 13:55:10',	8766,	'Happy',	5,	1,	25,	'Feliz'),
(3924,	'2023-01-16 13:55:56',	8766,	'Excited',	5,	12,	25,	'Emocionado'),
(3925,	'2023-01-16 13:56:01',	8766,	'Excited',	5,	12,	25,	'Emocionado'),
(3926,	'2023-01-16 13:56:13',	8766,	'Happy',	5,	1,	25,	'Feliz'),
(3927,	'2023-01-16 13:56:18',	8766,	'Excited',	5,	12,	25,	'Emocionado'),
(3928,	'2023-01-16 13:57:07',	8766,	'Excited',	5,	12,	25,	'Emocionado'),
(3929,	'2023-01-16 13:57:15',	8766,	'Happy',	5,	1,	25,	'Feliz'),
(3930,	'2023-01-16 13:57:30',	8766,	'Happy',	5,	1,	25,	'Feliz'),
(3931,	'2023-01-16 13:57:39',	8766,	'Excited',	5,	12,	25,	'Emocionado'),
(3932,	'2023-01-16 13:57:50',	8766,	'Happy',	5,	1,	25,	'Feliz'),
(3933,	'2023-01-16 13:57:56',	8766,	'Excited',	5,	12,	25,	'Emocionado'),
(3934,	'2023-01-16 13:58:04',	8766,	'Excited',	5,	12,	25,	'Emocionado'),
(3935,	'2023-01-16 13:58:10',	8766,	'Happy',	5,	1,	25,	'Feliz'),
(3936,	'2023-01-16 13:58:18',	8766,	'Happy',	5,	1,	25,	'Feliz'),
(3937,	'2023-01-16 13:58:24',	8766,	'Excited',	5,	12,	25,	'Emocionado'),
(3938,	'2023-01-16 13:58:36',	8766,	'Happy',	5,	1,	25,	'Feliz'),
(3939,	'2023-01-16 13:58:44',	8766,	'Excited',	5,	12,	25,	'Emocionado'),
(3940,	'2023-01-16 13:58:50',	8766,	'Happy',	5,	1,	25,	'Feliz'),
(3941,	'2023-01-16 13:58:56',	8766,	'Excited',	5,	12,	25,	'Emocionado'),
(3942,	'2023-01-16 13:59:04',	8766,	'Happy',	5,	1,	25,	'Feliz'),
(3943,	'2023-01-16 13:59:08',	8766,	'Excited',	5,	12,	25,	'Emocionado'),
(3944,	'2023-01-16 14:24:02',	8766,	'Happy',	5,	1,	25,	'Feliz'),
(3945,	'2023-01-16 14:24:09',	8766,	'Excited',	5,	12,	25,	'Emocionado'),
(3946,	'2023-01-16 14:24:21',	8766,	'Happy',	5,	1,	25,	'Feliz'),
(3947,	'2023-01-16 14:24:27',	8766,	'Excited',	5,	12,	25,	'Emocionado'),
(3948,	'2023-01-16 14:24:32',	8766,	'Happy',	5,	1,	25,	'Feliz'),
(3949,	'2023-01-16 14:24:38',	8766,	'Excited',	5,	12,	25,	'Emocionado'),
(3950,	'2023-01-16 14:25:12',	8766,	'Excited',	5,	12,	25,	'Emocionado'),
(3951,	'2023-01-16 14:25:18',	8766,	'Happy',	5,	1,	25,	'Feliz'),
(3952,	'2023-01-16 14:25:26',	8766,	'Happy',	5,	1,	25,	'Feliz'),
(3953,	'2023-01-16 14:25:31',	8766,	'Excited',	5,	12,	25,	'Emocionado'),
(3954,	'2023-01-16 14:25:41',	8766,	'Happy',	5,	1,	25,	'Feliz'),
(3955,	'2023-01-16 14:25:47',	8766,	'Excited',	5,	12,	25,	'Emocionado'),
(3956,	'2023-01-16 14:25:52',	8766,	'Happy',	5,	1,	25,	'Feliz'),
(3957,	'2023-01-16 14:25:57',	8766,	'Excited',	5,	12,	25,	'Emocionado'),
(3958,	'2023-01-16 14:26:01',	8766,	'Happy',	5,	1,	25,	'Feliz'),
(3959,	'2023-01-16 14:26:06',	8766,	'Excited',	5,	12,	25,	'Emocionado'),
(3960,	'2023-01-16 14:26:18',	8766,	'Happy',	5,	1,	25,	'Feliz'),
(3961,	'2023-01-16 14:26:23',	8766,	'Excited',	5,	12,	25,	'Emocionado'),
(3962,	'2023-01-16 14:26:28',	8766,	'Happy',	5,	1,	25,	'Feliz'),
(3963,	'2023-01-16 14:26:33',	8766,	'Excited',	5,	12,	25,	'Emocionado'),
(3993,	'2023-01-20 12:55:44',	8764,	'Sad',	1,	11,	8.3,	'Triste'),
(3994,	'2023-01-20 12:55:53',	8764,	'Sad',	1,	11,	8.3,	'Triste'),
(3995,	'2023-01-20 13:09:01',	8764,	'Sad',	1,	11,	8.3,	'Triste'),
(3996,	'2023-01-20 13:09:11',	8764,	'Sad',	1,	11,	8.3,	'Triste'),
(3997,	'2023-01-20 13:10:31',	8729,	'Sad',	1,	11,	8.3,	'Triste'),
(3998,	'2023-01-20 13:10:38',	8729,	'Sad',	1,	11,	8.3,	'Triste'),
(3999,	'2023-01-20 13:11:06',	8729,	'Sad',	1,	11,	8.3,	'Triste'),
(4000,	'2023-01-20 13:11:14',	8729,	'Sad',	1,	11,	8.3,	'Triste'),
(4001,	'2023-01-20 13:12:10',	8715,	'Sad',	1,	11,	8.3,	'Triste'),
(4002,	'2023-01-20 13:12:17',	8715,	'Sad',	1,	11,	8.3,	'Triste'),
(4003,	'2023-01-20 13:12:38',	8715,	'Sad',	1,	11,	8.3,	'Triste'),
(4004,	'2023-01-20 13:12:46',	8715,	'Sad',	1,	11,	8.3,	'Triste'),
(4133,	'2023-01-31 16:36:27',	8765,	'Happy',	3,	1,	25,	'Feliz'),
(4134,	'2023-01-31 16:36:53',	8765,	'Excited',	1,	12,	25,	'Emocionado'),
(4135,	'2023-01-31 16:37:48',	8765,	'Shy',	3,	10,	16.6,	'Tímido'),
(4136,	'2023-01-31 16:38:10',	8765,	'Excited',	4,	12,	25,	'Emocionado'),
(4137,	'2023-01-31 17:22:15',	8715,	'Happy',	5,	1,	25,	'Feliz'),
(4138,	'2023-01-31 17:22:32',	8715,	'Happy',	5,	1,	25,	'Feliz'),
(4154,	'2023-02-01 06:00:13',	8715,	'Happy',	2,	1,	25,	'Feliz'),
(4155,	'2023-02-01 06:00:18',	8715,	'Happy',	2,	1,	25,	'Feliz'),
(4156,	'2023-02-01 06:01:28',	8715,	'Happy',	2,	1,	25,	'Feliz'),
(4157,	'2023-02-01 06:04:01',	8715,	'Happy',	2,	1,	25,	'Feliz'),
(4159,	'2023-02-01 06:07:43',	8715,	'Happy',	3,	1,	25,	'Feliz'),
(4189,	'2023-02-01 11:22:44',	8715,	'Happy',	5,	1,	25,	'Feliz'),
(4190,	'2023-02-01 11:23:05',	8715,	'Excited',	5,	12,	25,	'Emocionado'),
(4191,	'2023-02-01 13:42:10',	8784,	'Happy',	4,	1,	25,	'Feliz'),
(4192,	'2023-02-01 13:42:19',	8784,	'Excited',	5,	12,	25,	'Emocionado'),
(4193,	'2023-02-01 13:44:48',	8784,	'Happy',	4,	1,	25,	'Feliz'),
(4194,	'2023-02-01 13:44:55',	8784,	'Excited',	5,	12,	25,	'Emocionado'),
(4195,	'2023-02-01 13:45:02',	8784,	'Excited',	1,	12,	25,	'Emocionado'),
(4196,	'2023-02-01 13:45:14',	8784,	'Happy',	5,	1,	25,	'Feliz'),
(4197,	'2023-02-01 13:45:33',	8784,	'Happy',	4,	1,	25,	'Feliz'),
(4198,	'2023-02-01 13:45:43',	8784,	'Excited',	5,	12,	25,	'Emocionado'),
(4199,	'2023-02-01 13:45:55',	8784,	'Excited',	5,	12,	25,	'Emocionado'),
(4200,	'2023-02-01 13:45:59',	8784,	'Nervous',	1,	6,	16.6,	'Nervioso'),
(4201,	'2023-02-01 13:46:32',	8784,	'Happy',	5,	1,	25,	'Feliz'),
(4202,	'2023-02-01 13:46:39',	8784,	'Excited',	5,	12,	25,	'Emocionado'),
(4203,	'2023-02-01 13:46:45',	8784,	'Happy',	5,	1,	25,	'Feliz'),
(4204,	'2023-02-01 13:46:51',	8784,	'Excited',	5,	12,	25,	'Emocionado'),
(4205,	'2023-02-01 13:46:56',	8784,	'Excited',	5,	12,	25,	'Emocionado'),
(4206,	'2023-02-01 13:47:02',	8784,	'Happy',	5,	1,	25,	'Feliz'),
(4207,	'2023-02-01 13:47:09',	8784,	'Happy',	5,	1,	25,	'Feliz'),
(4208,	'2023-02-01 13:47:15',	8784,	'Excited',	5,	12,	25,	'Emocionado'),
(4209,	'2023-02-01 13:47:27',	8784,	'Excited',	5,	12,	25,	'Emocionado'),
(4210,	'2023-02-01 13:47:32',	8784,	'Happy',	5,	1,	25,	'Feliz'),
(4211,	'2023-02-01 15:10:35',	8784,	'Happy',	5,	1,	25,	'Feliz'),
(4212,	'2023-02-01 15:17:18',	8784,	'Hopeful',	1,	8,	25,	'Esperanza'),
(4259,	'2023-02-01 19:35:58',	8788,	'Angry',	3,	2,	8.3,	'Enojado'),
(4260,	'2023-02-01 19:36:49',	8788,	'Excited',	5,	12,	25,	'Emocionado'),
(4261,	'2023-02-01 19:37:33',	8788,	'Happy',	5,	1,	25,	'Feliz'),
(4262,	'2023-02-01 19:38:29',	8788,	'Happy',	5,	1,	25,	'Feliz'),
(4263,	'2023-02-01 19:48:14',	8788,	'Happy',	5,	1,	25,	'Feliz'),
(4264,	'2023-02-01 19:49:02',	8788,	'Happy',	5,	1,	25,	'Feliz'),
(4273,	'2023-02-01 20:07:13',	8788,	'Happy',	4,	1,	25,	'Feliz'),
(4274,	'2023-02-01 20:07:22',	8788,	'Excited',	5,	12,	25,	'Emocionado'),
(4275,	'2023-02-01 20:07:45',	8788,	'Excited',	5,	12,	25,	'Emocionado'),
(4276,	'2023-02-01 20:07:54',	8788,	'Sad',	2,	11,	8.3,	'Triste'),
(4291,	'2023-02-01 20:24:43',	8788,	'Happy',	5,	1,	25,	'Feliz'),
(4292,	'2023-02-01 20:24:50',	8788,	'Excited',	5,	12,	25,	'Emocionado'),
(4293,	'2023-02-01 20:27:53',	8788,	'Happy',	4,	1,	25,	'Feliz'),
(4294,	'2023-02-01 20:28:00',	8788,	'Shy',	4,	10,	16.6,	'Tímido'),
(4295,	'2023-02-01 20:28:16',	8788,	'Angry',	2,	2,	8.3,	'Enojado'),
(4296,	'2023-02-01 20:28:23',	8788,	'Sad',	2,	11,	8.3,	'Triste'),
(4297,	'2023-02-01 20:35:26',	8788,	'Happy',	4,	1,	25,	'Feliz'),
(4298,	'2023-02-01 20:35:33',	8788,	'Excited',	5,	12,	25,	'Emocionado'),
(4299,	'2023-02-01 20:36:03',	8788,	'Happy',	4,	1,	25,	'Feliz'),
(4300,	'2023-02-01 20:36:29',	8788,	'Sad',	4,	11,	8.3,	'Triste'),
(4327,	'2023-02-02 05:35:48',	8784,	'Happy',	5,	1,	25,	'Feliz'),
(4328,	'2023-02-02 05:36:05',	8784,	'Happy',	5,	1,	25,	'Feliz'),
(4329,	'2023-02-02 05:36:15',	8784,	'Happy',	5,	1,	25,	'Feliz'),
(4330,	'2023-02-02 05:36:27',	8784,	'Happy',	5,	1,	25,	'Feliz'),
(4331,	'2023-02-02 05:37:22',	8784,	'Happy',	3,	1,	25,	'Feliz'),
(4332,	'2023-02-02 05:37:26',	8784,	'Happy',	3,	1,	25,	'Feliz'),
(4333,	'2023-02-02 05:37:33',	8784,	'Happy',	3,	1,	25,	'Feliz'),
(4334,	'2023-02-02 05:37:38',	8784,	'Happy',	4,	1,	25,	'Feliz'),
(4335,	'2023-02-02 05:37:42',	8784,	'Happy',	4,	1,	25,	'Feliz'),
(4336,	'2023-02-02 05:37:54',	8784,	'Happy',	5,	1,	25,	'Feliz'),
(4351,	'2023-02-02 07:25:46',	8796,	'Happy',	5,	1,	25,	'Feliz'),
(4352,	'2023-02-02 07:25:56',	8796,	'Happy',	5,	1,	25,	'Feliz'),
(4353,	'2023-02-02 07:26:07',	8796,	'Happy',	5,	1,	25,	'Feliz'),
(4354,	'2023-02-02 07:26:12',	8796,	'Happy',	5,	1,	25,	'Feliz'),
(4355,	'2023-02-02 07:26:21',	8796,	'Happy',	3,	1,	25,	'Feliz'),
(4356,	'2023-02-02 07:26:31',	8796,	'Happy',	5,	1,	25,	'Feliz'),
(4357,	'2023-02-02 07:27:04',	8796,	'Happy',	4,	1,	25,	'Feliz'),
(4358,	'2023-02-02 07:27:09',	8796,	'Happy',	2,	1,	25,	'Feliz'),
(4359,	'2023-02-02 07:27:14',	8796,	'Happy',	4,	1,	25,	'Feliz'),
(4360,	'2023-02-02 07:27:18',	8796,	'Happy',	5,	1,	25,	'Feliz'),
(4361,	'2023-02-02 07:27:22',	8796,	'Happy',	5,	1,	25,	'Feliz'),
(4362,	'2023-02-02 07:27:27',	8796,	'Happy',	5,	1,	25,	'Feliz'),
(4363,	'2023-02-02 07:27:31',	8796,	'Hopeful',	5,	8,	25,	'Esperanza'),
(4364,	'2023-02-02 07:27:36',	8796,	'Hopeful',	5,	8,	25,	'Esperanza'),
(4365,	'2023-02-02 07:27:40',	8796,	'Content',	5,	9,	25,	'Contenido'),
(4366,	'2023-02-02 07:27:45',	8796,	'Content',	5,	9,	25,	'Contenido'),
(4367,	'2023-02-02 07:28:03',	8796,	'Excited',	5,	12,	25,	'Emocionado'),
(4368,	'2023-02-02 07:28:09',	8796,	'Excited',	5,	12,	25,	'Emocionado'),
(4369,	'2023-02-02 07:28:24',	8796,	'Excited',	5,	12,	25,	'Emocionado'),
(4370,	'2023-02-02 07:28:29',	8796,	'Excited',	5,	12,	25,	'Emocionado'),
(4371,	'2023-02-02 07:29:06',	8796,	'Excited',	5,	12,	25,	'Emocionado'),
(4372,	'2023-02-02 07:29:10',	8796,	'Excited',	4,	12,	25,	'Emocionado'),
(4373,	'2023-02-02 07:29:16',	8796,	'Excited',	5,	12,	25,	'Emocionado'),
(4374,	'2023-02-02 07:29:24',	8796,	'Happy',	5,	1,	25,	'Feliz'),
(4375,	'2023-02-02 07:31:03',	8796,	'Happy',	5,	1,	25,	'Feliz'),
(4376,	'2023-02-02 07:31:08',	8796,	'Excited',	5,	12,	25,	'Emocionado'),
(4379,	'2023-02-02 07:37:50',	8796,	'Happy',	5,	1,	25,	'Feliz'),
(4380,	'2023-02-02 07:37:55',	8796,	'Excited',	5,	12,	25,	'Emocionado'),
(4381,	'2023-02-02 07:38:03',	8796,	'Happy',	5,	1,	25,	'Feliz'),
(4382,	'2023-02-02 07:38:14',	8796,	'Excited',	5,	12,	25,	'Emocionado'),
(4383,	'2023-02-02 07:38:30',	8796,	'Excited',	5,	12,	25,	'Emocionado'),
(4384,	'2023-02-02 07:38:35',	8796,	'Excited',	5,	12,	25,	'Emocionado'),
(4385,	'2023-02-02 07:38:49',	8796,	'Hopeful',	5,	8,	25,	'Esperanza'),
(4386,	'2023-02-02 07:38:55',	8796,	'Excited',	5,	12,	25,	'Emocionado'),
(4387,	'2023-02-02 07:39:09',	8796,	'Excited',	5,	12,	25,	'Emocionado'),
(4388,	'2023-02-02 07:39:17',	8796,	'Excited',	5,	12,	25,	'Emocionado'),
(4389,	'2023-02-02 07:39:38',	8796,	'Excited',	5,	12,	25,	'Emocionado'),
(4390,	'2023-02-02 07:39:43',	8796,	'Excited',	4,	12,	25,	'Emocionado'),
(4391,	'2023-02-02 07:39:58',	8796,	'Content',	5,	9,	25,	'Contenido'),
(4392,	'2023-02-02 07:40:02',	8796,	'Excited',	5,	12,	25,	'Emocionado'),
(4393,	'2023-02-02 07:51:54',	8796,	'Happy',	5,	1,	25,	'Feliz'),
(4394,	'2023-02-02 07:52:05',	8796,	'Excited',	5,	12,	25,	'Emocionado'),
(4395,	'2023-02-02 07:52:11',	8796,	'Happy',	5,	1,	25,	'Feliz'),
(4396,	'2023-02-02 07:52:23',	8796,	'Excited',	5,	12,	25,	'Emocionado'),
(4397,	'2023-02-02 07:52:35',	8796,	'Happy',	5,	1,	25,	'Feliz'),
(4398,	'2023-02-02 07:52:44',	8796,	'Excited',	5,	12,	25,	'Emocionado'),
(4399,	'2023-02-02 07:52:56',	8796,	'Happy',	5,	1,	25,	'Feliz'),
(4400,	'2023-02-02 07:53:02',	8796,	'Excited',	5,	12,	25,	'Emocionado'),
(4401,	'2023-02-02 07:53:20',	8796,	'Happy',	5,	1,	25,	'Feliz'),
(4402,	'2023-02-02 07:53:25',	8796,	'Excited',	5,	12,	25,	'Emocionado'),
(4403,	'2023-02-02 07:53:31',	8796,	'Happy',	5,	1,	25,	'Feliz'),
(4404,	'2023-02-02 07:53:45',	8796,	'Excited',	5,	12,	25,	'Emocionado'),
(4405,	'2023-02-02 07:54:03',	8796,	'Happy',	5,	1,	25,	'Feliz'),
(4406,	'2023-02-02 07:54:12',	8796,	'Excited',	5,	12,	25,	'Emocionado'),
(4934,	'2023-09-26 11:28:54',	16522,	'Meh',	1,	7,	16.6,	'Meh'),
(4933,	'2023-09-26 11:23:42',	16522,	'Hopeful',	1,	8,	25,	'Esperanza'),
(4932,	'2023-09-26 11:22:40',	16522,	'Excited',	1,	12,	25,	'Emocionado'),
(4931,	'2023-09-26 11:10:05',	16522,	'Hopeful',	1,	8,	25,	'Esperanza'),
(4930,	'2023-09-26 11:10:00',	16522,	'Hopeful',	1,	8,	25,	'Esperanza'),
(4929,	'2023-09-26 11:08:52',	16522,	'Hopeful',	1,	8,	25,	'Esperanza'),
(4928,	'2023-09-26 11:08:48',	16522,	'Hopeful',	1,	8,	25,	'Esperanza'),
(4927,	'2023-09-26 10:48:57',	16522,	'Happy',	1,	1,	25,	'Feliz'),
(4425,	'2023-02-02 09:36:17',	8797,	'Happy',	3,	1,	25,	'Feliz'),
(4426,	'2023-02-02 09:36:25',	8797,	'Excited',	5,	12,	25,	'Emocionado'),
(4427,	'2023-02-02 09:36:40',	8797,	'Happy',	5,	1,	25,	'Feliz'),
(4428,	'2023-02-02 09:36:44',	8797,	'Excited',	5,	12,	25,	'Emocionado'),
(4429,	'2023-02-02 09:36:51',	8797,	'Happy',	5,	1,	25,	'Feliz'),
(4430,	'2023-02-02 09:36:58',	8797,	'Excited',	5,	12,	25,	'Emocionado'),
(4431,	'2023-02-02 09:37:05',	8797,	'Happy',	5,	1,	25,	'Feliz'),
(4432,	'2023-02-02 09:37:12',	8797,	'Excited',	5,	12,	25,	'Emocionado'),
(4433,	'2023-02-02 09:37:16',	8797,	'Happy',	5,	1,	25,	'Feliz'),
(4434,	'2023-02-02 09:37:22',	8797,	'Excited',	5,	12,	25,	'Emocionado'),
(4435,	'2023-02-02 09:37:32',	8797,	'Happy',	5,	1,	25,	'Feliz'),
(4436,	'2023-02-02 09:37:37',	8797,	'Excited',	5,	12,	25,	'Emocionado'),
(4437,	'2023-02-02 09:37:43',	8797,	'Happy',	5,	1,	25,	'Feliz'),
(4438,	'2023-02-02 09:37:48',	8797,	'Excited',	5,	12,	25,	'Emocionado'),
(4439,	'2023-02-02 09:37:56',	8797,	'Happy',	5,	1,	25,	'Feliz'),
(4440,	'2023-02-02 09:38:02',	8797,	'Excited',	5,	12,	25,	'Emocionado'),
(4441,	'2023-02-02 09:38:08',	8797,	'Happy',	5,	1,	25,	'Feliz'),
(4442,	'2023-02-02 09:38:15',	8797,	'Excited',	5,	12,	25,	'Emocionado'),
(4443,	'2023-02-02 09:38:23',	8797,	'Happy',	1,	1,	25,	'Feliz'),
(4444,	'2023-02-02 09:38:33',	8797,	'Excited',	5,	12,	25,	'Emocionado'),
(4445,	'2023-02-02 09:41:00',	8797,	'Happy',	5,	1,	25,	'Feliz'),
(4446,	'2023-02-02 09:41:04',	8797,	'Excited',	5,	12,	25,	'Emocionado'),
(4447,	'2023-02-02 09:41:10',	8797,	'Happy',	2,	1,	25,	'Feliz'),
(4448,	'2023-02-02 09:41:20',	8797,	'Excited',	5,	12,	25,	'Emocionado'),
(4449,	'2023-02-02 09:41:30',	8797,	'Happy',	5,	1,	25,	'Feliz'),
(4450,	'2023-02-02 09:41:38',	8797,	'Excited',	4,	12,	25,	'Emocionado'),
(4451,	'2023-02-02 09:41:46',	8797,	'Happy',	5,	1,	25,	'Feliz'),
(4452,	'2023-02-02 09:41:51',	8797,	'Excited',	5,	12,	25,	'Emocionado'),
(4453,	'2023-02-02 09:48:31',	8797,	'Happy',	5,	1,	25,	'Feliz'),
(4454,	'2023-02-02 09:48:39',	8797,	'Excited',	5,	12,	25,	'Emocionado'),
(4455,	'2023-02-02 09:48:45',	8797,	'Happy',	5,	1,	25,	'Feliz'),
(4456,	'2023-02-02 09:48:50',	8797,	'Excited',	5,	12,	25,	'Emocionado'),
(4457,	'2023-02-02 09:48:56',	8797,	'Happy',	5,	1,	25,	'Feliz'),
(4458,	'2023-02-02 09:49:08',	8797,	'Excited',	5,	12,	25,	'Emocionado'),
(4459,	'2023-02-02 09:49:17',	8797,	'Happy',	5,	1,	25,	'Feliz'),
(4460,	'2023-02-02 09:49:25',	8797,	'Excited',	5,	12,	25,	'Emocionado'),
(4461,	'2023-02-02 09:49:33',	8797,	'Happy',	5,	1,	25,	'Feliz'),
(4462,	'2023-02-02 09:49:46',	8797,	'Excited',	5,	12,	25,	'Emocionado'),
(4463,	'2023-02-02 09:50:58',	8797,	'Happy',	5,	1,	25,	'Feliz'),
(4464,	'2023-02-02 09:51:11',	8797,	'Excited',	5,	12,	25,	'Emocionado'),
(4465,	'2023-02-02 09:57:44',	8797,	'Happy',	3,	1,	25,	'Feliz'),
(4466,	'2023-02-02 09:57:52',	8797,	'Excited',	5,	12,	25,	'Emocionado'),
(4467,	'2023-02-02 10:15:38',	8797,	'Happy',	5,	1,	25,	'Feliz'),
(4468,	'2023-02-02 10:15:45',	8797,	'Excited',	5,	12,	25,	'Emocionado'),
(4469,	'2023-02-02 10:15:53',	8797,	'Happy',	5,	1,	25,	'Feliz'),
(4470,	'2023-02-02 10:16:00',	8797,	'Excited',	5,	12,	25,	'Emocionado'),
(4471,	'2023-02-02 10:16:06',	8797,	'Happy',	5,	1,	25,	'Feliz'),
(4472,	'2023-02-02 10:16:15',	8797,	'Excited',	5,	12,	25,	'Emocionado'),
(4473,	'2023-02-02 10:24:01',	8797,	'Happy',	1,	1,	25,	'Feliz'),
(4474,	'2023-02-02 10:24:13',	8797,	'Happy',	5,	1,	25,	'Feliz'),
(4475,	'2023-02-02 10:24:36',	8797,	'Happy',	5,	1,	25,	'Feliz'),
(4476,	'2023-02-02 10:25:04',	8797,	'Happy',	5,	1,	25,	'Feliz'),
(4477,	'2023-02-02 11:01:33',	8797,	'Happy',	5,	1,	25,	'Feliz'),
(4478,	'2023-02-02 11:01:45',	8797,	'Happy',	5,	1,	25,	'Feliz'),
(4479,	'2023-02-02 11:08:05',	8797,	'Happy',	5,	1,	25,	'Feliz'),
(4480,	'2023-02-02 11:08:10',	8797,	'Happy',	5,	1,	25,	'Feliz'),
(4481,	'2023-02-02 11:08:14',	8797,	'Happy',	5,	1,	25,	'Feliz'),
(4482,	'2023-02-02 11:08:21',	8797,	'Happy',	5,	1,	25,	'Feliz'),
(4483,	'2023-02-02 11:08:27',	8797,	'Happy',	5,	1,	25,	'Feliz'),
(4484,	'2023-02-02 11:08:33',	8797,	'Excited',	5,	12,	25,	'Emocionado'),
(4485,	'2023-02-02 11:08:37',	8797,	'Happy',	5,	1,	25,	'Feliz'),
(4486,	'2023-02-02 11:08:41',	8797,	'Excited',	5,	12,	25,	'Emocionado'),
(4487,	'2023-02-02 11:08:46',	8797,	'Happy',	5,	1,	25,	'Feliz'),
(4488,	'2023-02-02 11:08:54',	8797,	'Excited',	5,	12,	25,	'Emocionado'),
(4489,	'2023-02-02 11:09:00',	8797,	'Happy',	4,	1,	25,	'Feliz'),
(4490,	'2023-02-02 11:09:10',	8797,	'Excited',	5,	12,	25,	'Emocionado'),
(4926,	'2023-09-26 10:33:26',	16522,	'Meh',	1,	7,	16.6,	'Meh'),
(4925,	'2023-09-26 05:00:09',	16522,	'Happy',	2,	1,	25,	'Feliz'),
(4924,	'2023-09-25 13:46:02',	16522,	'Happy',	1,	1,	25,	'Feliz'),
(4923,	'2023-09-25 13:02:00',	16522,	'Shy',	1,	10,	16.6,	'Tímido'),
(4922,	'2023-09-25 13:00:11',	16522,	'Happy',	1,	1,	25,	'Feliz'),
(4921,	'2023-09-25 12:57:14',	16522,	'Happy',	1,	1,	25,	'Feliz'),
(4920,	'2023-09-25 12:56:03',	16522,	'Content',	2,	9,	25,	'Contenido'),
(4919,	'2023-09-25 12:54:04',	16522,	'Hopeful',	2,	8,	25,	'Esperanza'),
(4918,	'2023-09-25 12:47:37',	16522,	'Happy',	1,	1,	25,	'Feliz'),
(4917,	'2023-09-25 12:45:58',	16522,	'Happy',	1,	1,	25,	'Feliz'),
(4503,	'2023-02-02 11:45:30',	8797,	'Happy',	5,	1,	25,	'Feliz'),
(4504,	'2023-02-02 11:45:47',	8797,	'Excited',	5,	12,	25,	'Emocionado'),
(4916,	'2023-09-25 12:43:59',	16522,	'Happy',	2,	1,	25,	'Feliz'),
(4915,	'2023-09-25 12:42:23',	16522,	'Excited',	1,	12,	25,	'Emocionado'),
(4914,	'2023-09-25 12:38:50',	16522,	'Happy',	1,	1,	25,	'Feliz'),
(4913,	'2023-09-25 12:37:51',	16522,	'Happy',	1,	1,	25,	'Feliz'),
(4912,	'2023-09-25 12:22:30',	16522,	'Happy',	1,	1,	25,	'Feliz'),
(4911,	'2023-09-25 12:12:57',	16522,	'Happy',	1,	1,	25,	'Feliz'),
(4910,	'2023-09-25 12:12:49',	16522,	'Happy',	2,	1,	25,	'Feliz'),
(4909,	'2023-09-25 12:12:37',	16522,	'Happy',	2,	1,	25,	'Feliz'),
(4908,	'2023-09-25 12:12:20',	16522,	'Happy',	1,	1,	25,	'Feliz'),
(4907,	'2023-09-25 11:40:57',	16522,	'Happy',	2,	1,	25,	'Feliz'),
(4906,	'2023-09-25 10:53:23',	16522,	'Content',	2,	9,	25,	'Contenido'),
(4905,	'2023-09-25 10:52:57',	16522,	'Happy',	2,	1,	25,	'Feliz'),
(4519,	'2023-02-02 12:03:53',	8798,	'Happy',	4,	1,	25,	'Feliz'),
(4520,	'2023-02-02 12:03:58',	8798,	'Excited',	4,	12,	25,	'Emocionado'),
(4521,	'2023-02-02 12:04:12',	8798,	'Happy',	4,	1,	25,	'Feliz'),
(4522,	'2023-02-02 12:04:16',	8798,	'Excited',	4,	12,	25,	'Emocionado'),
(4523,	'2023-02-02 12:04:30',	8798,	'Happy',	5,	1,	25,	'Feliz'),
(4524,	'2023-02-02 12:04:34',	8798,	'Excited',	5,	12,	25,	'Emocionado'),
(4525,	'2023-02-02 12:28:07',	8788,	'Happy',	1,	1,	25,	'Feliz'),
(4526,	'2023-02-02 12:28:14',	8788,	'Excited',	5,	12,	25,	'Emocionado'),
(4527,	'2023-02-02 12:35:42',	8788,	'Hopeful',	3,	8,	25,	'Esperanza'),
(4528,	'2023-02-02 12:36:12',	8788,	'Excited',	5,	12,	25,	'Emocionado'),
(4529,	'2023-02-02 13:41:05',	8798,	'Happy',	5,	1,	25,	'Feliz'),
(4530,	'2023-02-02 13:41:44',	8798,	'Excited',	5,	12,	25,	'Emocionado'),
(4531,	'2023-02-02 13:42:21',	8798,	'Happy',	4,	1,	25,	'Feliz'),
(4532,	'2023-02-02 13:42:26',	8798,	'Excited',	5,	12,	25,	'Emocionado'),
(4533,	'2023-02-02 13:42:39',	8798,	'Happy',	5,	1,	25,	'Feliz'),
(4534,	'2023-02-02 13:42:44',	8798,	'Excited',	5,	12,	25,	'Emocionado'),
(4535,	'2023-02-02 13:42:54',	8798,	'Happy',	5,	1,	25,	'Feliz'),
(4536,	'2023-02-02 13:42:59',	8798,	'Excited',	5,	12,	25,	'Emocionado'),
(4537,	'2023-02-02 13:43:04',	8798,	'Excited',	5,	12,	25,	'Emocionado'),
(4538,	'2023-02-02 13:43:11',	8798,	'Excited',	5,	12,	25,	'Emocionado'),
(4539,	'2023-02-02 13:43:23',	8798,	'Excited',	1,	12,	25,	'Emocionado'),
(4540,	'2023-02-02 13:43:32',	8798,	'Excited',	5,	12,	25,	'Emocionado'),
(4541,	'2023-02-02 13:43:38',	8798,	'Happy',	5,	1,	25,	'Feliz'),
(4542,	'2023-02-02 13:43:42',	8798,	'Excited',	5,	12,	25,	'Emocionado'),
(4543,	'2023-02-02 13:43:50',	8798,	'Happy',	5,	1,	25,	'Feliz'),
(4544,	'2023-02-02 13:43:58',	8798,	'Excited',	5,	12,	25,	'Emocionado'),
(4545,	'2023-02-03 05:37:24',	8798,	'Happy',	1,	1,	25,	'Feliz'),
(4546,	'2023-02-03 05:37:38',	8798,	'Happy',	5,	1,	25,	'Feliz'),
(4547,	'2023-02-03 05:37:49',	8798,	'Happy',	5,	1,	25,	'Feliz'),
(4548,	'2023-02-03 05:38:09',	8798,	'Excited',	5,	12,	25,	'Emocionado'),
(4549,	'2023-02-03 06:42:36',	8797,	'Happy',	5,	1,	25,	'Feliz'),
(4550,	'2023-02-03 06:42:52',	8797,	'Excited',	5,	12,	25,	'Emocionado'),
(4551,	'2023-02-03 06:42:58',	8797,	'Happy',	5,	1,	25,	'Feliz'),
(4552,	'2023-02-03 06:43:05',	8797,	'Excited',	5,	12,	25,	'Emocionado'),
(4553,	'2023-02-03 06:43:38',	8797,	'Happy',	5,	1,	25,	'Feliz'),
(4554,	'2023-02-03 06:43:43',	8797,	'Excited',	5,	12,	25,	'Emocionado'),
(4555,	'2023-02-03 06:43:48',	8797,	'Happy',	5,	1,	25,	'Feliz'),
(4556,	'2023-02-03 06:43:53',	8797,	'Excited',	5,	12,	25,	'Emocionado'),
(4557,	'2023-02-03 06:43:57',	8797,	'Happy',	5,	1,	25,	'Feliz'),
(4558,	'2023-02-03 06:44:01',	8797,	'Excited',	5,	12,	25,	'Emocionado'),
(4559,	'2023-02-03 06:44:07',	8797,	'Happy',	5,	1,	25,	'Feliz'),
(4560,	'2023-02-03 06:44:15',	8797,	'Excited',	5,	12,	25,	'Emocionado'),
(4561,	'2023-02-03 06:44:21',	8797,	'Happy',	5,	1,	25,	'Feliz'),
(4562,	'2023-02-03 06:44:30',	8797,	'Excited',	5,	12,	25,	'Emocionado'),
(4563,	'2023-02-03 06:44:34',	8797,	'Happy',	5,	1,	25,	'Feliz'),
(4564,	'2023-02-03 06:44:42',	8797,	'Excited',	5,	12,	25,	'Emocionado'),
(4565,	'2023-02-03 06:44:50',	8797,	'Happy',	5,	1,	25,	'Feliz'),
(4566,	'2023-02-03 06:44:58',	8797,	'Excited',	5,	12,	25,	'Emocionado'),
(4567,	'2023-02-03 06:45:40',	8797,	'Happy',	5,	1,	25,	'Feliz'),
(4568,	'2023-02-03 06:45:48',	8797,	'Excited',	5,	12,	25,	'Emocionado'),
(4569,	'2023-02-03 06:45:59',	8797,	'Happy',	5,	1,	25,	'Feliz'),
(4570,	'2023-02-03 06:46:03',	8797,	'Excited',	5,	12,	25,	'Emocionado'),
(4571,	'2023-02-03 06:46:09',	8797,	'Happy',	5,	1,	25,	'Feliz'),
(4572,	'2023-02-03 06:46:17',	8797,	'Excited',	5,	12,	25,	'Emocionado'),
(4573,	'2023-02-03 06:53:11',	8797,	'Happy',	5,	1,	25,	'Feliz'),
(4574,	'2023-02-03 06:53:20',	8797,	'Excited',	5,	12,	25,	'Emocionado'),
(4575,	'2023-02-03 06:53:24',	8797,	'Happy',	5,	1,	25,	'Feliz'),
(4576,	'2023-02-03 06:53:33',	8797,	'Excited',	5,	12,	25,	'Emocionado'),
(4577,	'2023-02-03 06:54:24',	8797,	'Happy',	5,	1,	25,	'Feliz'),
(4578,	'2023-02-03 06:54:32',	8797,	'Excited',	5,	12,	25,	'Emocionado'),
(4579,	'2023-02-03 06:54:36',	8797,	'Happy',	5,	1,	25,	'Feliz'),
(4580,	'2023-02-03 06:54:45',	8797,	'Excited',	5,	12,	25,	'Emocionado'),
(4581,	'2023-02-03 06:54:54',	8797,	'Happy',	5,	1,	25,	'Feliz'),
(4582,	'2023-02-03 06:54:59',	8797,	'Excited',	5,	12,	25,	'Emocionado'),
(4583,	'2023-02-03 06:55:05',	8797,	'Happy',	5,	1,	25,	'Feliz'),
(4584,	'2023-02-03 06:55:13',	8797,	'Excited',	5,	12,	25,	'Emocionado'),
(4585,	'2023-02-03 06:55:18',	8797,	'Happy',	5,	1,	25,	'Feliz'),
(4586,	'2023-02-03 06:55:27',	8797,	'Excited',	5,	12,	25,	'Emocionado'),
(4587,	'2023-02-03 06:55:34',	8797,	'Happy',	5,	1,	25,	'Feliz'),
(4588,	'2023-02-03 06:55:42',	8797,	'Excited',	5,	12,	25,	'Emocionado'),
(4589,	'2023-02-03 06:55:59',	8797,	'Happy',	5,	1,	25,	'Feliz'),
(4590,	'2023-02-03 06:56:02',	8797,	'Excited',	5,	12,	25,	'Emocionado'),
(4591,	'2023-02-03 06:56:08',	8797,	'Happy',	5,	1,	25,	'Feliz'),
(4592,	'2023-02-03 06:56:17',	8797,	'Excited',	5,	12,	25,	'Emocionado'),
(4593,	'2023-02-03 06:56:22',	8797,	'Happy',	5,	1,	25,	'Feliz'),
(4594,	'2023-02-03 06:56:32',	8797,	'Excited',	5,	12,	25,	'Emocionado'),
(4595,	'2023-02-03 06:56:44',	8797,	'Happy',	5,	1,	25,	'Feliz'),
(4596,	'2023-02-03 06:56:48',	8797,	'Excited',	5,	12,	25,	'Emocionado'),
(4597,	'2023-02-03 06:56:54',	8797,	'Happy',	5,	1,	25,	'Feliz'),
(4598,	'2023-02-03 06:57:03',	8797,	'Excited',	5,	12,	25,	'Emocionado'),
(4599,	'2023-02-03 06:57:08',	8797,	'Happy',	5,	1,	25,	'Feliz'),
(4600,	'2023-02-03 06:57:19',	8797,	'Excited',	5,	12,	25,	'Emocionado'),
(4601,	'2023-02-03 06:57:25',	8797,	'Happy',	5,	1,	25,	'Feliz'),
(4602,	'2023-02-03 06:57:34',	8797,	'Excited',	5,	12,	25,	'Emocionado'),
(4603,	'2023-02-03 06:57:41',	8797,	'Happy',	5,	1,	25,	'Feliz'),
(4604,	'2023-02-03 06:57:52',	8797,	'Excited',	5,	12,	25,	'Emocionado'),
(4605,	'2023-02-03 06:57:58',	8797,	'Happy',	5,	1,	25,	'Feliz'),
(4606,	'2023-02-03 06:58:08',	8797,	'Excited',	5,	12,	25,	'Emocionado'),
(4607,	'2023-02-03 07:15:36',	8797,	'Happy',	5,	1,	25,	'Feliz'),
(4608,	'2023-02-03 07:15:44',	8797,	'Excited',	5,	12,	25,	'Emocionado'),
(4609,	'2023-02-03 07:15:48',	8797,	'Happy',	5,	1,	25,	'Feliz'),
(4610,	'2023-02-03 07:15:52',	8797,	'Excited',	5,	12,	25,	'Emocionado'),
(4611,	'2023-02-03 07:16:00',	8797,	'Happy',	5,	1,	25,	'Feliz'),
(4612,	'2023-02-03 07:16:09',	8797,	'Excited',	5,	12,	25,	'Emocionado'),
(4613,	'2023-02-03 07:16:14',	8797,	'Happy',	5,	1,	25,	'Feliz'),
(4614,	'2023-02-03 07:16:21',	8797,	'Excited',	5,	12,	25,	'Emocionado'),
(4615,	'2023-02-03 07:16:36',	8797,	'Happy',	5,	1,	25,	'Feliz'),
(4616,	'2023-02-03 07:16:39',	8797,	'Excited',	5,	12,	25,	'Emocionado'),
(4617,	'2023-02-03 07:16:47',	8797,	'Happy',	5,	1,	25,	'Feliz'),
(4618,	'2023-02-03 07:16:55',	8797,	'Excited',	5,	12,	25,	'Emocionado'),
(4619,	'2023-02-03 07:17:01',	8797,	'Happy',	5,	1,	25,	'Feliz'),
(4620,	'2023-02-03 07:17:09',	8797,	'Excited',	5,	12,	25,	'Emocionado'),
(4904,	'2023-09-25 10:52:28',	16522,	'Happy',	2,	1,	25,	'Feliz'),
(4903,	'2023-09-25 10:46:10',	16522,	'Hopeful',	2,	8,	25,	'Esperanza'),
(4902,	'2023-09-25 10:45:16',	16522,	'Happy',	2,	1,	25,	'Feliz'),
(4901,	'2023-09-25 10:07:22',	16522,	'Happy',	1,	1,	25,	'Feliz'),
(4900,	'2023-09-25 10:07:12',	16522,	'Happy',	1,	1,	25,	'Feliz'),
(4899,	'2023-09-25 09:08:09',	16522,	'Meh',	1,	7,	16.6,	'Meh'),
(4898,	'2023-09-25 06:55:53',	16522,	'Happy',	1,	1,	25,	'Feliz'),
(4897,	'2023-09-25 06:55:39',	16522,	'Angry',	1,	2,	8.3,	'Enojado'),
(4896,	'2023-09-25 06:55:10',	16522,	'Happy',	1,	1,	25,	'Feliz'),
(4895,	'2023-09-25 06:53:46',	16522,	'Meh',	1,	7,	16.6,	'Meh'),
(4894,	'2023-09-25 06:25:25',	16522,	'Shy',	4,	10,	16.6,	'Tímido'),
(4893,	'2023-09-25 06:25:04',	16522,	'Happy',	1,	1,	25,	'Feliz'),
(4892,	'2023-09-25 06:24:40',	16522,	'Happy',	1,	1,	25,	'Feliz'),
(4891,	'2023-09-25 06:09:17',	8427,	'Hopeful',	1,	8,	25,	'Esperanza'),
(4890,	'2023-09-25 05:52:06',	16522,	'Happy',	1,	1,	25,	'Feliz'),
(4751,	'2023-02-16 11:18:20',	8775,	'Happy',	1,	1,	25,	'Feliz'),
(4750,	'2023-02-16 11:18:08',	8775,	'Happy',	1,	1,	25,	'Feliz'),
(4749,	'2023-02-16 11:16:15',	8775,	'Happy',	1,	1,	25,	'Feliz'),
(4748,	'2023-02-16 10:19:18',	8715,	'Happy',	5,	1,	25,	'Feliz'),
(4747,	'2023-02-16 09:44:58',	8715,	'Happy',	2,	1,	25,	'Feliz'),
(4746,	'2023-02-15 14:08:42',	8715,	'Happy',	5,	1,	25,	'Feliz'),
(4745,	'2023-02-15 14:05:37',	8715,	'Happy',	5,	1,	25,	'Feliz'),
(4744,	'2023-02-15 13:49:39',	8715,	'Happy',	3,	1,	25,	'Feliz'),
(4889,	'2023-09-24 12:09:06',	8427,	'Hopeful',	2,	8,	25,	'Esperanza'),
(4888,	'2023-09-23 12:17:43',	8427,	'Happy',	1,	1,	25,	'Feliz'),
(4887,	'2023-09-23 06:09:25',	8427,	'Happy',	1,	1,	25,	'Feliz'),
(4886,	'2023-09-23 06:00:53',	8427,	'Happy',	1,	1,	25,	'Feliz'),
(4885,	'2023-09-22 12:42:34',	16522,	'Angry',	2,	2,	8.3,	'Enojado'),
(4884,	'2023-09-22 12:42:15',	16522,	'Angry',	1,	2,	8.3,	'Enojado'),
(4883,	'2023-09-22 10:17:15',	8427,	'Happy',	1,	1,	25,	'Feliz'),
(4882,	'2023-09-22 08:40:24',	16522,	'Happy',	5,	1,	25,	'Feliz'),
(4881,	'2023-09-22 08:38:14',	16522,	'Happy',	5,	1,	25,	'Feliz'),
(4880,	'2023-09-22 05:20:59',	8427,	'Happy',	1,	1,	25,	'Feliz'),
(4879,	'2023-09-22 05:20:29',	8427,	'Happy',	1,	1,	25,	'Feliz'),
(4878,	'2023-09-21 13:30:53',	16522,	'Happy',	1,	1,	25,	'Feliz'),
(4877,	'2023-09-21 13:13:57',	8427,	'Happy',	1,	1,	25,	'Feliz'),
(4876,	'2023-09-21 13:07:08',	8427,	'Meh',	1,	7,	16.6,	'Meh'),
(4875,	'2023-09-21 13:01:36',	8427,	'Happy',	1,	1,	25,	'Feliz'),
(4874,	'2023-09-21 12:54:35',	11354,	'Happy',	1,	1,	25,	'Feliz'),
(4873,	'2023-09-21 12:54:22',	11354,	'Angry',	1,	2,	8.3,	'Enojado'),
(4663,	'2023-02-06 19:23:38',	8797,	'Content',	2,	9,	25,	'Contenido'),
(4664,	'2023-02-06 19:26:34',	8798,	'Hopeful',	2,	8,	25,	'Esperanza'),
(4665,	'2023-02-06 19:46:03',	8797,	'Excited',	3,	12,	25,	'Emocionado'),
(4666,	'2023-02-06 21:18:22',	8797,	'Excited',	4,	12,	25,	'Emocionado'),
(4667,	'2023-02-06 21:18:40',	8797,	'Shy',	2,	10,	16.6,	'Tímido'),
(4668,	'2023-02-06 21:18:55',	8797,	'Excited',	3,	12,	25,	'Emocionado'),
(4669,	'2023-02-06 21:19:43',	8797,	'Content',	3,	9,	25,	'Contenido'),
(4670,	'2023-02-06 21:19:53',	8797,	'Content',	4,	9,	25,	'Contenido'),
(4671,	'2023-02-06 21:20:02',	8797,	'Content',	3,	9,	25,	'Contenido'),
(4672,	'2023-02-06 21:20:37',	8797,	'Content',	4,	9,	25,	'Contenido'),
(4673,	'2023-02-06 21:20:46',	8797,	'Content',	3,	9,	25,	'Contenido'),
(4674,	'2023-02-06 21:20:56',	8797,	'Content',	3,	9,	25,	'Contenido'),
(4675,	'2023-02-06 21:21:05',	8797,	'Content',	2,	9,	25,	'Contenido'),
(4676,	'2023-02-06 21:21:14',	8797,	'Shy',	2,	10,	16.6,	'Tímido'),
(4677,	'2023-02-06 21:25:31',	8797,	'Excited',	4,	12,	25,	'Emocionado'),
(4872,	'2023-09-21 12:54:07',	11354,	'Happy',	1,	1,	25,	'Feliz'),
(4871,	'2023-09-21 12:51:24',	8427,	'Happy',	1,	1,	25,	'Feliz'),
(4870,	'2023-09-21 12:41:22',	16522,	'Hopeful',	3,	8,	25,	'Esperanza'),
(4869,	'2023-09-21 12:41:15',	16522,	'Hopeful',	2,	8,	25,	'Esperanza'),
(4684,	'2023-02-07 14:30:15',	8803,	'Happy',	5,	1,	25,	'Feliz'),
(4685,	'2023-02-07 14:30:23',	8803,	'Happy',	5,	1,	25,	'Feliz'),
(4686,	'2023-02-07 14:42:05',	8803,	'Happy',	5,	1,	25,	'Feliz'),
(4687,	'2023-02-07 14:42:14',	8803,	'Happy',	5,	1,	25,	'Feliz'),
(4688,	'2023-02-07 15:08:18',	8798,	'Hopeful',	1,	8,	25,	'Esperanza'),
(4689,	'2023-02-07 15:09:27',	8798,	'Angry',	2,	2,	8.3,	'Enojado'),
(4690,	'2023-02-07 15:09:38',	8798,	'Scared',	1,	3,	8.3,	'Asustado'),
(4691,	'2023-02-07 15:09:53',	8798,	'Excited',	2,	12,	25,	'Emocionado'),
(4692,	'2023-02-07 15:23:32',	8797,	'Shy',	3,	10,	16.6,	'Tímido'),
(4693,	'2023-02-07 15:36:31',	8797,	'Excited',	4,	12,	25,	'Emocionado'),
(4694,	'2023-02-08 16:56:29',	8797,	'Sad',	2,	11,	8.3,	'Triste'),
(4695,	'2023-02-08 16:56:52',	8797,	'Hopeful',	2,	8,	25,	'Esperanza'),
(4696,	'2023-02-08 16:57:35',	8797,	'Angry',	2,	2,	8.3,	'Enojado'),
(4697,	'2023-02-08 16:58:05',	8797,	'Angry',	2,	2,	8.3,	'Enojado'),
(4698,	'2023-02-08 16:58:14',	8797,	'Angry',	2,	2,	8.3,	'Enojado'),
(4699,	'2023-02-08 17:01:04',	8797,	'Sad',	2,	11,	8.3,	'Triste'),
(4868,	'2023-09-21 12:36:26',	16522,	'Hopeful',	2,	8,	25,	'Esperanza'),
(4867,	'2023-09-21 12:35:57',	16522,	'Content',	2,	9,	25,	'Contenido'),
(4702,	'2023-02-08 17:06:31',	8797,	'Sad',	2,	11,	8.3,	'Triste'),
(4703,	'2023-02-08 17:07:22',	8797,	'Sad',	2,	11,	8.3,	'Triste'),
(4704,	'2023-02-08 17:08:09',	8797,	'Sad',	2,	11,	8.3,	'Triste'),
(4705,	'2023-02-08 17:08:41',	8797,	'Sad',	2,	11,	8.3,	'Triste'),
(4706,	'2023-02-08 17:11:07',	8797,	'Sad',	2,	11,	8.3,	'Triste'),
(4707,	'2023-02-08 17:11:14',	8797,	'Angry',	2,	2,	8.3,	'Enojado'),
(4708,	'2023-02-08 17:13:53',	8797,	'Sad',	2,	11,	8.3,	'Triste'),
(4709,	'2023-02-08 17:15:14',	8797,	'Hopeful',	2,	8,	25,	'Esperanza'),
(4710,	'2023-02-08 17:28:53',	8798,	'Sad',	2,	11,	8.3,	'Triste'),
(4711,	'2023-02-08 17:29:39',	8798,	'Sad',	2,	11,	8.3,	'Triste'),
(4712,	'2023-02-08 17:29:50',	8798,	'Sad',	2,	11,	8.3,	'Triste'),
(4713,	'2023-02-08 17:30:00',	8798,	'Sad',	2,	11,	8.3,	'Triste'),
(4714,	'2023-02-08 17:31:09',	8798,	'Sad',	2,	11,	8.3,	'Triste'),
(4715,	'2023-02-08 17:31:44',	8798,	'Sad',	2,	11,	8.3,	'Triste'),
(4716,	'2023-02-08 17:36:59',	8798,	'Sad',	2,	11,	8.3,	'Triste'),
(4717,	'2023-02-08 17:37:05',	8798,	'Sad',	2,	11,	8.3,	'Triste'),
(4718,	'2023-02-08 17:37:22',	8798,	'Sad',	2,	11,	8.3,	'Triste'),
(4719,	'2023-02-08 17:37:27',	8798,	'Sad',	2,	11,	8.3,	'Triste'),
(4866,	'2023-09-21 11:03:42',	16522,	'Content',	2,	9,	25,	'Contenido'),
(4865,	'2023-09-21 10:44:47',	16522,	'Panic',	1,	4,	8.3,	'Pánico'),
(4864,	'2023-09-21 10:12:14',	8427,	'Happy',	1,	1,	25,	'Feliz'),
(4724,	'2023-02-08 17:47:55',	8804,	'Sad',	2,	11,	8.3,	'Triste'),
(4725,	'2023-02-08 17:51:54',	8804,	'Sad',	2,	11,	8.3,	'Triste'),
(4863,	'2023-09-21 09:48:40',	16522,	'Meh',	1,	7,	16.6,	'Meh'),
(4727,	'2023-02-09 04:48:05',	8715,	'Angry',	3,	2,	8.3,	'Enojado'),
(4728,	'2023-02-09 04:48:27',	8715,	'Angry',	3,	2,	8.3,	'Enojado'),
(4729,	'2023-02-09 04:49:39',	8715,	'Angry',	3,	2,	8.3,	'Enojado'),
(4730,	'2023-02-09 04:50:26',	8715,	'Sad',	4,	11,	8.3,	'Triste'),
(4731,	'2023-02-09 04:53:31',	8715,	'Sad',	1,	11,	8.3,	'Triste'),
(4732,	'2023-02-09 04:54:20',	8715,	'Sad',	3,	11,	8.3,	'Triste'),
(4862,	'2023-09-21 08:26:15',	16522,	'Meh',	1,	7,	16.6,	'Meh'),
(4734,	'2023-02-09 04:55:23',	8715,	'Angry',	3,	2,	8.3,	'Enojado'),
(4735,	'2023-02-09 04:55:59',	8715,	'Angry',	3,	2,	8.3,	'Enojado'),
(4736,	'2023-02-09 04:59:57',	8715,	'Sad',	3,	11,	8.3,	'Triste'),
(4737,	'2023-02-09 05:08:13',	8715,	'Happy',	5,	1,	25,	'Feliz'),
(4861,	'2023-09-21 08:24:57',	16522,	'Meh',	1,	7,	16.6,	'Meh'),
(4739,	'2023-02-09 19:50:29',	8797,	'Content',	3,	9,	25,	'Contenido'),
(4740,	'2023-02-10 17:36:09',	8797,	'Happy',	4,	1,	25,	'Feliz'),
(4741,	'2023-02-10 18:24:41',	8797,	'Happy',	4,	1,	25,	'Feliz'),
(4860,	'2023-09-21 08:19:03',	16522,	'Happy',	1,	1,	25,	'Feliz'),
(4859,	'2023-09-21 08:11:32',	8427,	'Happy',	1,	1,	25,	'Feliz'),
(4752,	'2023-02-16 11:22:31',	8775,	'Happy',	1,	1,	25,	'Feliz'),
(4753,	'2023-02-16 11:29:21',	8775,	'Meh',	1,	7,	16.6,	'Meh'),
(4754,	'2023-02-16 11:30:46',	8715,	'Happy',	1,	1,	25,	'Feliz'),
(4755,	'2023-02-16 11:30:57',	8715,	'Happy',	1,	1,	25,	'Feliz'),
(4756,	'2023-02-16 11:37:54',	8798,	'Nervous',	1,	6,	16.6,	'Nervioso'),
(4757,	'2023-02-16 11:39:26',	8798,	'Meh',	1,	7,	16.6,	'Meh'),
(4758,	'2023-02-16 11:40:01',	8798,	'Panic',	1,	4,	8.3,	'Pánico'),
(4858,	'2023-09-21 07:53:42',	16522,	'Happy',	1,	1,	25,	'Feliz'),
(4857,	'2023-09-21 07:21:29',	16522,	'Hopeful',	1,	8,	25,	'Esperanza'),
(4856,	'2023-09-21 05:10:18',	16522,	'Happy',	1,	1,	25,	'Feliz'),
(4855,	'2023-09-20 15:11:18',	16522,	'Content',	2,	9,	25,	'Contenido'),
(4854,	'2023-09-20 15:11:07',	16522,	'Hopeful',	2,	8,	25,	'Esperanza'),
(4767,	'2023-02-17 15:35:49',	8797,	'Happy',	3,	1,	25,	'Feliz'),
(4768,	'2023-02-17 16:04:57',	8797,	'Hopeful',	4,	8,	25,	'Esperanza'),
(4769,	'2023-02-17 16:39:27',	8797,	'Excited',	4,	12,	25,	'Emocionado'),
(4853,	'2023-09-20 15:10:35',	16522,	'Content',	2,	9,	25,	'Contenido'),
(4771,	'2023-02-24 04:39:08',	8699,	'Hopeful',	1,	8,	25,	'Esperanza'),
(4772,	'2023-02-24 04:39:14',	8699,	'Happy',	1,	1,	25,	'Feliz'),
(4773,	'2023-02-24 04:39:25',	8699,	'Excited',	1,	12,	25,	'Emocionado'),
(4774,	'2023-02-24 04:39:51',	8699,	'Hopeful',	1,	8,	25,	'Esperanza'),
(4775,	'2023-02-24 05:00:58',	8715,	'Happy',	4,	1,	25,	'Feliz'),
(4852,	'2023-09-20 15:10:28',	16522,	'Scared',	2,	3,	8.3,	'Asustado'),
(4777,	'2023-02-24 06:11:58',	8715,	'Happy',	5,	1,	25,	'Feliz'),
(4778,	'2023-02-24 06:16:12',	8715,	'Angry',	4,	2,	8.3,	'Enojado'),
(4779,	'2023-02-24 07:21:43',	8700,	'Happy',	1,	1,	25,	'Feliz'),
(4780,	'2023-02-24 07:22:10',	8700,	'Happy',	1,	1,	25,	'Feliz'),
(4781,	'2023-02-24 07:22:18',	8700,	'Content',	1,	9,	25,	'Contenido'),
(4782,	'2023-02-24 07:22:26',	8700,	'Content',	1,	9,	25,	'Contenido'),
(4783,	'2023-02-24 07:22:43',	8700,	'Content',	1,	9,	25,	'Contenido'),
(4851,	'2023-09-20 14:08:56',	16522,	'Happy',	1,	1,	25,	'Feliz'),
(4785,	'2023-02-27 05:20:53',	8807,	'Happy',	1,	1,	25,	'Feliz'),
(4786,	'2023-02-27 07:59:02',	8715,	'Angry',	5,	2,	8.3,	'Enojado'),
(4787,	'2023-02-27 07:59:17',	8715,	'Scared',	5,	3,	8.3,	'Asustado'),
(4788,	'2023-02-27 07:59:25',	8715,	'Meh',	5,	7,	16.6,	'Meh'),
(4850,	'2023-08-17 11:59:18',	16242,	'Happy',	2,	1,	25,	'Feliz'),
(4849,	'2023-08-14 11:35:33',	8049,	'Hopeful',	1,	8,	25,	'Esperanza'),
(4848,	'2023-08-03 10:59:03',	8049,	'Content',	2,	9,	25,	'Contenido'),
(4847,	'2023-06-22 08:36:33',	16507,	'Hopeful',	2,	8,	25,	'Esperanza'),
(4846,	'2023-06-22 08:36:20',	16507,	'Hopeful',	2,	8,	25,	'Esperanza'),
(4845,	'2023-06-22 08:35:43',	16507,	'Nervous',	2,	6,	16.6,	'Nervioso'),
(4806,	'2023-04-03 06:12:39',	8715,	'Happy',	3,	1,	25,	'Feliz'),
(4807,	'2023-04-03 06:12:56',	8715,	'Sad',	1,	11,	8.3,	'Triste'),
(4808,	'2023-04-03 06:15:39',	8715,	'Sad',	5,	11,	8.3,	'Triste'),
(4809,	'2023-04-03 06:18:11',	8715,	'Sad',	5,	11,	8.3,	'Triste'),
(4810,	'2023-04-03 06:29:44',	11353,	'Sad',	1,	11,	8.3,	'Triste'),
(4811,	'2023-04-03 06:37:17',	11354,	'Sad',	1,	11,	8.3,	'Triste'),
(4844,	'2023-06-22 08:35:25',	16507,	'Happy',	2,	1,	25,	'Feliz'),
(4843,	'2023-06-07 13:28:24',	11354,	'Excited',	5,	12,	25,	'Emocionado'),
(4842,	'2023-05-19 10:07:32',	8715,	'Angry',	5,	2,	8.3,	'Enojado'),
(4816,	'2023-04-03 06:43:18',	11354,	'Excited',	5,	12,	25,	'Emocionado'),
(4817,	'2023-04-03 06:54:02',	11354,	'Happy',	5,	1,	25,	'Feliz'),
(4818,	'2023-04-03 06:54:25',	11354,	'Happy',	5,	1,	25,	'Feliz'),
(4819,	'2023-04-03 07:26:15',	11354,	'Happy',	1,	1,	25,	'Feliz'),
(4820,	'2023-04-03 07:28:01',	11354,	'Happy',	4,	1,	25,	'Feliz'),
(4821,	'2023-04-03 07:28:15',	11354,	'Happy',	3,	1,	25,	'Feliz'),
(4822,	'2023-04-03 07:28:26',	11354,	'Happy',	1,	1,	25,	'Feliz'),
(4823,	'2023-04-03 07:28:44',	11354,	'Happy',	2,	1,	25,	'Feliz'),
(4824,	'2023-04-03 07:30:06',	11354,	'Happy',	5,	1,	25,	'Feliz'),
(4825,	'2023-04-03 07:33:04',	11354,	'Happy',	3,	1,	25,	'Feliz'),
(4826,	'2023-04-03 07:33:12',	11354,	'Happy',	5,	1,	25,	'Feliz'),
(4827,	'2023-04-03 11:42:50',	11356,	'Happy',	5,	1,	25,	'Feliz'),
(4828,	'2023-04-03 11:43:15',	11356,	'Happy',	5,	1,	25,	'Feliz'),
(4829,	'2023-04-03 11:48:52',	8715,	'Happy',	5,	1,	25,	'Feliz'),
(4830,	'2023-04-03 11:49:18',	8715,	'Excited',	5,	12,	25,	'Emocionado'),
(4831,	'2023-04-03 13:02:57',	11356,	'Happy',	1,	1,	25,	'Feliz'),
(4832,	'2023-04-03 13:03:36',	11356,	'Happy',	5,	1,	25,	'Feliz'),
(4833,	'2023-04-10 10:04:00',	11356,	'Happy',	5,	1,	25,	'Feliz'),
(4834,	'2023-04-10 10:05:50',	11356,	'Happy',	5,	1,	25,	'Feliz'),
(4841,	'2023-05-19 10:01:29',	8715,	'Happy',	5,	1,	25,	'Feliz'),
(4839,	'2023-04-26 06:28:28',	13292,	'Happy',	5,	1,	25,	'Feliz'),
(4840,	'2023-05-08 18:09:06',	15237,	'Angry',	1,	2,	8.3,	'Enojado'),
(4935,	'2023-09-27 06:13:13',	16522,	'Meh',	1,	7,	16.6,	'Meh'),
(4936,	'2023-09-27 07:28:53',	16522,	'Happy',	2,	1,	25,	'Feliz'),
(4937,	'2023-09-27 08:02:14',	16522,	'Content',	2,	9,	25,	'Contenido'),
(4938,	'2023-09-27 08:50:26',	16522,	'Happy',	2,	1,	25,	'Feliz'),
(4939,	'2023-09-27 09:46:33',	16522,	'Happy',	2,	1,	25,	'Feliz'),
(4940,	'2023-09-27 11:16:40',	16522,	'Hopeful',	2,	8,	25,	'Esperanza'),
(4941,	'2023-09-27 11:20:09',	16522,	'Meh',	2,	7,	16.6,	'Meh'),
(4942,	'2023-09-27 11:36:13',	16522,	'Hopeful',	2,	8,	25,	'Esperanza'),
(4943,	'2023-09-27 11:37:01',	16522,	'Shy',	2,	10,	16.6,	'Tímido'),
(4944,	'2023-09-27 11:47:01',	16522,	'Hopeful',	2,	8,	25,	'Esperanza'),
(4945,	'2023-09-27 13:43:57',	16522,	'Happy',	2,	1,	25,	'Feliz'),
(4946,	'2023-09-27 13:52:03',	16522,	'Happy',	2,	1,	25,	'Feliz'),
(4947,	'2023-09-27 14:16:24',	16522,	'Happy',	2,	1,	25,	'Feliz'),
(4948,	'2023-09-27 14:21:23',	16522,	'Angry',	2,	2,	8.3,	'Enojado'),
(4949,	'2023-09-27 14:42:08',	16522,	'Happy',	2,	1,	25,	'Feliz'),
(4950,	'2023-09-27 14:43:13',	16522,	'Angry',	2,	2,	8.3,	'Enojado'),
(4951,	'2023-09-27 14:43:43',	16522,	'Hopeful',	2,	8,	25,	'Esperanza'),
(4952,	'2023-09-27 15:20:41',	16522,	'Happy',	2,	1,	25,	'Feliz'),
(4953,	'2023-09-27 15:22:29',	16522,	'Angry',	2,	2,	8.3,	'Enojado'),
(4954,	'2023-09-28 06:46:20',	16522,	'Happy',	2,	1,	25,	'Feliz'),
(4955,	'2023-09-28 06:54:44',	16522,	'Scared',	2,	3,	8.3,	'Asustado'),
(4956,	'2023-09-28 07:04:25',	16522,	'Sad',	2,	11,	8.3,	'Triste'),
(4957,	'2023-09-28 07:05:03',	16522,	'Hopeful',	2,	8,	25,	'Esperanza'),
(4958,	'2023-09-28 07:10:40',	16522,	'Content',	2,	9,	25,	'Contenido'),
(4959,	'2023-09-28 07:10:56',	16522,	'Shy',	2,	10,	16.6,	'Tímido'),
(4960,	'2023-09-28 07:11:03',	16522,	'Hopeful',	2,	8,	25,	'Esperanza'),
(4961,	'2023-09-28 07:11:33',	16522,	'Unmotivated',	2,	5,	16.6,	'Desmotivado'),
(4962,	'2023-09-28 07:12:59',	16522,	'Content',	2,	9,	25,	'Contenido'),
(4963,	'2023-09-28 07:13:10',	16522,	'Content',	2,	9,	25,	'Contenido'),
(4964,	'2023-09-28 07:19:26',	16522,	'Happy',	2,	1,	25,	'Feliz'),
(4965,	'2023-09-28 07:27:41',	16522,	'Hopeful',	2,	8,	25,	'Esperanza'),
(4966,	'2023-09-28 07:27:49',	16522,	'Hopeful',	2,	8,	25,	'Esperanza'),
(4967,	'2023-09-28 08:09:05',	16522,	'Happy',	2,	1,	25,	'Feliz'),
(4968,	'2023-09-28 10:28:09',	8427,	'Happy',	1,	1,	25,	'Feliz'),
(4969,	'2023-09-28 11:00:49',	8427,	'Happy',	1,	1,	25,	'Feliz'),
(4970,	'2023-09-28 11:48:35',	8427,	'Happy',	1,	1,	25,	'Feliz'),
(4971,	'2023-09-28 12:01:31',	8427,	'Happy',	1,	1,	25,	'Feliz'),
(4972,	'2023-09-28 12:16:05',	16522,	'Happy',	2,	1,	25,	'Feliz'),
(4973,	'2023-09-28 12:16:50',	16522,	'Hopeful',	2,	8,	25,	'Esperanza'),
(4974,	'2023-09-28 12:17:02',	16522,	'Hopeful',	2,	8,	25,	'Esperanza'),
(4975,	'2023-10-02 14:13:22',	16522,	'Hopeful',	2,	8,	25,	'Esperanza'),
(4976,	'2023-10-02 14:13:37',	16522,	'Unmotivated',	3,	5,	16.6,	'Desmotivado'),
(4977,	'2023-10-02 14:25:00',	16522,	'Hopeful',	2,	8,	25,	'Esperanza'),
(4978,	'2023-10-02 14:25:05',	16522,	'Content',	1,	9,	25,	'Contenido'),
(4979,	'2023-10-02 14:52:04',	16522,	'Content',	3,	9,	25,	'Contenido'),
(4980,	'2023-10-02 14:58:20',	16522,	'Angry',	2,	2,	8.3,	'Enojado'),
(4981,	'2023-10-03 05:11:17',	16522,	'Hopeful',	1,	8,	25,	'Esperanza'),
(4982,	'2023-10-03 06:14:01',	16522,	'Happy',	2,	1,	25,	'Feliz'),
(4983,	'2023-10-03 06:17:58',	16522,	'Happy',	2,	1,	25,	'Feliz'),
(4984,	'2023-10-03 06:22:04',	16522,	'Angry',	2,	2,	8.3,	'Enojado'),
(4985,	'2023-10-03 08:21:09',	16522,	'Happy',	2,	1,	25,	'Feliz'),
(4986,	'2023-10-03 08:27:39',	16522,	'Hopeful',	2,	8,	25,	'Esperanza'),
(4987,	'2023-10-03 12:47:40',	16522,	'Happy',	1,	1,	25,	'Feliz'),
(4989,	'2023-10-03 12:57:50',	16522,	'Happy',	5,	1,	25,	'Feliz'),
(4991,	'2023-10-03 13:01:38',	16522,	'Happy',	5,	1,	25,	'Feliz'),
(4992,	'2023-10-03 13:17:01',	16522,	'Happy',	5,	1,	25,	'Feliz'),
(4993,	'2023-10-03 13:17:27',	16522,	'Excited',	5,	12,	25,	'Emocionado'),
(4994,	'2023-10-04 10:49:33',	8049,	'Happy',	5,	1,	25,	'Feliz'),
(4995,	'2023-10-04 12:26:31',	16522,	'Happy',	1,	1,	25,	'Feliz'),
(4996,	'2023-10-04 12:35:48',	17471,	'Happy',	2,	1,	25,	'Feliz'),
(4997,	'2023-10-04 13:17:59',	8049,	'Hopeful',	1,	8,	25,	'Esperanza'),
(4998,	'2023-10-04 17:11:27',	8049,	'Hopeful',	2,	8,	25,	'Esperanza'),
(4999,	'2023-10-04 17:11:35',	8049,	'Nervous',	2,	6,	16.6,	'Nervioso'),
(5000,	'2023-10-05 06:55:44',	8049,	'Happy',	2,	1,	25,	'Feliz'),
(5001,	'2023-10-05 11:18:58',	8049,	'Happy',	2,	1,	25,	'Feliz'),
(5004,	'2023-10-05 12:47:46',	8427,	'Angry',	1,	2,	8.3,	'Enojado'),
(5009,	'2023-10-06 12:10:37',	8427,	'Happy',	1,	1,	25,	'Feliz'),
(5010,	'2023-10-06 12:24:26',	8427,	'Content',	1,	9,	25,	'Contenido'),
(5011,	'2023-10-06 12:24:43',	8427,	'Nervous',	1,	6,	16.6,	'Nervioso'),
(5012,	'2023-10-06 12:35:59',	17471,	'Scared',	2,	3,	8.3,	'Asustado'),
(5013,	'2023-10-06 12:36:06',	17471,	'Happy',	1,	1,	25,	'Feliz'),
(5014,	'2023-10-06 13:21:47',	8427,	'Happy',	1,	1,	25,	'Feliz'),
(5015,	'2023-10-06 13:56:03',	8427,	'Happy',	1,	1,	25,	'Feliz'),
(5016,	'2023-10-06 17:24:21',	8049,	'Angry',	3,	2,	8.3,	'Enojado'),
(5023,	'2023-10-09 14:28:44',	8049,	'Unmotivated',	3,	5,	16.6,	'Desmotivado'),
(5024,	'2023-10-09 14:42:09',	8049,	'Angry',	4,	2,	8.3,	'Enojado'),
(5025,	'2023-10-10 09:32:04',	15245,	'Scared',	5,	3,	8.3,	'Asustado'),
(5026,	'2023-10-10 09:33:49',	15245,	'Angry',	4,	2,	8.3,	'Enojado'),
(5027,	'2023-10-10 09:35:24',	15245,	'Scared',	1,	3,	8.3,	'Asustado'),
(5028,	'2023-10-10 09:36:28',	15245,	'Sad',	1,	11,	8.3,	'Triste'),
(5029,	'2023-10-10 09:49:53',	15245,	'Meh',	1,	7,	16.6,	'Meh'),
(5030,	'2023-10-10 09:52:41',	15245,	'Sad',	1,	11,	8.3,	'Triste'),
(5031,	'2023-10-10 09:53:19',	15245,	'Angry',	1,	2,	8.3,	'Enojado'),
(5032,	'2023-10-10 10:16:20',	15245,	'Angry',	1,	2,	8.3,	'Enojado'),
(5033,	'2023-10-10 11:24:42',	8049,	'Content',	5,	9,	25,	'Contenido'),
(5034,	'2023-10-10 11:28:32',	8049,	'Excited',	5,	12,	25,	'Emocionado'),
(5036,	'2023-10-10 21:36:19',	8049,	'Hopeful',	1,	8,	25,	'Esperanza'),
(5038,	'2023-10-11 07:20:03',	8427,	'Happy',	1,	1,	25,	'Feliz'),
(5039,	'2023-10-11 08:17:03',	8427,	'Angry',	1,	2,	8.3,	'Enojado'),
(5041,	'2023-10-11 08:45:43',	15245,	'Angry',	2,	2,	8.3,	'Enojado'),
(5042,	'2023-10-11 08:48:31',	15245,	'Happy',	1,	1,	25,	'Feliz'),
(5044,	'2023-10-11 09:10:33',	8427,	'Happy',	1,	1,	25,	'Feliz'),
(5045,	'2023-10-11 09:10:46',	8427,	'Happy',	1,	1,	25,	'Feliz'),
(5046,	'2023-10-11 09:15:46',	8427,	'Happy',	1,	1,	25,	'Feliz'),
(5047,	'2023-10-11 09:15:59',	8427,	'Happy',	1,	1,	25,	'Feliz'),
(5048,	'2023-10-11 09:20:01',	8427,	'Happy',	1,	1,	25,	'Feliz'),
(5049,	'2023-10-11 10:25:38',	8049,	'Hopeful',	1,	8,	25,	'Esperanza'),
(5050,	'2023-10-11 10:27:20',	8049,	'Panic',	5,	4,	8.3,	'Pánico'),
(5051,	'2023-10-11 10:47:24',	8049,	'Scared',	4,	3,	8.3,	'Asustado'),
(5052,	'2023-10-11 13:14:08',	8049,	'Hopeful',	1,	8,	25,	'Esperanza'),
(5053,	'2023-10-11 19:10:58',	8049,	'Unmotivated',	3,	5,	16.6,	'Desmotivado'),
(5054,	'2023-10-11 19:12:18',	8049,	'Happy',	5,	1,	25,	'Feliz'),
(5055,	'2023-10-11 19:12:55',	8049,	'Panic',	3,	4,	8.3,	'Pánico'),
(5056,	'2023-10-11 19:13:09',	8049,	'Happy',	4,	1,	25,	'Feliz'),
(5057,	'2023-10-12 11:34:34',	17476,	'Happy',	5,	1,	25,	'Feliz'),
(5058,	'2023-10-12 11:34:54',	17476,	'Hopeful',	5,	8,	25,	'Esperanza'),
(5061,	'2023-10-13 04:55:32',	17476,	'Meh',	5,	7,	16.6,	'Meh'),
(5062,	'2023-10-18 08:41:56',	8049,	'Unmotivated',	2,	5,	16.6,	'Desmotivado'),
(5063,	'2023-10-18 08:44:23',	8049,	'Happy',	4,	1,	25,	'Feliz');

