(8,	'2022-02-02 11:15:13',	'http://i.vimeocdn.com/video/1325082330-85a1f6a624b1303f998a2c69d70b412f005a783746da3b13928724e352e08bad-d_640',	'Perserverance, wanting to give up',	NULL,	'Perseverance (Growth Mindset)',	'VIDEO',	'https://vimeo.com/656363235/5cb7f6586e',	'2022-02-02 11:15:13',	'<iframe src=\"https://player.vimeo.com/video/656363235?h=5cb7f6586e&amp;app_id=122963\" width=\"640\" height=\"360\" frameborder=\"0\" allow=\"autoplay; fullscreen; picture-in-picture\" allowfullscreen title=\"Perseverance (Growth Mindset)\"></iframe>'),
(2,	'2022-01-26 12:20:05',	'http://res.cloudinary.com/veedbeta/image/upload/v1643374071/f9cl3kkapf7grgvo2biv.png',	'<p><i>Forgiveness sets you free.</i> <a href=\"https://globalforgivenessinitiative.com/user/pages/download/Four-Steps-to-Forgiveness-William-Fergus-Martin.pdf\">Download Free Forgiveness Ebook</a></p><p>It can be very difficult to get into in peaceful and serene state of mind if we feel angry, resentful and bitter towards someone. An experienced meditator will most likely be able to include such feelings, when they arise, in their meditation and not be too disturbed by them. Yet, meditation on its own might not be enough for us to be able to completely forgive or let go of a disturbing situation. Those feelings will keep returning till we resolve the underlying issues. We might need to learn a forgiveness method as a way to finally resolve the situation so that those uncomfortable feelings we have about it will no longer arise.</p><p>This is why well-respected mindfulness teachers encourage meditation practitioners to also use other methods, or even go to a therapist, if they are experiencing strong feelings coming up during meditation and especially if they realize that they need to deal with an underlying issue.</p><p>In physical health there are things that are good for us in a general way, for our overall health, and there are things which are good for specific ailments. A similar approach is useful for our mental and emotional wellbeing. Some methods are good for our general inner wellbeing; other methods allow us to deal with things in a very specific way. Mindfulness Meditation, as usually taught, is very good for our general inner wellbeing, but sometimes we need something more specific that we use to focus on the underling causes of something which is disturbing us – especially if the feelings keep returning. This is where the method The Four Steps to Forgiveness can be very useful.</p><p>There much which can be thought of as “mindfulness” in The Four Steps to Forgiveness. The Four Steps to Forgiveness helps us to become aware of and accept our feeling as they are. It also helps to accept other people as they are too. Yet, it also helps us to negotiate our way out of situations which we should no longer put up with. Perhaps we have been putting up with bad behavior or being overly tolerant of someone who really needs to become more aware of the impact of their behavior – by us telling them about it.</p><p>There is also much that takes place within mindfulness that could be considered as “forgiveness and reconciliation”. In that we come learn to forgive ourselves and become reconciled with ourselves through accepting ourselves as we are. Likewise, through mindfulness we learn to accept others as they are too by holding an awareness of our feelings about them without getting caught up in those feelings.</p><p>Therefore Mindfulness Mediation and The Four Steps to Forgiveness are both very useful ways to cultivate a greater awareness of what motivates us and shapes our behavior. They both help us to change our attitude for the better and to make better and wiser choices from of the insights we gain from their use.</p><p>Written by <a href=\"https://globalforgivenessinitiative.com/about/our-founder-william-fergus-martin\">William Fergus Martin</a>, Author: <i>Forgiveness is Power.</i></p>',	NULL,	'Collaboration and Cooperation',	'ARTICLE',	NULL,	'2022-02-02 12:32:25',	NULL),
(3,	'2022-01-26 12:20:17',	'https://i.vimeocdn.com/video/647392032-7df73901b47fc14802732405f89b33337d6f3715ef8acaab651696c7cb57465a-d_640',	'Warrior II Stretch ',	406,	'Warrior II Stretch (Mindful Stretch)',	'VIDEO',	'https://vimeo.com/227542682',	'2022-01-31 08:00:26',	'<iframe src=\"https://player.vimeo.com/video/227542682?h=7da481235d&amp;app_id=122963\" width=\"640\" height=\"360\" frameborder=\"0\" allow=\"autoplay; fullscreen; picture-in-picture\" allowfullscreen title=\"Mindful Moments with JusTme (#3 Mindful Listening)\"></iframe>\r\n'),
(4,	'2022-01-26 12:20:28',	'http://i.vimeocdn.com/video/1325040661-53ae7c40d6b90b9b470190b6f5c890ca960f2d15a3451185fb8d025a2cd5a322-d_640',	'Growth Mindset',	38,	'Problem Solving (Growth Mindset Statement)',	'VIDEO',	'https://vimeo.com/656286331',	'2022-02-09 13:06:19',	'<iframe src=\"https://player.vimeo.com/video/656286331?h=6a049b7e3a&amp;app_id=122963\" width=\"640\" height=\"360\" frameborder=\"0\" allow=\"autoplay; fullscreen; picture-in-picture\" allowfullscreen title=\"Problem Solving (Growth Mindset)\"></iframe>'),
(5,	'2022-01-26 12:20:33',	'https://i.vimeocdn.com/video/1324831708-c935abe94a2f975b7bee755c12bf9cd924bad30e8aedd804de55e4ef05344e1b-d_640',	'Clymb Mindfulness',	178,	'Balloon Breath (Mindfulness)',	'VIDEO',	'https://vimeo.com/656234318',	'2022-01-28 15:25:20',	'<iframe src=\"https://player.vimeo.com/video/656234318?h=ee9aedba24&amp;app_id=122963\" width=\"640\" height=\"360\" frameborder=\"0\" allow=\"autoplay; fullscreen; picture-in-picture\" allowfullscreen title=\"Balloon Breath (Mindfulness)\"></iframe>'),
(6,	'2022-01-27 05:52:45',	'http://res.cloudinary.com/veedbeta/image/upload/v1643866781/cvxxom6c7mgxlwqpu9vi.jpg',	'<p>This is why well-respected mindfulness teachers encourage meditation practitioners to also use other methods, or even go to a therapist, if they are experiencing strong feelings coming up during meditation and especially if they realize that they need to deal with an underlying issue.</p><figure class=\"image\"><img src=\"data:image/jpeg;base64,[encoded data, 177600 characters]\"></figure><p>In physical health there are things that are good for us in a general way, for our overall health, and there are things which are good for specific ailments. A similar approach is useful for our mental and emotional wellbeing. Some methods are good for our general inner wellbeing; other methods allow us to deal with things in a very specific way. Mindfulness Meditation, as usually taught, is very good for our general inner wellbeing, but sometimes we need something more specific that we use to focus on the underling causes of something which is disturbing us – especially if the feelings keep returning. This is where the method The Four Steps to Forgiveness can be very useful.</p><p>There much which can be thought of as “mindfulness” in The Four Steps to Forgiveness. The Four Steps to Forgiveness helps us to become aware of and accept our feeling as they are. It also helps to accept other people as they are too. Yet, it also helps us to negotiate our way out of situations which we should no longer put up with. Perhaps we have been putting up with bad behavior or being overly tolerant of someone who really needs to become more aware of the impact of their behavior – by us telling them about it.</p>',	NULL,	'8 Mindfulness Habits You Can Practice Everyday',	'ARTICLE',	NULL,	'2022-02-09 13:15:39',	NULL),
(7,	'2022-02-01 04:20:30',	'https://i.vimeocdn.com/video/1356325930-062b9559a0606e77275383deb960f6652ce69541e88a2e6bc601737ee853cab0-d_640',	'Energizing Movement',	110,	'Star Jumps',	'VIDEO',	'https://vimeo.com/669566154',	'2022-02-01 04:21:45',	'<iframe src=\"https://player.vimeo.com/video/669566154?h=939df08817&amp;app_id=122963\" width=\"640\" height=\"360\" frameborder=\"0\" allow=\"autoplay; fullscreen; picture-in-picture\" allowfullscreen title=\"Star Jumps (Energizing Movements)\"></iframe>'),
(9,	'2022-02-04 12:24:36',	'http://i.vimeocdn.com/video/1325082330-85a1f6a624b1303f998a2c69d70b412f005a783746da3b13928724e352e08bad-d_640',	'Perseverance (Growth Mindset) ht test',	NULL,	'Perseverance (Growth Mindset) ht test',	'VIDEO',	'https://vimeo.com/656363235/5cb7f6586e',	'2022-02-04 12:24:36',	'<iframe src=\"https://player.vimeo.com/video/656363235?h=5cb7f6586e&amp;app_id=122963\" width=\"640\" height=\"360\" frameborder=\"0\" allow=\"autoplay; fullscreen; picture-in-picture\" allowfullscreen title=\"Perseverance (Growth Mindset)\"></iframe>'),
(10,	'2022-02-04 14:04:41',	'http://i.vimeocdn.com/video/1325082330-85a1f6a624b1303f998a2c69d70b412f005a783746da3b13928724e352e08bad-d_640',	'Perseverance (Growth Mindset) ht test 2',	36,	'Perseverance (Growth Mindset) ht test 2',	'VIDEO',	'https://vimeo.com/656363235/5cb7f6586e',	'2022-02-04 14:04:41',	'<iframe src=\"https://player.vimeo.com/video/656363235?h=5cb7f6586e&amp;app_id=122963\" width=\"640\" height=\"360\" frameborder=\"0\" allow=\"autoplay; fullscreen; picture-in-picture\" allowfullscreen title=\"Perseverance (Growth Mindset)\"></iframe>'),
(11,	'2022-02-07 16:01:19',	'undefined',	'<p><img src=\"data:image/webp;base64,[encoded data, 24256 characters]\"></p><p>#1&nbsp;<strong>Sit in the morning</strong></p><p>The morning offers a great opportunity to practice your mindfulness. The day is just beginning, it is nice and quiet, and you may have a few moments to yourself. Instead of getting out of bed and rushing through a morning routine, I like to sit for a few minutes. I think about being thankful for the day and just let myself be in the present.</p><p>You might just choose to sit on the couch and concentrate on controlled breathing, or can also take up meditation. I find that doing so helps me to start each day off with the right frame of mind.</p><figure class=\"image image-style-side\"><img src=\"data:image/webp;base64,[encoded data, 24256 characters]\"></figure><figure class=\"image\"><img src=\"data:image/webp;base64,[encoded data, 24256 characters]\"></figure><p>#2&nbsp;<strong>Eat mindfully</strong></p><p>When was the last time you truly appreciated a meal? It’s understandable. Your life is busy, and as a result, eating has become something done in passing. We have fast food restaurants we can drive through and eat as we drive even. Instead, I encourage you to try slowing down, making food yourself, and eating purposefully. Choose live foods with a variety of different colors, textures, and flavors. Take the time to really chew and appreciate each bite. Doing so is better for your digestion and can be a very enjoyable and relaxing time.</p><p>As an additional point, so many of us bring distractions to the table. Some people watch TV, others read, and some might not be able to put down their smartphone. It might seem like a good way to pass the time when you eat, but you are missing the chance to be mindful and truly enjoy the meal.</p>',	NULL,	'self awareness',	'ARTICLE',	NULL,	'2022-02-09 13:15:14',	NULL),
(12,	'2022-02-07 16:11:39',	'undefined',	'<p>mindfulness</p>',	NULL,	'self awareness',	'ARTICLE',	NULL,	'2022-02-07 16:11:39',	NULL),
(13,	'2022-02-09 06:14:19',	'undefined',	'<p><strong>Collaboration and Cooperation</strong></p>',	NULL,	'Collaboration and Cooperation',	'ARTICLE',	NULL,	'2022-02-09 06:14:19',	NULL),
(14,	'2022-02-09 06:16:56',	'undefined',	'<p><strong>Collaboration and Cooperation</strong></p>',	NULL,	'Collaboration and Cooperation',	'ARTICLE',	NULL,	'2022-02-09 06:16:56',	NULL),
(15,	'2022-02-09 13:53:55',	'undefined',	'<p>This is why well-respected mindfulness teachers encourage meditation practitioners to also use other methods, or even go to a therapist, if they are experiencing strong feelings coming up during meditation and especially if they realize that they need to deal with an underlying issue.</p><figure class=\"image image-style-side\"><img src=\"data:image/jpeg;base64,[encoded data, 19576 characters]\"></figure><p>This is why well-respected mindfulness teachers encourage meditation practitioners to also use other methods, or even go to a therapist, if they are experiencing strong feelings coming up during meditation and especially if they realize that they need to deal with an underlying issue.</p>',	NULL,	'test',	'ARTICLE',	NULL,	'2022-02-09 13:58:23',	NULL),
(16,	'2022-02-09 14:03:59',	'undefined',	'<p>The morning offers a great opportunity to practice your mindfulness. The day is just beginning, it is nice and quiet, and you may have a few moments to yourself. Instead of getting out of bed and rushing through a morning routine, I like to sit for a few minutes. I think about being thankful for the day and just let myself be in the present.</p><figure class=\"image image-style-side\"><img src=\"data:image/jpeg;base64,[encoded data, 19576 characters]\"></figure><p>The morning offers a great opportunity to practice your mindfulness. The day is just beginning, it is nice and quiet, and you may have a few moments to yourself. Instead of getting out of bed and rushing through a morning routine, I like to sit for a few minutes. I think about being thankful for the day and just let myself be in the present.</p><p>The morning offers a great opportunity to practice your mindfulness. The day is just beginning, it is nice and quiet, and you may have a few moments to yourself. Instead of getting out of bed and rushing through a morning routine, I like to sit for a few minutes. I think about being thankful for the day and just let myself be in the present.</p><p>The morning offers a great opportunity to practice your mindfulness. The day is just beginning, it is nice and quiet, and you may have a few moments to yourself. Instead of getting out of bed and rushing through a morning routine, I like to sit for a few minutes. I think about being thankful for the day and just let myself be in the present.</p><p>The morning offers a great opportunity to practice your mindfulness. The day is just beginning, it is nice and quiet, and you may have a few moments to yourself. Instead of getting out of bed and rushing through a morning routine, I like to sit for a few minutes. I think about being thankful for the day and just let myself be in the present.</p><p>The morning offers a great opportunity to practice your mindfulness. The day is just beginning, it is nice and quiet, and you may have a few moments to yourself. Instead of getting out of bed and rushing through a morning routine, I like to sit for a few minutes. I think about being thankful for the day and just let myself be in the present.</p><p>The morning offers a great opportunity to practice your mindfulness. The day is just beginning, it is nice and quiet, and you may have a few moments to yourself. Instead of getting out of bed and rushing through a morning routine, I like to sit for a few minutes. I think about being thankful for the day and just let myself be in the present.</p>',	NULL,	'image right',	'ARTICLE',	NULL,	'2022-02-09 14:04:29',	NULL),
(17,	'2022-02-09 14:05:48',	'undefined',	'<p>The morning offers a great opportunity to practice your mindfulness. The day is just beginning, it is nice and quiet, and you may have a few moments to yourself. Instead of getting out of bed and rushing through a morning routine, I like to sit for a few minutes. I think about being thankful for the day and just let myself be in the present</p><p><img src=\"data:image/jpeg;base64,[encoded data, 19576 characters]\">The morning offers a great opportunity to practice your mindfulness. The day is just beginning, it is nice and quiet, and you may have a few moments to yourself. Instead of getting out of bed and rushing through a morning routine, I like to sit for a few minutes. I think about being thankful for the day and just let myself be in the present.</p><p>The morning offers a great opportunity to practice your mindfulness. The day is just beginning, it is nice and quiet, and you may have a few moments to yourself. Instead of getting out of bed and rushing through a morning routine, I like to sit for a few minutes. I think about being thankful for the day and just let myself be in the present.</p><p>&nbsp;</p>',	NULL,	'image left',	'ARTICLE',	NULL,	'2022-02-09 14:05:48',	NULL),
(18,	'2022-02-09 14:06:38',	'undefined',	'<p>The morning offers a great opportunity to practice your mindfulness. The day is just beginning, it is nice and quiet, and you may have a few moments to yourself. Instead of getting out of bed and rushing through a morning routine, I like to sit for a few minutes. I think about being thankful for the day and just let myself be in the present.</p><figure class=\"image\"><img src=\"data:image/jpeg;base64,[encoded data, 19576 characters]\"></figure><p>The morning offers a great opportunity to practice your mindfulness. The day is just beginning, it is nice and quiet, and you may have a few moments to yourself. Instead of getting out of bed and rushing through a morning routine, I like to sit for a few minutes. I think about being thankful for the day and just let myself be in the present.</p><p>The morning offers a great opportunity to practice your mindfulness. The day is just beginning, it is nice and quiet, and you may have a few moments to yourself. Instead of getting out of bed and rushing through a morning routine, I like to sit for a few minutes. I think about being thankful for the day and just let myself be in the present.</p><p>The morning offers a great opportunity to practice your mindfulness. The day is just beginning, it is nice and quiet, and you may have a few moments to yourself. Instead of getting out of bed and rushing through a morning routine, I like to sit for a few minutes. I think about being thankful for the day and just let myself be in the present.</p>',	NULL,	'image center',	'ARTICLE',	NULL,	'2022-02-09 14:06:38',	NULL),
(19,	'2022-02-10 06:55:47',	'undefined',	'<h2>What is Lorem Ipsum?</h2><p><strong>Lorem Ipsum</strong> is simply dummy text of the printing and typesetting industry. Lorem Ipsum has been the industry\'s standard dummy text ever since the 1500s, when an unknown printer took a galley of type and scrambled it to make a type specimen book. It has survived not only five centuries, but also the leap into electronic typesetting, remaining essentially unchanged. It was popularised in the 1960s with the release of Letraset sheets containing Lorem Ipsum passages, and more recently with desktop publishing software like Aldus PageMaker including versions of Lorem Ipsum.</p><h2>Why do we use it?</h2><p>It is a long established fact that a reader will be distracted by the readable content of a page when looking at its layout. The point of using Lorem Ipsum is that it has a more-or-less normal distribution of letters, as opposed to using \'Content here, content here\', making it look like readable English. Many desktop publishing packages and web page editors now use Lorem Ipsum as their default model text, and a search for \'lorem ipsum\' will uncover many web sites still in their infancy. Various versions have evolved over the years, sometimes by accident, sometimes on purpose (injected humour and the like).</p>',	NULL,	'Test',	'ARTICLE',	NULL,	'2022-02-10 06:55:47',	NULL);

CREATE TABLE `post_category` (
  `post_id` bigint NOT NULL,
  `category_id` bigint NOT NULL,
  PRIMARY KEY (`post_id`,`category_id`),
  KEY `FKqly0d5oc4npxdig2fjfoshhxg` (`category_id`)
) ENGINE=MyISAM DEFAULT CHARSET=latin1;

INSERT INTO `post_category` (`post_id`, `category_id`) VALUES
(1,	25),
(1,	27),
(1,	28),
(1,	32),
(1,	33),
(2,	28),
(3,	25),
(3,	27),
(3,	28),
(3,	32),
(3,	33),
(4,	33),
(5,	25),
(5,	27),
(5,	28),
(5,	32),
(5,	33),
(6,	28),
(7,	32),
(8,	27),
(9,	25),
(9,	27),
(9,	28),
(9,	32),
(9,	33),
(10,	25),
(10,	27),
(10,	28),
(10,	32),
(10,	33),
(11,	28),
(12,	28),
(12,	32),
(13,	25),
(13,	27),
(13,	28),
(13,	32),
(13,	33),
(14,	25),
(14,	27),
(14,	28),
(14,	32),
(14,	33),
(15,	27),
(16,	27),
(17,	27),
(18,	25),
(19,	25),
(19,	27),
(19,	28),
(19,	32),
(19,	33);

CREATE TABLE `post_content` (
  `post_id` bigint NOT NULL,
  `content_id` bigint NOT NULL,
  PRIMARY KEY (`post_id`,`content_id`),
  KEY `FKjup2b52u2wsyx8lritcmxxbja` (`content_id`)
) ENGINE=MyISAM DEFAULT CHARSET=latin1;

INSERT INTO `post_content` (`post_id`, `content_id`) VALUES
(1,	7),
(1,	8),
(1,	16),
(1,	20),
(1,	21),
(1,	22),
(2,	8),
(3,	16),
(4,	22),
(5,	21),
(6,	8),
(7,	20),
(8,	22),
(9,	8),
(9,	16),
(9,	20),
(9,	21),
(9,	22),
(10,	7),
(10,	8),
(10,	16),
(10,	20),
(10,	21),
(10,	22),
(11,	16),
(11,	21),
(12,	20),
(12,	21),
(13,	7),
(13,	8),
(13,	16),
(13,	20),
(13,	21),
(13,	22),
(14,	7),
(14,	8),
(14,	16),
(14,	20),
(14,	21),
(15,	8),
(16,	8),
(17,	7),
(18,	7),
(19,	7),
(19,	8),
(19,	16),
(19,	20),
(19,	21),
(19,	22);

CREATE TABLE `post_mood` (
  `post_id` bigint NOT NULL,
  `mood_id` bigint NOT NULL,
  PRIMARY KEY (`post_id`,`mood_id`),
  KEY `FK35qefyad8t2ams2w3xl12876g` (`mood_id`)
) ENGINE=MyISAM DEFAULT CHARSET=latin1;

INSERT INTO `post_mood` (`post_id`, `mood_id`) VALUES
(1,	1),
(1,	2),
(1,	3),
(1,	4),
(1,	5),
(1,	6),
(1,	7),
(1,	8),
(1,	9),
(1,	10),
(1,	11),
(1,	12),
(2,	1),
(2,	2),
(2,	3),
(2,	4),
(2,	5),
(2,	6),
(2,	7),
(2,	8),
(2,	9),
(2,	10),
(2,	11),
(2,	12),
(3,	1),
(3,	2),
(3,	3),
(3,	4),
(3,	5),
(3,	6),
(3,	7),
(3,	8),
(3,	9),
(3,	10),
(3,	11),
(3,	12),
(4,	1),
(4,	2),
(4,	3),
(4,	4),
(4,	5),
(4,	6),
(4,	7),
(4,	8),
(4,	9),
(4,	10),
(4,	11),
(4,	12),
(5,	1),
(5,	2),
(5,	3),
(5,	4),
(5,	5),
(5,	6),
(5,	7),
(5,	8),
(5,	9),
(5,	10),
(5,	11),
(5,	12),
(6,	1),
(6,	2),
(6,	3),
(6,	5),
(7,	1),
(7,	2),
(7,	3),
(7,	4),
(7,	5),
(7,	6),
(7,	7),
(7,	8),
(7,	9),
(7,	10),
(7,	11),
(7,	12),
(8,	1),
(8,	2),
(8,	3),
(8,	4),
(8,	5),
(8,	6),
(8,	7),
(8,	8),
(8,	9),
(8,	10),
(8,	11),
(8,	12),
(9,	2),
(10,	1),
(11,	2),
(11,	3),
(11,	4),
(11,	5),
(12,	1),
(12,	4),
(12,	5),
(12,	6),
(12,	7),
(13,	1),
(13,	2),
(13,	3),
(13,	4),
(13,	5),
(13,	6),
(13,	7),
(13,	8),
(13,	9),
(13,	10),
(13,	11),
(13,	12),
(14,	1),
(14,	2),
(14,	3),
(14,	4),
(14,	11),
(14,	12),
(15,	1),
(16,	1),
(17,	1),
(18,	1),
(19,	3),
(19,	10);

CREATE TABLE `question` (
  `question_id` bigint NOT NULL AUTO_INCREMENT,
  `question_text` varchar(255) DEFAULT NULL,
  `question_type` varchar(255) DEFAULT NULL,
  `test_id` bigint NOT NULL,
  PRIMARY KEY (`question_id`)
) ENGINE=MyISAM DEFAULT CHARSET=utf8mb3;

INSERT INTO `question` (`question_id`, `question_text`, `question_type`, `test_id`) VALUES
(1,	'What is the capital of US?',	'multiple',	1),
(11,	'1 + 1 = 5',	'true_or_false',	1),
(21,	'5 * 5 = ?',	'multiple',	1),
(31,	'A dolphin is a ',	'multiple',	11),
(41,	'Tuna is a mammal?',	'true_or_false',	11),
(51,	'The earth is the ______ planet from the sun.',	'multiple',	21),
(61,	'The sun is a star',	'true_or_false',	21),
(71,	'Mindfulness lowers cortisol in the body.',	'true_or_false',	71),
(81,	'What happens to the brain when we experience anger?',	'text',	71),
(91,	'How does the body react to stress?',	'multiple',	71),
(259,	'The Muffies teach us something or help us solve problems during  the ___________.',	'multiple',	96),
(260,	'The signs on the Mountain of Mindfulness are called ____________.',	'multiple',	96),
(250,	'What mindfulness skill did Flame practice?',	'multiple',	94),
(251,	'Rain is the Muffie who is ________.',	'multiple',	94),
(256,	'Airy has trouble staying focused.',	'true_or_false',	95),
(257,	'To help himself focus, Airy _____________.',	'multiple',	95),
(454,	'The Muffies want us to _______ the Mountain of Mindfulness.',	'multiple',	93),
(253,	'Flame is the Muffie who is _________.',	'multiple',	94),
(252,	'The Muffies use mindfulness everyday.',	'true_or_false',	94),
(453,	'Muffies were created out of our _____________.',	'multiple',	93),
(255,	'The hyper Muffie is named ________.',	'multiple',	95),
(254,	'Feeling nervous can make you feel like you have butterflies in your stomach.',	'true_or_false',	95),
(452,	'Self-discovery means:',	'multiple',	93),
(246,	'What does self-discovery mean?',	'multiple',	109),
(261,	'We answer questions in the Rest Area to see how much we’ve learned.',	'true_or_false',	96),
(244,	'Your self-discovery should be the same as your friend’s.',	'true_or_false',	109),
(245,	'Self-discovery never ends, even when you become an adult.',	'true_or_false',	109),
(258,	'If you follow the Learning Guideposts, you will not be going the right direction.',	'true_or_false',	96),
(266,	'Practicing mindfulness can help when we feel nervous or anxious.',	'true_or_false',	97),
(265,	'How did Rain practice mindfulness?',	'multiple',	97),
(264,	'Mindfulness happens when we pay attention to what is happening ____________.',	'multiple',	97),
(263,	'Our brains can get cluttered with lots of ______________.',	'multiple',	97),
(269,	'Flame does not get upset easily.',	'true_or_false',	98),
(268,	'Rain practices mindfulness when she ________.',	'multiple',	98),
(267,	'Mindfulness happens when we pay attention to what is happening right now.',	'true_or_false',	98),
(273,	'Mindfulness happens when we ___________ to what is happening right now.',	'multiple',	99),
(272,	'How did Airy practice mindfulness?',	'multiple',	99),
(271,	'Airy does not have trouble focusing.',	'true_or_false',	99),
(281,	'Anxiety and stress means _______________.',	'multiple',	100),
(280,	'Mindfulness can help you feel really happy.',	'true_or_false',	100),
(279,	'Mindfulness is like ____________ to pay attention to what is happening right now.',	'multiple',	100),
(278,	'We have the power to choose the way we want to feel, whether it’s good or bad.',	'true_or_false',	100),
(276,	'Everybody feels stress sometimes, even grown-ups.',	'true_or_false',	101),
(275,	'Mindfulness cannot help stress go away.',	'true_or_false',	101),
(274,	'Mindfulness happens when we ____________________.',	'multiple',	101),
(285,	'When we count to 10, we have to count slowly.',	'true_or_false',	102),
(284,	'What can happen to our bodies when we feel angry?',	'multiple',	102),
(283,	'What mindfulness technique does Flame teach?',	'multiple',	102),
(290,	'What did Airy teach us about mindfulness?',	'multiple',	103),
(289,	'What did Flame teach us about mindfulness?',	'multiple',	103),
(288,	'What did Rain teach us about mindfulness?',	'multiple',	103),
(287,	'Mindfulness cannot help you focus.',	'true_or_false',	103),
(293,	'What is Rain’s vision for herself?',	'multiple',	104),
(292,	'A vision is a future goal we have for ourselves.',	'true_or_false',	104),
(291,	'Self-Discovery means:',	'multiple',	104),
(297,	'Mindfulness happens when we ____________________.',	'multiple',	105),
(296,	'Focus is not important when trying to achieve a goal.',	'true_or_false',	105),
(295,	'We can use mindfulness as a _____.',	'multiple',	105),
(301,	'Resilience means __________________.',	'multiple',	106),
(300,	'False It’s important to take ________ towards our goals.',	'multiple',	106),
(299,	'Mindfulness helps us be prepared for our goals.',	'true_or_false',	106),
(305,	'What we do today can help achieve our goals in the future. ',	'true_or_false',	107),
(304,	'Focus helps us to be __________.',	'multiple',	107),
(303,	'Without focus, our minds ________________.',	'multiple',	107),
(309,	'______ help us achieve success.',	'multiple',	110),
(308,	'What we think and feel can affect our mood and behavior.',	'true_or_false',	110),
(307,	'Infinite Focus Schools teaches kids:',	'multiple',	110),
(313,	'What are examples of Focus Practices?',	'multiple',	111),
(312,	'Course Directions are not related to the Learning Guideposts.',	'true_or_false',	111),
(311,	'Learning Guideposts serve as _______.',	'multiple',	111),
(318,	'The Rest Area is not a place to show how much we’ve learned.',	'true_or_false',	112),
(317,	'The goal in Infinite Focus is to climb the Mountain of __________ and reach the top.',	'multiple',	112),
(316,	'The Rest Area comes before the Focus Practice.',	'true_or_false',	112),
(315,	'Where can we use the skills learned in the Focus Practices?',	'multiple',	112),
(240,	'When we really enjoy an activity, we give it all of our ________.',	'multiple',	113),
(241,	'Middle schoolers love all kinds of different activities.',	'true_or_false',	113),
(242,	'We have to like everything our friends like.',	'true_or_false',	113),
(243,	'Mindfulness means that we __________ and accept what’s happening in the present moment.',	'multiple',	113),
(262,	'Who is a pure heart?',	'text',	96),
(270,	'How did Flame practice mindfulness?',	'multiple',	98),
(277,	'How does Rain practice mindfulness?',	'multiple',	101),
(282,	'What can happen when we are anxious and stressed?',	'multiple',	100),
(286,	'What does resilient mean?',	'multiple',	102),
(294,	'To achieve a goal, we have to keep it in our minds.',	'true_or_false',	104),
(298,	'Pitfalls are ___________.',	'multiple',	105),
(302,	'How does mindfulness help Sunny?',	'multiple',	106),
(306,	'It’s okay if we don’t know what our future vision is.',	'true_or_false',	107),
(310,	'What is the purpose of Learning Guideposts?',	'multiple',	110),
(314,	'During the Focus Practice we should all be ________.',	'multiple',	111),
(319,	'Fun and joy are an important part of Infinite Focus.',	'true_or_false',	112),
(320,	'Mindfulness is like a pause or a rest in our everyday lives.',	'true_or_false',	114),
(321,	'In the video, what are our lives compared to?',	'multiple',	114),
(322,	'Without enough rest, what can happen to our bodies?',	'multiple',	114),
(323,	'Mindfulness means that we __________ and accept what’s happening in the present moment.',	'multiple',	114),
(324,	'What are the three important terms in the mindfulness definition?',	'multiple',	115),
(325,	'When we pay attention we are _________.',	'multiple',	115),
(326,	'Paying attention is important when we want to do something well.',	'true_or_false',	115),
(327,	'Mindfulness means that we __________ and accept what’s happening in the present moment.',	'multiple',	115),
(328,	'Acceptance means we feel okay with what we can’t control.',	'true_or_false',	116),
(329,	'Mindfulness teaches us:',	'multiple',	116),
(330,	'We can control the weather and the time of day.',	'true_or_false',	116),
(331,	'Mindfulness means that we pay attention and _________________ in the present moment.',	'multiple',	116),
(332,	'We have to give presents to people in the present moment.',	'true_or_false',	117),
(333,	'The present moment is ___________.',	'multiple',	117),
(334,	'We are always in the present moment.',	'true_or_false',	117),
(335,	'Mindfulness means that we pay attention and accept what’s happening in the ',	'multiple',	117),
(336,	'What is the definition of mindfulness?',	'text',	118),
(337,	'Stress is only a problem that adults deal with.',	'true_or_false',	118),
(338,	'When does stress happen?',	'multiple',	118),
(339,	'When we don’t manage our stress we can become __________.',	'multiple',	118),
(340,	'How can stress show up?',	'multiple',	118),
(341,	'What is the second benefit of mindfulness?',	'multiple',	119),
(342,	'Being focused is not important when we want to do something well.',	'true_or_false',	119),
(343,	'Mindfulness helps us to sharpen our skills.',	'true_or_false',	119),
(344,	'The first benefit of mindfulness is ____________?',	'multiple',	119),
(345,	'Everybody experiences stress sometimes.',	'true_or_false',	119),
(346,	'When we are focused on an activity, we can do it really well.',	'true_or_false',	120),
(347,	'When we pause with mindfulness, we rest our brains, which helps us focus on the rest of our day.',	'true_or_false',	120),
(348,	'What is resilience?',	'multiple',	120),
(349,	'When we can control our emotions, people, events and situations ______________.',	'multiple',	120),
(350,	'Mindfulness helps us to think _______ thoughts.',	'multiple',	120),
(351,	'Mindfulness helps us to _________ our thoughts and emotions.',	'multiple',	121),
(352,	'Increased _________ is a natural result of having a mindfulness practice that we do regularly over time.',	'multiple',	121),
(353,	'Adults never have a hard time focusing.',	'true_or_false',	121),
(354,	'Increased focus helps with academic success.',	'true_or_false',	121),
(355,	'What are the 5 benefits of mindfulness?',	'text',	121),
(356,	'A _______ is the future forecast of our hopes and dreams.',	'multiple',	122),
(357,	'Focus does not help with your vision and future success.',	'true_or_false',	122),
(358,	'In middle school, we should know exactly what we want to do in our lives.',	'true_or_false',	122),
(359,	'What is the definition of self-discovery?',	'multiple',	123),
(360,	'Mindfulness is a tool to help us.',	'true_or_false',	123),
(361,	'Mindfulness means that we ____________________________.',	'multiple',	123),
(362,	'What is a pitfall?',	'multiple',	123),
(363,	'What is resilience?',	'multiple',	123),
(364,	'Mindfulness prepares us for the long journey of _________.',	'multiple',	124),
(365,	'What are the top 5 benefits of mindfulness?',	'multiple',	124),
(366,	'Self-reflection stops when we become adults.',	'true_or_false',	124),
(367,	'Without focus, our minds are ___________.',	'multiple',	124),
(368,	'Practicing mindfulness now, helps us reach our vision in the future.',	'true_or_false',	124),
(369,	'The lungs are like the ___________ of our body.',	'multiple',	125),
(370,	'We each have __ lungs in our body.',	'multiple',	125),
(371,	'Inhaling means we breathe in air into our lungs.',	'true_or_false',	125),
(372,	'When we inhale, our lungs ____________.',	'multiple',	125),
(373,	'When we _________, our lungs contract or get smaller.',	'multiple',	125),
(374,	'________________ means taking a lot of air into and out of the lungs.',	'multiple',	126),
(375,	'Increased lung capacity is a result of practicing deep breathing.',	'true_or_false',	126),
(376,	'Deep breathing increases the amount of __________ in the bloodstream.',	'multiple',	126),
(377,	'What happens when the relaxation response kicks in?',	'multiple',	126),
(378,	'Stress shows up as:',	'multiple',	127),
(379,	'We can practice deep breathing anytime and anywhere.',	'true_or_false',	127),
(380,	'Deep breathing helps us feel ______ even in the middle of a busy day.',	'multiple',	127),
(381,	'We get the benefits of deep breathing when we practice it ____________.',	'multiple',	127),
(450,	'What does self-discovery mean?',	'multiple',	128),
(451,	'Everyone’s self-discovery looks the same.',	'true_or_false',	128),
(449,	'Self-discovery and self-reflection never ends, even when we become an adult.',	'true_or_false',	128),
(385,	'Infinite Focus Schools teaches us:',	'multiple',	129),
(386,	'What we think and feel can affect our mood and behavior.',	'true_or_false',	129),
(387,	'______ help us achieve success.',	'multiple',	129),
(388,	'What is the purpose of Learning Guideposts?',	'multiple',	129),
(389,	'Learning Guideposts serve as _______.',	'multiple',	130),
(390,	'Course Directions are not related to the Learning Guideposts.',	'true_or_false',	130),
(391,	'The Course Direction part of the video is __________.',	'multiple',	130),
(392,	'What are examples of Focus Practices?',	'multiple',	131),
(393,	'During the Focus Practice we should all be ________.',	'multiple',	131),
(394,	'The goal in Infinite Focus is to climb the Mountain of __________ and reach the top.',	'multiple',	131),
(395,	'The Rest Area is not a place to show how much we’ve learned.',	'true_or_false',	131),
(396,	'Fun and joy are an important part of Infinite Focus.',	'true_or_false',	131),
(397,	'When we really enjoy an activity, we ___________ and ______________.',	'multiple',	132),
(398,	'High schoolers are into a lot of different hobbies and interests.',	'true_or_false',	132),
(399,	'We have to like everything our friends like.',	'true_or_false',	132),
(400,	'Mindfulness means that we __________ and accept what’s happening in the present moment.',	'multiple',	132),
(401,	'Mindfulness is like a __________ in our daily lives',	'multiple',	133),
(402,	'Our lives are just like _________ with ups and downs, just like notes.',	'multiple',	133),
(403,	'If we didn’t take rests or pauses, like music, we would be a mess.',	'true_or_false',	133),
(404,	'Mindfulness means that we __________ and accept what’s happening in the present moment.',	'multiple',	133),
(405,	'What are the three important terms in the mindfulness definition?',	'multiple',	134),
(406,	'When we pay attention we are _________.',	'multiple',	134),
(407,	'Paying attention is important when we want to do something well.',	'true_or_false',	134),
(408,	'Mindfulness means that we __________ and accept what’s happening in the present moment.',	'multiple',	134),
(409,	'Acceptance is always easy to do.',	'true_or_false',	135),
(410,	'Acceptance means we feel okay with the things we can’t control.',	'true_or_false',	135),
(411,	'Mindfulness teaches us:',	'multiple',	135),
(412,	'The present moment is ___________.',	'multiple',	135),
(413,	'Paying attention and accepting what’s happening in the present moment gets easier with practice.',	'true_or_false',	135),
(414,	'What is the definition of mindfulness?',	'text',	136),
(415,	'The more we practice mindfulness, the more focused, compassionate and happy we are.',	'true_or_false',	136),
(416,	'When does stress happen?',	'multiple',	136),
(417,	'Too much stress can cause ________________.',	'multiple',	136),
(418,	'How can stress show up?',	'multiple',	136),
(419,	'Improved focus increases stress.',	'true_or_false',	137),
(420,	'When we pause with mindfulness, we ____________.',	'multiple',	137),
(421,	'When we reap the benefits of improved focus, we are:',	'multiple',	137),
(422,	'Reduced stress was the first benefit of mindfulness.',	'true_or_false',	137),
(423,	'Stress can show up as:',	'multiple',	137),
(424,	'Mindfulness frees us from the everyday distractions.',	'true_or_false',	138),
(425,	'What is resilience?',	'multiple',	138),
(426,	'When we can regulate our emotions, people, events and situations ______________.',	'multiple',	138),
(427,	'Mindfulness helps us to think _______ thoughts.',	'multiple',	138),
(428,	'Focus cannot benefit all parts of our lives.',	'true_or_false',	139),
(429,	'Increased _________ is a natural result of having a mindfulness practice that we do consistently over time.',	'multiple',	139),
(430,	'Adults never have a hard time focusing.',	'true_or_false',	139),
(431,	'Increased focus helps with _________________.',	'multiple',	139),
(432,	'What are the 5 benefits of mindfulness?',	'text',	139),
(433,	'A _______ is the future forecast of our hopes and dreams.',	'multiple',	140),
(434,	'Focus and concentration does not help with your vision and future success.',	'true_or_false',	140),
(435,	'When we focus on what we love to do, we feel ______________.',	'multiple',	140),
(436,	'In high school, we should know exactly what our vision is for our lives.',	'true_or_false',	140),
(437,	'What is the definition of self-discovery?',	'multiple',	141),
(438,	'Whatever we focus on grows, whether it’s good or bad.',	'true_or_false',	141),
(439,	'The road of self-discovery starts in middle school and ends when we’re adults.',	'true_or_false',	141),
(440,	'What are pitfalls and how can we avoid them?',	'multiple',	141),
(441,	'What are the top 5 benefits of mindfulness?',	'multiple',	142),
(442,	'When we practice mindfulness to prepare us for the journey of self-discovery, we develop ____________________.',	'multiple',	142),
(443,	'Self-reflection is not a benefit of mindfulness.',	'true_or_false',	142),
(444,	'Without focus, our minds are ___________.',	'multiple',	142),
(445,	'What we do now, in the present moment, helps us achieve our vision in the future.',	'true_or_false',	142);

CREATE TABLE `quote` (
  `quote_id` bigint NOT NULL AUTO_INCREMENT,
  `text` varchar(255) DEFAULT NULL,
  `author` varchar(255) DEFAULT NULL,
  `is_daily_quote` bit(1) DEFAULT NULL,
  PRIMARY KEY (`quote_id`)
) ENGINE=MyISAM DEFAULT CHARSET=utf8mb3;

INSERT INTO `quote` (`quote_id`, `text`, `author`, `is_daily_quote`) VALUES
(61,	'Don’t let the noise of other’s opinion drown your, own inner voice.',	'Steve Jobs',	CONV('0', 2, 10) + 0),
(386,	'A question that sometimes drives me HAZY: Am I or are the others CRAZY?',	'Albert Einstein',	CONV('0', 2, 10) + 0),
(387,	'Every Action has equal and opposite reaction',	'Isaac Newtond',	CONV('0', 2, 10) + 0),
(71,	'Have the courage to follow your heart and intuition.',	'Steve Jobs',	CONV('0', 2, 10) + 0),
(81,	'The most certain way to succeed is always to try just one more time.	',	'Thomas Edison',	CONV('0', 2, 10) + 0),
(91,	'If you don’t go after what you want, you’ll never have it. If you don’t ask, the answer is always no. If you don’t step forward, you’re always in the same place.',	'Nora Roberts',	CONV('0', 2, 10) + 0),
(101,	'Believe in yourself and all that you are.',	'Christian D Larson',	CONV('0', 2, 10) + 0),
(131,	'I believe that every person is born with talent.',	'Maya Angelou',	CONV('0', 2, 10) + 0),
(141,	'If you have good thoughts they will shine out of your face like sunbeams and you will always look lovely.	',	'Roald Dahl	',	CONV('0', 2, 10) + 0),
(151,	'Never give up on what you really want to do. The person with big dreams is more powerful than one with all the facts.',	'Albert Einstein',	CONV('0', 2, 10) + 0),
(171,	'Winning doesn’t always mean being first. Winning means you’re doing better than you’ve done before.',	'Bonnie Blair',	CONV('0', 2, 10) + 0),
(181,	'You’re braver than you believe, and stronger than you seem, and smarter than you think.',	'A.A. Milne/Christopher Robin	',	CONV('0', 2, 10) + 0),
(201,	'Why fit in when you were born to stand out?	',	'Dr. Seuss	 ',	CONV('0', 2, 10) + 0),
(211,	'When you do the common things in life in an uncommon way, you will command the attention of the world.	',	'George Washington Carver	',	CONV('0', 2, 10) + 0),
(221,	'You cannot change the circumstances, the seasons, or the wind, but you can change yourself. That is something you have.',	'Jim Rohn	',	CONV('0', 2, 10) + 0),
(231,	'A positive attitude can really make dreams come true.	',	'David Bailey	',	CONV('0', 2, 10) + 0),
(241,	'Be silly. Be honest. Be kind.	',	'Ralph Waldo Emerson	',	CONV('1', 2, 10) + 0),
(251,	'Learn from yesterday, live for today, hope for tomorrow.',	'Albert Einstein	',	CONV('0', 2, 10) + 0),
(261,	'It always seems impossible until it is done.',	'Nelson Mandela',	CONV('0', 2, 10) + 0),
(271,	'Before you act, listen. Before you react, think. Before you spend, earn. Before you criticize, wait. Before you quit, try.',	'Ernest Hemmingway	',	CONV('0', 2, 10) + 0),
(281,	'Even if you are on the right track, you will get run over if you just sit there!	',	'Will Rodgers	',	CONV('0', 2, 10) + 0),
(291,	'Make each day your masterpiece.	',	'John Wooden	',	CONV('0', 2, 10) + 0),
(301,	'Don’t let what you can’t do stop you from doing what you can do.',	'John Wooden',	CONV('0', 2, 10) + 0),
(311,	'All your dreams can come true if you have the courage to pursue them	',	'Walt Disney',	CONV('0', 2, 10) + 0),
(321,	'You can steer yourself any direction you choose.	',	'Dr. Seuss	',	CONV('0', 2, 10) + 0),
(351,	'Everyone wants to ride with you in the limo, but what you want is someone who will ride the bus with you when the limo breaks down.',	'Oprah Winfrey',	CONV('0', 2, 10) + 0),
(361,	'When you know better, you do better.	',	'Maya Angelou',	CONV('0', 2, 10) + 0),
(371,	'Success comes in cans; failure in can’ts	',	'Wilfred Petson	',	CONV('0', 2, 10) + 0),
(381,	'We all have ability. The difference is how we use it.',	'Stevie Wonder',	CONV('0', 2, 10) + 0);

CREATE TABLE `school` (
  `school_id` bigint NOT NULL AUTO_INCREMENT,
  `account_id` bigint NOT NULL,
  `address` varchar(255) DEFAULT NULL,
  `district_id` bigint NOT NULL,
  `school_name` varchar(255) DEFAULT NULL,
  `registration_code` varchar(255) DEFAULT NULL,
  `created_at` datetime DEFAULT NULL,
  `license_key` varchar(255) DEFAULT NULL,
  PRIMARY KEY (`school_id`)
) ENGINE=MyISAM DEFAULT CHARSET=utf8mb3;

INSERT INTO `school` (`school_id`, `account_id`, `address`, `district_id`, `school_name`, `registration_code`, `created_at`, `license_key`) VALUES
(1,	61,	'5767 Eastern ave Marylnad',	0,	'Blair High School',	'Xyz',	'2019-01-18 22:25:38',	NULL),
(11,	71,	'i4f4kf0400e',	1,	'Takoma High School',	'4KL',	'2019-01-18 22:25:38',	NULL),
(21,	101,	'wdd3d3d3d',	0,	'My new school',	'1wE',	'2019-01-18 22:25:38',	NULL),
(31,	111,	'wdwdwdwd',	0,	'wdwd',	'lPo',	'2019-01-18 22:25:38',	NULL),
(41,	121,	'3d3d3d3d3d',	0,	'3d3d3',	'jKy',	'2019-01-18 22:25:38',	NULL),
(51,	0,	NULL,	0,	NULL,	'',	'2019-01-18 22:25:38',	NULL),
(61,	151,	'eddkdkwdk',	0,	'New School',	'DYP',	'2019-01-18 22:25:38',	NULL),
(71,	161,	'eddkdkwdk',	0,	'New School',	'Stl',	'2019-01-18 22:25:38',	NULL),
(81,	401,	'Texas',	0,	'Quadrant',	'vJP',	'2019-12-30 15:55:01',	NULL),
(82,	414,	'53 florida',	0,	'St.Charles',	'vpF',	'2020-02-27 11:06:09',	NULL),
(83,	419,	'fl101',	32,	'charles dekan',	'KCr',	'2020-02-27 13:59:44',	NULL),
(84,	425,	'Akshya Nagar 1st Block 1st Cross, Rammurthy nagar, Bangalore-560016',	0,	'DK School',	'z5h',	'2020-02-27 17:43:40',	NULL),
(85,	431,	'La',	33,	'decen  International',	'MWG',	'2020-02-28 10:38:47',	NULL),
(86,	435,	'takomahighschool',	1,	'takomamiddleschool',	'T5p',	'2020-02-28 14:25:04',	NULL),
(87,	446,	'123',	0,	'District',	'ADe',	'2020-03-03 06:42:31',	NULL),
(88,	614,	'Ohio',	34,	'Private School',	'vrE',	'2021-02-03 20:23:07',	NULL),
(89,	617,	'tets',	0,	'test',	'e00',	'2021-02-09 19:10:36',	NULL),
(90,	618,	'tets',	0,	'test',	'sHC',	'2021-02-09 19:10:36',	NULL),
(91,	625,	'Ohio',	34,	'Private School 2',	'OZl',	'2021-02-23 14:41:07',	'UMZB-YSAR-KXVS-G9R2'),
(92,	626,	'71178 Krista Heights Apt. 081',	0,	'test',	'SqR',	'2021-02-23 17:30:52',	'4NBT-5F6Y-CSKW-K33X'),
(93,	627,	'71178 Krista Heights Apt. 081',	0,	'test',	'ofw',	'2021-02-23 17:42:00',	'WYZA-BDR9-TSFB-2VZT'),
(94,	783,	'12 Brickell Rd.',	0,	'MPS',	'pRc',	'2022-01-25 08:47:33',	'3RLM-2HLO-O4KF-VJVR'),
(95,	784,	'25 Hislop Valley, Opp Great Nag road',	0,	'KLI',	'z8C',	'2022-01-25 08:52:08',	'YAKB-CXYA-EQ3I-WCXK'),
(96,	848,	'25 Hislop Valley, Opp Great Nag road',	0,	'test',	'YXv',	'2022-01-25 17:10:56',	'BPKD-JFAI-NPXH-XS5N'),
(97,	1069,	'Parkway',	0,	'standford',	'ZYK',	'2022-02-10 06:37:15',	'CHEY-5NK8-OCHR-VZE8');

CREATE TABLE `screen` (
  `screen_id` bigint NOT NULL AUTO_INCREMENT,
  `name` varchar(255) DEFAULT NULL,
  `screen_display_name` varchar(255) DEFAULT NULL,
  PRIMARY KEY (`screen_id`)
) ENGINE=MyISAM DEFAULT CHARSET=latin1;



CREATE TABLE `socio_emotional_test_answer` (
  `socio_emotional_test_answer_id` bigint NOT NULL AUTO_INCREMENT,
  `socio_emotional_test_question_id` bigint NOT NULL,
  `socio_emotional_test_question_option_id` bigint NOT NULL,
  `socio_emotional_test_result_id` bigint NOT NULL,
  PRIMARY KEY (`socio_emotional_test_answer_id`)
) ENGINE=MyISAM DEFAULT CHARSET=utf8mb3;

INSERT INTO `socio_emotional_test_answer` (`socio_emotional_test_answer_id`, `socio_emotional_test_question_id`, `socio_emotional_test_question_option_id`, `socio_emotional_test_result_id`) VALUES
(1,	1,	1,	1),
(11,	2,	2,	1),
(21,	3,	1,	1),
(31,	4,	1,	1),
(41,	5,	3,	1),
(51,	6,	3,	1),
(61,	7,	1,	1),
(71,	8,	1,	1),
(81,	9,	1,	1),
(91,	10,	1,	1),
(101,	11,	1,	1),
(111,	12,	1,	1),
(121,	1,	1,	11),
(131,	2,	2,	11),
(141,	3,	1,	11),
(151,	4,	1,	11),
(161,	5,	1,	11),
(171,	6,	2,	11),
(181,	7,	2,	11),
(191,	8,	1,	11),
(201,	9,	1,	11),
(211,	10,	1,	11),
(221,	11,	1,	11),
(231,	12,	1,	11),
(241,	1,	3,	21),
(251,	2,	3,	21),
(261,	3,	1,	21),
(271,	4,	1,	21),
(281,	5,	2,	21),
(291,	6,	1,	21),
(301,	7,	2,	21),
(311,	8,	1,	21),
(321,	9,	2,	21),
(331,	10,	1,	21),
(341,	11,	3,	21),
(351,	12,	1,	21),
(361,	1,	1,	31),
(371,	2,	1,	31),
(381,	3,	1,	31),
(391,	4,	1,	31),
(401,	5,	1,	31),
(411,	6,	1,	31),
(421,	7,	1,	31),
(431,	8,	1,	31),
(441,	9,	1,	31),
(451,	10,	1,	31),
(461,	11,	1,	31),
(471,	12,	1,	31),
(481,	2,	4,	41),
(491,	1,	1,	41),
(501,	3,	4,	41),
(511,	4,	3,	41),
(521,	5,	4,	41),
(531,	6,	4,	41),
(541,	7,	3,	41),
(551,	8,	4,	41),
(561,	9,	3,	41),
(571,	10,	1,	41),
(581,	11,	3,	41),
(591,	12,	4,	41),
(601,	1,	2,	51),
(611,	2,	4,	51),
(621,	3,	4,	51),
(631,	4,	3,	51),
(641,	5,	3,	51),
(651,	6,	4,	51),
(661,	7,	2,	51),
(671,	8,	4,	51),
(681,	9,	4,	51),
(691,	10,	1,	51),
(701,	11,	1,	51),
(711,	12,	1,	51),
(712,	1,	1,	52),
(713,	2,	3,	52),
(714,	3,	4,	52),
(715,	4,	3,	52),
(716,	5,	2,	52),
(717,	6,	1,	52),
(718,	7,	2,	52),
(719,	8,	4,	52),
(720,	9,	3,	52),
(721,	10,	2,	52),
(722,	11,	3,	52),
(723,	12,	1,	52),
(724,	1,	1,	53),
(725,	2,	2,	53),
(726,	3,	2,	53),
(727,	4,	2,	53),
(728,	5,	2,	53),
(729,	6,	2,	53),
(730,	7,	2,	53),
(731,	8,	2,	53),
(732,	9,	2,	53),
(733,	10,	2,	53),
(734,	11,	2,	53),
(735,	12,	2,	53),
(736,	1,	1,	54),
(737,	2,	2,	54),
(738,	3,	1,	54),
(739,	4,	1,	54),
(740,	5,	2,	54),
(741,	6,	1,	54),
(742,	7,	1,	54),
(743,	8,	1,	54),
(744,	9,	1,	54),
(745,	10,	1,	54),
(746,	11,	1,	54),
(747,	12,	1,	54),
(748,	1,	2,	55),
(749,	2,	2,	55),
(750,	3,	2,	55),
(751,	4,	2,	55),
(752,	5,	2,	55),
(753,	6,	2,	55),
(754,	7,	2,	55),
(755,	8,	2,	55),
(756,	9,	2,	55),
(757,	10,	2,	55),
(758,	11,	2,	55),
(759,	12,	2,	55),
(760,	1,	2,	56),
(761,	2,	2,	56),
(762,	3,	2,	56),
(763,	4,	2,	56),
(764,	5,	2,	56),
(765,	6,	2,	56),
(766,	7,	2,	56),
(767,	8,	2,	56),
(768,	9,	2,	56),
(769,	10,	2,	56),
(770,	11,	2,	56),
(771,	12,	2,	56),
(772,	1,	1,	57),
(773,	1,	1,	58),
(774,	2,	2,	58),
(775,	2,	2,	57),
(776,	1,	1,	59),
(777,	3,	2,	58),
(778,	3,	2,	57),
(779,	2,	2,	59),
(780,	4,	2,	58),
(781,	4,	2,	57),
(782,	3,	2,	59),
(783,	1,	1,	60),
(784,	5,	2,	58),
(785,	5,	2,	57),
(786,	4,	2,	59),
(787,	2,	2,	60),
(788,	6,	2,	58),
(789,	6,	2,	57),
(790,	3,	2,	60),
(791,	5,	2,	59),
(792,	7,	2,	58),
(793,	7,	2,	57),
(794,	4,	2,	60),
(795,	6,	2,	59),
(796,	8,	2,	58),
(797,	8,	2,	57),
(798,	5,	2,	60),
(799,	7,	2,	59),
(800,	9,	2,	58),
(801,	9,	2,	57),
(802,	6,	2,	60),
(803,	8,	2,	59),
(804,	10,	2,	58),
(805,	10,	2,	57),
(806,	7,	2,	60),
(807,	9,	2,	59),
(808,	11,	2,	58),
(809,	11,	2,	57),
(810,	8,	2,	60),
(811,	10,	2,	59),
(812,	12,	2,	58),
(813,	12,	2,	57),
(814,	9,	2,	60),
(815,	11,	2,	59),
(816,	10,	2,	60),
(817,	12,	2,	59),
(818,	11,	2,	60),
(819,	12,	2,	60),
(820,	1,	2,	61),
(821,	2,	2,	61),
(822,	3,	2,	61),
(823,	4,	2,	61),
(824,	5,	2,	61),
(825,	6,	2,	61),
(826,	7,	2,	61),
(827,	8,	2,	61),
(828,	9,	2,	61),
(829,	10,	2,	61),
(830,	11,	2,	61),
(831,	12,	2,	61),
(832,	1,	2,	62),
(833,	2,	2,	62),
(834,	3,	2,	62),
(835,	4,	2,	62),
(836,	5,	2,	62),
(837,	6,	2,	62),
(838,	7,	2,	62),
(839,	8,	2,	62),
(840,	9,	2,	62),
(841,	10,	2,	62),
(842,	11,	2,	62),
(843,	12,	2,	62),
(844,	1,	2,	63),
(845,	2,	2,	63),
(846,	3,	2,	63),
(847,	4,	2,	63),
(848,	5,	2,	63),
(849,	6,	2,	63),
(850,	7,	2,	63),
(851,	8,	2,	63),
(852,	9,	2,	63),
(853,	10,	2,	63),
(854,	11,	2,	63),
(855,	12,	2,	63),
(856,	1,	2,	64),
(857,	2,	2,	64),
(858,	3,	2,	64),
(859,	1,	2,	65),
(860,	4,	2,	64),
(861,	2,	2,	65),
(862,	5,	2,	64),
(863,	3,	2,	65),
(864,	6,	2,	64),
(865,	4,	2,	65),
(866,	5,	2,	65),
(867,	7,	2,	64),
(868,	6,	2,	65),
(869,	8,	2,	64),
(870,	7,	2,	65),
(871,	9,	2,	64),
(872,	8,	2,	65),
(873,	10,	2,	64),
(874,	9,	2,	65),
(875,	11,	2,	64),
(876,	10,	2,	65),
(877,	12,	2,	64),
(878,	11,	2,	65),
(879,	12,	2,	65),
(880,	1,	2,	66),
(881,	2,	2,	66),
(882,	3,	2,	66),
(883,	4,	2,	66),
(884,	5,	2,	66),
(885,	6,	2,	66),
(886,	7,	2,	66),
(887,	8,	2,	66),
(888,	9,	2,	66),
(889,	10,	2,	66),
(890,	11,	2,	66),
(891,	12,	2,	66),
(892,	1,	1,	67),
(893,	2,	2,	67),
(894,	3,	1,	67),
(895,	4,	2,	67),
(896,	5,	1,	67),
(897,	6,	2,	67),
(898,	7,	1,	67),
(899,	8,	2,	67),
(900,	9,	2,	67),
(901,	10,	2,	67),
(902,	1,	1,	68),
(903,	11,	2,	67),
(904,	2,	2,	68),
(905,	12,	2,	67),
(906,	3,	1,	68),
(907,	4,	2,	68),
(908,	5,	1,	68),
(909,	6,	2,	68),
(910,	7,	1,	68),
(911,	8,	2,	68),
(912,	9,	2,	68),
(913,	10,	2,	68),
(914,	11,	2,	68),
(915,	12,	2,	68),
(916,	1,	1,	69),
(917,	2,	4,	69),
(918,	3,	1,	69),
(919,	4,	4,	69),
(920,	5,	1,	69),
(921,	6,	4,	69),
(922,	7,	4,	69),
(923,	8,	1,	69),
(924,	9,	2,	69),
(925,	10,	4,	69),
(926,	11,	4,	69),
(927,	12,	4,	69),
(928,	1,	3,	70),
(929,	2,	4,	70),
(930,	3,	4,	70),
(931,	4,	3,	70),
(932,	5,	4,	70),
(933,	6,	4,	70),
(934,	7,	4,	70),
(935,	8,	4,	70),
(936,	9,	4,	70),
(937,	10,	4,	70),
(938,	11,	3,	70),
(939,	12,	4,	70),
(940,	1,	1,	71),
(941,	2,	2,	71),
(942,	3,	1,	71),
(943,	4,	1,	71),
(944,	5,	2,	71),
(945,	6,	1,	71),
(946,	7,	2,	71),
(947,	8,	1,	71),
(948,	9,	2,	71),
(949,	10,	1,	71),
(950,	11,	2,	71),
(951,	12,	1,	71),
(952,	1,	1,	72),
(953,	2,	2,	72),
(954,	3,	1,	72),
(955,	4,	2,	72),
(956,	5,	1,	72),
(957,	6,	2,	72),
(958,	7,	2,	72),
(959,	8,	1,	72),
(960,	9,	2,	72),
(961,	10,	1,	72),
(962,	11,	2,	72),
(963,	12,	2,	72),
(964,	1,	1,	73),
(965,	2,	2,	73),
(966,	3,	1,	73),
(967,	4,	2,	73),
(968,	5,	1,	73),
(969,	6,	2,	73),
(970,	7,	1,	73),
(971,	8,	2,	73),
(972,	9,	1,	73),
(973,	10,	2,	73),
(974,	11,	2,	73),
(975,	12,	2,	73),
(976,	1,	1,	74),
(977,	2,	2,	74),
(978,	3,	4,	74),
(979,	4,	1,	74),
(980,	5,	2,	74),
(981,	6,	1,	74),
(982,	7,	2,	74),
(983,	8,	1,	74),
(984,	9,	2,	74),
(985,	10,	1,	74),
(986,	11,	2,	74),
(987,	12,	1,	74),
(988,	1,	1,	75),
(989,	2,	2,	75),
(990,	3,	4,	75),
(991,	4,	1,	75),
(992,	5,	2,	75),
(993,	6,	1,	75),
(994,	7,	2,	75),
(995,	8,	1,	75),
(996,	9,	2,	75),
(997,	10,	1,	75),
(998,	11,	2,	75),
(999,	12,	1,	75),
(1000,	1,	1,	76),
(1001,	2,	2,	76),
(1002,	3,	4,	76),
(1003,	4,	1,	76),
(1004,	5,	2,	76),
(1005,	6,	1,	76),
(1006,	7,	2,	76),
(1007,	8,	1,	76),
(1008,	9,	2,	76),
(1009,	10,	1,	76),
(1010,	11,	2,	76),
(1011,	12,	1,	76),
(1012,	1,	1,	77),
(1013,	2,	2,	77),
(1014,	3,	1,	77),
(1015,	4,	2,	77),
(1016,	5,	1,	77),
(1017,	6,	2,	77),
(1018,	7,	1,	77),
(1019,	8,	2,	77),
(1020,	9,	1,	77),
(1021,	10,	2,	77),
(1022,	11,	1,	77),
(1023,	12,	2,	77),
(1024,	1,	1,	78),
(1025,	2,	2,	78),
(1026,	3,	1,	78),
(1027,	4,	2,	78),
(1028,	5,	1,	78),
(1029,	6,	2,	78),
(1030,	7,	1,	78),
(1031,	8,	2,	78),
(1032,	9,	1,	78),
(1033,	10,	4,	78),
(1034,	11,	2,	78),
(1035,	12,	1,	78),
(1036,	1,	1,	79),
(1037,	2,	2,	79),
(1038,	3,	1,	79),
(1039,	4,	2,	79),
(1040,	5,	1,	79),
(1041,	6,	2,	79),
(1042,	7,	2,	79),
(1043,	8,	1,	79),
(1044,	9,	2,	79),
(1045,	10,	1,	79),
(1046,	11,	2,	79),
(1047,	12,	2,	79),
(1048,	1,	4,	80),
(1049,	2,	2,	80),
(1050,	3,	2,	80),
(1051,	4,	2,	80),
(1052,	5,	2,	80),
(1053,	6,	2,	80),
(1054,	7,	2,	80),
(1055,	8,	2,	80),
(1056,	9,	1,	80),
(1057,	10,	4,	80),
(1058,	11,	2,	80),
(1059,	12,	2,	80),
(1060,	1,	2,	81),
(1061,	2,	4,	81),
(1062,	3,	2,	81),
(1063,	4,	1,	81),
(1064,	5,	4,	81),
(1065,	6,	4,	81),
(1066,	7,	1,	81),
(1067,	8,	3,	81),
(1068,	9,	4,	81),
(1069,	10,	3,	81),
(1070,	11,	2,	81),
(1071,	12,	4,	81),
(1072,	1,	2,	82),
(1073,	2,	4,	82),
(1074,	3,	4,	82),
(1075,	4,	4,	82),
(1076,	5,	4,	82),
(1077,	6,	4,	82),
(1078,	7,	4,	82),
(1079,	8,	4,	82),
(1080,	9,	4,	82),
(1081,	10,	4,	82),
(1082,	11,	3,	82),
(1083,	12,	4,	82),
(1084,	1,	3,	83),
(1085,	2,	4,	83),
(1086,	3,	2,	83),
(1087,	4,	3,	83),
(1088,	5,	3,	83),
(1089,	6,	4,	83),
(1090,	7,	2,	83),
(1091,	8,	4,	83),
(1092,	9,	3,	83),
(1093,	10,	4,	83),
(1094,	11,	2,	83),
(1095,	12,	4,	83),
(1096,	1,	1,	84),
(1097,	2,	2,	84),
(1098,	3,	1,	84),
(1099,	4,	2,	84),
(1100,	5,	1,	84),
(1101,	6,	2,	84),
(1102,	7,	1,	84),
(1103,	8,	2,	84),
(1104,	9,	1,	84),
(1105,	10,	2,	84),
(1106,	11,	1,	84),
(1107,	12,	2,	84),
(1108,	1,	1,	85),
(1109,	2,	2,	85),
(1110,	3,	3,	85),
(1111,	4,	4,	85),
(1112,	5,	1,	85),
(1113,	6,	2,	85),
(1114,	7,	3,	85),
(1115,	8,	4,	85),
(1116,	9,	1,	85),
(1117,	10,	2,	85),
(1118,	11,	3,	85),
(1119,	12,	4,	85),
(1120,	1,	4,	86),
(1121,	2,	3,	86),
(1122,	3,	2,	86),
(1123,	4,	1,	86),
(1124,	5,	2,	86),
(1125,	6,	3,	86),
(1126,	7,	4,	86),
(1127,	8,	3,	86),
(1128,	9,	2,	86),
(1129,	10,	1,	86),
(1130,	11,	2,	86),
(1131,	12,	3,	86),
(1132,	1,	4,	87),
(1133,	2,	2,	87),
(1134,	3,	2,	87),
(1135,	4,	3,	87),
(1136,	5,	1,	87),
(1137,	6,	2,	87),
(1138,	7,	4,	87),
(1139,	8,	3,	87),
(1140,	9,	4,	87),
(1141,	10,	1,	87),
(1142,	11,	2,	87),
(1143,	12,	1,	87),
(1144,	1,	2,	88),
(1145,	2,	4,	88),
(1146,	3,	1,	88),
(1147,	4,	1,	88),
(1148,	5,	2,	88),
(1149,	6,	1,	88),
(1150,	7,	1,	88),
(1151,	8,	2,	88),
(1152,	9,	1,	88),
(1153,	10,	1,	88),
(1154,	11,	2,	88),
(1155,	12,	1,	88),
(1156,	1,	2,	89),
(1157,	2,	1,	89),
(1158,	3,	2,	89),
(1159,	4,	1,	89),
(1160,	5,	1,	89),
(1161,	6,	2,	89),
(1162,	7,	1,	89),
(1163,	8,	2,	89),
(1164,	9,	1,	89),
(1165,	10,	2,	89),
(1166,	11,	1,	89),
(1167,	12,	1,	89),
(1168,	1,	2,	90),
(1169,	2,	1,	90),
(1170,	3,	2,	90),
(1171,	4,	1,	90),
(1172,	5,	2,	90),
(1173,	6,	1,	90),
(1174,	7,	1,	90),
(1175,	8,	2,	90),
(1176,	9,	1,	90),
(1177,	10,	2,	90),
(1178,	11,	1,	90),
(1179,	12,	1,	90),
(1180,	1,	1,	91),
(1181,	2,	1,	91),
(1182,	3,	2,	91),
(1183,	4,	1,	91),
(1184,	5,	2,	91),
(1185,	6,	1,	91),
(1186,	7,	2,	91),
(1187,	8,	1,	91),
(1188,	9,	1,	91),
(1189,	10,	2,	91),
(1190,	11,	1,	91),
(1191,	12,	2,	91),
(1192,	1,	1,	92),
(1193,	2,	3,	92),
(1194,	3,	2,	92),
(1195,	4,	1,	92),
(1196,	5,	2,	92),
(1197,	6,	1,	92),
(1198,	7,	2,	92),
(1199,	8,	1,	92),
(1200,	9,	2,	92),
(1201,	10,	1,	92),
(1202,	11,	1,	92),
(1203,	12,	2,	92),
(1204,	1,	1,	93),
(1205,	2,	2,	93),
(1206,	3,	1,	93),
(1207,	4,	2,	93),
(1208,	5,	1,	93),
(1209,	6,	2,	93),
(1210,	7,	1,	93),
(1211,	8,	2,	93),
(1212,	9,	1,	93),
(1213,	10,	2,	93),
(1214,	11,	1,	93),
(1215,	12,	2,	93),
(1216,	1,	1,	94),
(1217,	2,	3,	94),
(1218,	3,	2,	94),
(1219,	4,	4,	94),
(1220,	5,	4,	94),
(1221,	6,	3,	94),
(1222,	7,	3,	94),
(1223,	8,	4,	94),
(1224,	9,	3,	94),
(1225,	10,	1,	94),
(1226,	11,	3,	94),
(1227,	12,	3,	94),
(1228,	1,	1,	95),
(1229,	2,	4,	95),
(1230,	3,	4,	95),
(1231,	4,	4,	95),
(1232,	5,	4,	95),
(1233,	6,	4,	95),
(1234,	7,	4,	95),
(1235,	8,	4,	95),
(1236,	9,	3,	95),
(1237,	10,	1,	95),
(1238,	11,	4,	95),
(1239,	12,	3,	95),
(1240,	1,	1,	96),
(1241,	2,	2,	96),
(1242,	3,	2,	96),
(1243,	4,	1,	96),
(1244,	5,	2,	96),
(1245,	6,	1,	96),
(1246,	7,	4,	96),
(1247,	8,	2,	96),
(1248,	9,	3,	96),
(1249,	10,	2,	96),
(1250,	11,	3,	96),
(1251,	12,	4,	96),
(1252,	1,	1,	97),
(1253,	2,	2,	97),
(1254,	3,	1,	97),
(1255,	4,	2,	97),
(1256,	5,	1,	97),
(1257,	6,	2,	97),
(1258,	7,	1,	97),
(1259,	8,	2,	97),
(1260,	9,	1,	97),
(1261,	10,	2,	97),
(1262,	11,	1,	97),
(1263,	12,	2,	97),
(1264,	1,	4,	98),
(1265,	2,	4,	98),
(1266,	3,	4,	98),
(1267,	4,	4,	98),
(1268,	5,	4,	98),
(1269,	6,	4,	98),
(1270,	7,	4,	98),
(1271,	8,	4,	98),
(1272,	9,	4,	98),
(1273,	10,	4,	98),
(1274,	11,	4,	98),
(1275,	12,	4,	98),
(1276,	1,	4,	99),
(1277,	2,	4,	99),
(1278,	3,	4,	99),
(1279,	4,	4,	99),
(1280,	5,	4,	99),
(1281,	6,	4,	99),
(1282,	7,	4,	99),
(1283,	8,	4,	99),
(1284,	9,	4,	99),
(1285,	10,	4,	99),
(1286,	11,	4,	99),
(1287,	12,	4,	99),
(1288,	1,	4,	100),
(1289,	2,	4,	100),
(1290,	3,	4,	100),
(1291,	4,	4,	100),
(1292,	5,	4,	100),
(1293,	6,	4,	100),
(1294,	7,	4,	100),
(1295,	8,	4,	100),
(1296,	9,	4,	100),
(1297,	10,	4,	100),
(1298,	11,	4,	100),
(1299,	12,	4,	100),
(1300,	1,	1,	101),
(1301,	2,	1,	101),
(1302,	3,	1,	101),
(1303,	4,	1,	101),
(1304,	5,	1,	101),
(1305,	6,	1,	101),
(1306,	7,	1,	101),
(1307,	8,	1,	101),
(1308,	9,	1,	101),
(1309,	10,	1,	101),
(1310,	11,	1,	101),
(1311,	12,	1,	101),
(1312,	1,	2,	102),
(1313,	2,	2,	102),
(1314,	3,	2,	102),
(1315,	4,	2,	102),
(1316,	5,	2,	102),
(1317,	6,	2,	102),
(1318,	7,	2,	102),
(1319,	8,	2,	102),
(1320,	9,	2,	102),
(1321,	10,	2,	102),
(1322,	11,	2,	102),
(1323,	12,	2,	102),
(1324,	1,	3,	103),
(1325,	2,	3,	103),
(1326,	3,	3,	103),
(1327,	4,	3,	103),
(1328,	5,	3,	103),
(1329,	6,	3,	103),
(1330,	7,	3,	103),
(1331,	8,	3,	103),
(1332,	9,	3,	103),
(1333,	10,	3,	103),
(1334,	11,	3,	103),
(1335,	12,	3,	103),
(1336,	1,	1,	104),
(1337,	2,	1,	104),
(1338,	3,	1,	104),
(1339,	4,	1,	104),
(1340,	5,	1,	104),
(1341,	6,	1,	104),
(1342,	7,	1,	104),
(1343,	8,	1,	104),
(1344,	9,	1,	104),
(1345,	10,	1,	104),
(1346,	11,	1,	104),
(1347,	12,	1,	104),
(1348,	1,	1,	105),
(1349,	2,	1,	105),
(1350,	3,	1,	105),
(1351,	4,	1,	105),
(1352,	5,	1,	105),
(1353,	6,	1,	105),
(1354,	7,	1,	105),
(1355,	8,	1,	105),
(1356,	9,	1,	105),
(1357,	10,	1,	105),
(1358,	11,	1,	105),
(1359,	12,	1,	105),
(1360,	1,	1,	106),
(1361,	2,	2,	106),
(1362,	3,	3,	106),
(1363,	4,	4,	106),
(1364,	5,	4,	106),
(1365,	6,	3,	106),
(1366,	7,	2,	106),
(1367,	8,	1,	106),
(1368,	9,	1,	106),
(1369,	10,	2,	106),
(1370,	11,	3,	106),
(1371,	12,	4,	106),
(1372,	1,	1,	107),
(1373,	2,	1,	107),
(1374,	3,	1,	107),
(1375,	4,	1,	107),
(1376,	5,	1,	107),
(1377,	6,	1,	107),
(1378,	7,	1,	107),
(1379,	8,	1,	107),
(1380,	9,	1,	107),
(1381,	10,	1,	107),
(1382,	11,	1,	107),
(1383,	12,	1,	107),
(1384,	1,	1,	108),
(1385,	2,	1,	108),
(1386,	3,	4,	108),
(1387,	4,	4,	108),
(1388,	5,	4,	108),
(1389,	6,	4,	108),
(1390,	7,	2,	108),
(1391,	8,	4,	108),
(1392,	9,	4,	108),
(1393,	10,	4,	108),
(1394,	11,	1,	108),
(1395,	12,	2,	108),
(1396,	1,	1,	109),
(1397,	2,	3,	109),
(1398,	3,	4,	109),
(1399,	4,	1,	109),
(1400,	5,	2,	109),
(1401,	6,	1,	109),
(1402,	7,	2,	109),
(1403,	8,	1,	109),
(1404,	9,	3,	109),
(1405,	10,	3,	109),
(1406,	11,	3,	109),
(1407,	12,	1,	109),
(1408,	1,	2,	110),
(1409,	2,	1,	110),
(1410,	3,	2,	110),
(1411,	4,	1,	110),
(1412,	5,	2,	110),
(1413,	6,	1,	110),
(1414,	7,	2,	110),
(1415,	8,	3,	110),
(1416,	9,	2,	110),
(1417,	10,	1,	110),
(1418,	11,	2,	110),
(1419,	12,	1,	110),
(1420,	1,	1,	111),
(1421,	2,	2,	111),
(1422,	3,	1,	111),
(1423,	4,	2,	111),
(1424,	5,	1,	111),
(1425,	6,	2,	111),
(1426,	7,	1,	111),
(1427,	8,	2,	111),
(1428,	9,	1,	111),
(1429,	10,	3,	111),
(1430,	11,	4,	111),
(1431,	12,	1,	111),
(1432,	1,	2,	112),
(1433,	2,	1,	112),
(1434,	3,	2,	112),
(1435,	4,	1,	112),
(1436,	5,	2,	112),
(1437,	6,	1,	112),
(1438,	7,	2,	112),
(1439,	8,	1,	112),
(1440,	9,	1,	112),
(1441,	10,	2,	112),
(1442,	11,	1,	112),
(1443,	12,	2,	112),
(1444,	1,	1,	113),
(1445,	2,	1,	113),
(1446,	3,	1,	113),
(1447,	4,	1,	113),
(1448,	5,	1,	113),
(1449,	6,	1,	113),
(1450,	7,	1,	113),
(1451,	8,	1,	113),
(1452,	9,	1,	113),
(1453,	10,	1,	113),
(1454,	11,	1,	113),
(1455,	12,	1,	113),
(1456,	1,	1,	114),
(1457,	2,	4,	114),
(1458,	3,	4,	114),
(1459,	4,	4,	114),
(1460,	5,	4,	114),
(1461,	6,	4,	114),
(1462,	7,	4,	114),
(1463,	8,	4,	114),
(1464,	9,	4,	114),
(1465,	10,	1,	114),
(1466,	11,	4,	114),
(1467,	12,	4,	114),
(1468,	1,	1,	115),
(1469,	2,	2,	115),
(1470,	3,	4,	115),
(1471,	4,	4,	115),
(1472,	5,	2,	115),
(1473,	6,	2,	115),
(1474,	7,	4,	115),
(1475,	8,	4,	115),
(1476,	9,	4,	115),
(1477,	10,	2,	115),
(1478,	11,	4,	115),
(1479,	12,	2,	115),
(1480,	1,	1,	116),
(1481,	2,	4,	116),
(1482,	3,	4,	116),
(1483,	4,	4,	116),
(1484,	5,	4,	116),
(1485,	6,	4,	116),
(1486,	7,	4,	116),
(1487,	8,	4,	116),
(1488,	9,	4,	116),
(1489,	10,	1,	116),
(1490,	11,	4,	116),
(1491,	12,	3,	116),
(1492,	1,	1,	117),
(1493,	2,	2,	117),
(1494,	3,	1,	117),
(1495,	4,	2,	117),
(1496,	5,	1,	117),
(1497,	6,	2,	117),
(1498,	7,	1,	117),
(1499,	8,	2,	117),
(1500,	9,	1,	117),
(1501,	10,	2,	117),
(1502,	11,	1,	117),
(1503,	12,	1,	117),
(1504,	1,	2,	118),
(1505,	2,	1,	118),
(1506,	3,	1,	118),
(1507,	4,	2,	118),
(1508,	5,	1,	118),
(1509,	6,	4,	118),
(1510,	7,	3,	118),
(1511,	8,	2,	118),
(1512,	9,	1,	118),
(1513,	10,	1,	118),
(1514,	11,	2,	118),
(1515,	12,	1,	118),
(1516,	1,	2,	119),
(1517,	2,	1,	119),
(1518,	3,	2,	119),
(1519,	4,	1,	119),
(1520,	5,	2,	119),
(1521,	6,	1,	119),
(1522,	7,	4,	119),
(1523,	8,	3,	119),
(1524,	9,	2,	119),
(1525,	10,	1,	119),
(1526,	11,	2,	119),
(1527,	12,	1,	119),
(1528,	1,	2,	120),
(1529,	2,	1,	120),
(1530,	3,	2,	120),
(1531,	4,	1,	120),
(1532,	5,	1,	120),
(1533,	6,	1,	120),
(1534,	7,	1,	120),
(1535,	8,	2,	120),
(1536,	9,	1,	120),
(1537,	10,	1,	120),
(1538,	11,	1,	120),
(1539,	12,	1,	120),
(1540,	1,	4,	121),
(1541,	2,	1,	121),
(1542,	3,	1,	121),
(1543,	4,	1,	121),
(1544,	5,	1,	121),
(1545,	6,	1,	121),
(1546,	7,	1,	121),
(1547,	8,	1,	121),
(1548,	9,	1,	121),
(1549,	10,	4,	121),
(1550,	11,	1,	121),
(1551,	12,	1,	121),
(1552,	1,	2,	122),
(1553,	2,	1,	122),
(1554,	3,	1,	122),
(1555,	4,	2,	122),
(1556,	5,	1,	122),
(1557,	6,	1,	122),
(1558,	7,	2,	122),
(1559,	8,	1,	122),
(1560,	9,	2,	122),
(1561,	10,	1,	122),
(1562,	11,	1,	122),
(1563,	12,	1,	122),
(1564,	1,	1,	123),
(1565,	2,	2,	123),
(1566,	3,	1,	123),
(1567,	4,	2,	123),
(1568,	5,	1,	123),
(1569,	6,	2,	123),
(1570,	7,	1,	123),
(1571,	8,	2,	123),
(1572,	9,	1,	123),
(1573,	10,	2,	123),
(1574,	11,	1,	123),
(1575,	12,	1,	123),
(1576,	1,	1,	124),
(1577,	2,	3,	124),
(1578,	3,	4,	124),
(1579,	4,	4,	124),
(1580,	5,	4,	124),
(1581,	6,	1,	124),
(1582,	7,	3,	124),
(1583,	8,	4,	124),
(1584,	9,	4,	124),
(1585,	10,	4,	124),
(1586,	11,	4,	124),
(1587,	12,	4,	124),
(1588,	1,	1,	125),
(1589,	2,	1,	125),
(1590,	3,	1,	125),
(1591,	4,	1,	125),
(1592,	5,	1,	125),
(1593,	6,	1,	125),
(1594,	7,	1,	125),
(1595,	8,	1,	125),
(1596,	9,	1,	125),
(1597,	10,	1,	125),
(1598,	11,	1,	125),
(1599,	12,	1,	125),
(1600,	1,	1,	126),
(1601,	2,	1,	126),
(1602,	3,	1,	126),
(1603,	4,	1,	126),
(1604,	5,	1,	126),
(1605,	6,	1,	126),
(1606,	7,	1,	126),
(1607,	8,	1,	126),
(1608,	9,	1,	126),
(1609,	10,	1,	126),
(1610,	11,	1,	126),
(1611,	12,	1,	126),
(1612,	1,	1,	127),
(1613,	2,	1,	127),
(1614,	3,	1,	127),
(1615,	4,	1,	127),
(1616,	5,	1,	127),
(1617,	6,	1,	127),
(1618,	7,	1,	127),
(1619,	8,	1,	127),
(1620,	9,	1,	127),
(1621,	10,	1,	127),
(1622,	11,	1,	127),
(1623,	12,	1,	127),
(1624,	1,	4,	128),
(1625,	2,	4,	128),
(1626,	3,	4,	128),
(1627,	4,	1,	128),
(1628,	5,	3,	128),
(1629,	6,	1,	128),
(1630,	7,	3,	128),
(1631,	8,	1,	128),
(1632,	9,	1,	128),
(1633,	10,	3,	128),
(1634,	11,	3,	128),
(1635,	12,	1,	128),
(1636,	1,	1,	129),
(1637,	2,	1,	129),
(1638,	3,	1,	129),
(1639,	4,	1,	129),
(1640,	5,	1,	129),
(1641,	6,	1,	129),
(1642,	7,	1,	129),
(1643,	8,	1,	129),
(1644,	9,	1,	129),
(1645,	10,	1,	129),
(1646,	11,	1,	129),
(1647,	12,	1,	129),
(1648,	1,	4,	130),
(1649,	2,	4,	130),
(1650,	3,	4,	130),
(1651,	4,	4,	130),
(1652,	5,	4,	130),
(1653,	6,	4,	130),
(1654,	7,	4,	130),
(1655,	8,	4,	130),
(1656,	9,	4,	130),
(1657,	10,	4,	130),
(1658,	11,	4,	130),
(1659,	12,	4,	130),
(1660,	1,	2,	131),
(1661,	2,	1,	131),
(1662,	3,	1,	131),
(1663,	4,	2,	131),
(1664,	5,	3,	131),
(1665,	6,	1,	131),
(1666,	7,	1,	131),
(1667,	8,	3,	131),
(1668,	9,	3,	131),
(1669,	10,	3,	131),
(1670,	11,	4,	131),
(1671,	12,	1,	131),
(1672,	1,	2,	132),
(1673,	2,	1,	132),
(1674,	3,	2,	132),
(1675,	4,	1,	132),
(1676,	5,	2,	132),
(1677,	6,	1,	132),
(1678,	7,	1,	132),
(1679,	8,	1,	132),
(1680,	9,	1,	132),
(1681,	10,	2,	132),
(1682,	11,	1,	132),
(1683,	12,	1,	132),
(1684,	1,	1,	133),
(1685,	2,	1,	133),
(1686,	3,	1,	133),
(1687,	4,	1,	133),
(1688,	5,	1,	133),
(1689,	6,	1,	133),
(1690,	7,	1,	133),
(1691,	8,	1,	133),
(1692,	9,	1,	133),
(1693,	10,	1,	133),
(1694,	11,	1,	133),
(1695,	12,	1,	133),
(1696,	1,	1,	134),
(1697,	2,	1,	134),
(1698,	3,	1,	134),
(1699,	4,	1,	134),
(1700,	5,	1,	134),
(1701,	6,	1,	134),
(1702,	7,	1,	134),
(1703,	8,	1,	134),
(1704,	9,	1,	134),
(1705,	10,	1,	134),
(1706,	11,	1,	134),
(1707,	12,	1,	134),
(1708,	1,	1,	135),
(1709,	2,	1,	135),
(1710,	3,	1,	135),
(1711,	4,	1,	135),
(1712,	5,	1,	135),
(1713,	6,	1,	135),
(1714,	7,	1,	135),
(1715,	8,	1,	135),
(1716,	9,	1,	135),
(1717,	10,	1,	135),
(1718,	11,	1,	135),
(1719,	12,	1,	135),
(1720,	1,	1,	136),
(1721,	2,	1,	136),
(1722,	3,	1,	136),
(1723,	4,	1,	136),
(1724,	5,	1,	136),
(1725,	6,	1,	136),
(1726,	7,	1,	136),
(1727,	8,	1,	136),
(1728,	9,	1,	136),
(1729,	10,	1,	136),
(1730,	11,	1,	136),
(1731,	12,	1,	136),
(1732,	1,	2,	137),
(1733,	2,	2,	137),
(1734,	3,	2,	137),
(1735,	4,	2,	137),
(1736,	5,	1,	137),
(1737,	6,	2,	137),
(1738,	7,	2,	137),
(1739,	8,	2,	137),
(1740,	9,	1,	137),
(1741,	10,	2,	137),
(1742,	11,	2,	137),
(1743,	12,	1,	137),
(1744,	1,	1,	138),
(1745,	2,	1,	138),
(1746,	3,	1,	138),
(1747,	4,	1,	138),
(1748,	5,	1,	138),
(1749,	6,	1,	138),
(1750,	7,	1,	138),
(1751,	8,	1,	138),
(1752,	9,	1,	138),
(1753,	10,	1,	138),
(1754,	11,	1,	138),
(1755,	12,	1,	138),
(1756,	1,	2,	139),
(1757,	2,	2,	139),
(1758,	3,	2,	139),
(1759,	4,	2,	139),
(1760,	5,	2,	139),
(1761,	6,	2,	139),
(1762,	7,	2,	139),
(1763,	8,	2,	139),
(1764,	9,	2,	139),
(1765,	10,	2,	139),
(1766,	11,	2,	139),
(1767,	12,	2,	139),
(1768,	1,	3,	140),
(1769,	2,	3,	140),
(1770,	3,	3,	140),
(1771,	4,	3,	140),
(1772,	5,	3,	140),
(1773,	6,	3,	140),
(1774,	7,	3,	140),
(1775,	8,	3,	140),
(1776,	9,	3,	140),
(1777,	10,	3,	140),
(1778,	11,	3,	140),
(1779,	12,	3,	140),
(1780,	1,	1,	141),
(1781,	2,	1,	141),
(1782,	3,	1,	141),
(1783,	4,	1,	141),
(1784,	5,	1,	141),
(1785,	6,	1,	141),
(1786,	7,	1,	141),
(1787,	8,	1,	141),
(1788,	9,	1,	141),
(1789,	10,	1,	141),
(1790,	11,	1,	141),
(1791,	12,	1,	141),
(1792,	1,	1,	142),
(1793,	2,	1,	142),
(1794,	3,	1,	142),
(1795,	4,	1,	142),
(1796,	5,	1,	142),
(1797,	6,	1,	142),
(1798,	7,	1,	142),
(1799,	8,	1,	142),
(1800,	9,	1,	142),
(1801,	10,	1,	142),
(1802,	11,	1,	142),
(1803,	12,	1,	142),
(1804,	1,	1,	143),
(1805,	2,	1,	143),
(1806,	3,	1,	143),
(1807,	4,	1,	143),
(1808,	5,	1,	143),
(1809,	6,	1,	143),
(1810,	7,	1,	143),
(1811,	8,	1,	143),
(1812,	9,	1,	143),
(1813,	10,	1,	143),
(1814,	11,	1,	143),
(1815,	12,	1,	143),
(1816,	1,	2,	144),
(1817,	2,	3,	144),
(1818,	3,	2,	144),
(1819,	4,	1,	144),
(1820,	5,	1,	144),
(1821,	6,	1,	144),
(1822,	7,	1,	144),
(1823,	8,	1,	144),
(1824,	9,	1,	144),
(1825,	10,	1,	144),
(1826,	11,	1,	144),
(1827,	12,	1,	144),
(1828,	1,	2,	145),
(1829,	2,	3,	145),
(1830,	3,	3,	145),
(1831,	4,	2,	145),
(1832,	5,	1,	145),
(1833,	6,	1,	145),
(1834,	7,	2,	145),
(1835,	8,	1,	145),
(1836,	9,	1,	145),
(1837,	10,	1,	145),
(1838,	11,	1,	145),
(1839,	12,	2,	145),
(1840,	1,	2,	146),
(1841,	2,	3,	146),
(1842,	3,	3,	146),
(1843,	4,	2,	146),
(1844,	5,	1,	146),
(1845,	6,	3,	146),
(1846,	7,	3,	146),
(1847,	8,	2,	146),
(1848,	9,	2,	146),
(1849,	10,	1,	146),
(1850,	11,	1,	146),
(1851,	12,	2,	146),
(1852,	1,	2,	147),
(1853,	2,	3,	147),
(1854,	3,	4,	147),
(1855,	4,	2,	147),
(1856,	5,	1,	147),
(1857,	6,	4,	147),
(1858,	7,	2,	147),
(1859,	8,	2,	147),
(1860,	9,	2,	147),
(1861,	10,	2,	147),
(1862,	11,	2,	147),
(1863,	12,	2,	147),
(1864,	1,	4,	148),
(1865,	2,	4,	148),
(1866,	3,	4,	148),
(1867,	4,	4,	148),
(1868,	5,	4,	148),
(1869,	6,	4,	148),
(1870,	7,	4,	148),
(1871,	8,	4,	148),
(1872,	9,	4,	148),
(1873,	10,	4,	148),
(1874,	11,	4,	148),
(1875,	12,	3,	148),
(1876,	1,	2,	149),
(1877,	2,	4,	149),
(1878,	3,	2,	149),
(1879,	4,	2,	149),
(1880,	5,	2,	149),
(1881,	6,	2,	149),
(1882,	7,	2,	149),
(1883,	8,	2,	149),
(1884,	9,	2,	149),
(1885,	10,	4,	149),
(1886,	11,	4,	149),
(1887,	12,	4,	149),
(1888,	1,	4,	150),
(1889,	2,	4,	150),
(1890,	3,	3,	150),
(1891,	4,	4,	150),
(1892,	5,	1,	150),
(1893,	6,	3,	150),
(1894,	7,	2,	150),
(1895,	8,	4,	150),
(1896,	9,	4,	150),
(1897,	10,	4,	150),
(1898,	11,	4,	150),
(1899,	12,	2,	150),
(1900,	1,	2,	151),
(1901,	2,	2,	151),
(1902,	3,	4,	151),
(1903,	4,	2,	151),
(1904,	5,	2,	151),
(1905,	6,	2,	151),
(1906,	7,	2,	151),
(1907,	8,	2,	151),
(1908,	9,	2,	151),
(1909,	10,	2,	151),
(1910,	11,	2,	151),
(1911,	12,	2,	151),
(1912,	1,	4,	152),
(1913,	2,	4,	152),
(1914,	3,	4,	152),
(1915,	4,	4,	152),
(1916,	5,	2,	152),
(1917,	6,	4,	152),
(1918,	7,	4,	152),
(1919,	8,	4,	152),
(1920,	9,	4,	152),
(1921,	10,	2,	152),
(1922,	11,	3,	152),
(1923,	12,	2,	152),
(1924,	1,	4,	153),
(1925,	2,	3,	153),
(1926,	3,	3,	153),
(1927,	4,	2,	153),
(1928,	5,	2,	153),
(1929,	6,	2,	153),
(1930,	7,	4,	153),
(1931,	8,	2,	153),
(1932,	9,	2,	153),
(1933,	10,	2,	153),
(1934,	11,	2,	153),
(1935,	12,	2,	153),
(1936,	1,	4,	154),
(1937,	2,	4,	154),
(1938,	3,	1,	154),
(1939,	4,	2,	154),
(1940,	5,	1,	154),
(1941,	6,	1,	154),
(1942,	7,	4,	154),
(1943,	8,	4,	154),
(1944,	9,	4,	154),
(1945,	10,	4,	154),
(1946,	11,	4,	154),
(1947,	12,	3,	154),
(1948,	1,	4,	155),
(1949,	2,	3,	155),
(1950,	3,	4,	155),
(1951,	4,	4,	155),
(1952,	5,	1,	155),
(1953,	6,	1,	155),
(1954,	7,	2,	155),
(1955,	8,	3,	155),
(1956,	9,	4,	155),
(1957,	10,	3,	155),
(1958,	11,	3,	155),
(1959,	12,	2,	155),
(1960,	1,	4,	156),
(1961,	2,	3,	156),
(1962,	3,	4,	156),
(1963,	4,	3,	156),
(1964,	5,	4,	156),
(1965,	6,	3,	156),
(1966,	7,	3,	156),
(1967,	8,	4,	156),
(1968,	9,	4,	156),
(1969,	10,	3,	156),
(1970,	11,	4,	156),
(1971,	12,	3,	156),
(1972,	1,	3,	157),
(1973,	2,	4,	157),
(1974,	3,	4,	157),
(1975,	4,	1,	157),
(1976,	5,	2,	157),
(1977,	6,	1,	157),
(1978,	7,	1,	157),
(1979,	8,	1,	157),
(1980,	9,	1,	157),
(1981,	10,	1,	157),
(1982,	11,	1,	157),
(1983,	12,	1,	157),
(1984,	1,	4,	158),
(1985,	2,	3,	158),
(1986,	3,	4,	158),
(1987,	4,	3,	158),
(1988,	5,	2,	158),
(1989,	6,	1,	158),
(1990,	7,	2,	158),
(1991,	8,	1,	158),
(1992,	9,	1,	158),
(1993,	10,	2,	158),
(1994,	11,	1,	158),
(1995,	12,	1,	158),
(1996,	1,	3,	159),
(1997,	2,	4,	159),
(1998,	3,	3,	159),
(1999,	4,	4,	159),
(2000,	5,	3,	159),
(2001,	6,	4,	159),
(2002,	7,	3,	159),
(2003,	8,	4,	159),
(2004,	9,	3,	159),
(2005,	10,	4,	159),
(2006,	11,	1,	159),
(2007,	12,	1,	159),
(2008,	1,	4,	160),
(2009,	2,	3,	160),
(2010,	3,	4,	160),
(2011,	4,	3,	160),
(2012,	5,	2,	160),
(2013,	6,	3,	160),
(2014,	7,	2,	160),
(2015,	8,	3,	160),
(2016,	9,	1,	160),
(2017,	10,	4,	160),
(2018,	11,	4,	160),
(2019,	12,	2,	160),
(2020,	1,	1,	161),
(2021,	2,	1,	161),
(2022,	3,	2,	161),
(2023,	4,	3,	161),
(2024,	5,	4,	161),
(2025,	6,	1,	161),
(2026,	7,	2,	161),
(2027,	8,	2,	161),
(2028,	9,	3,	161),
(2029,	10,	4,	161),
(2030,	11,	3,	161),
(2031,	12,	1,	161),
(2032,	1,	4,	162),
(2033,	2,	4,	162),
(2034,	3,	4,	162),
(2035,	4,	4,	162),
(2036,	5,	4,	162),
(2037,	6,	4,	162),
(2038,	7,	4,	162),
(2039,	8,	4,	162),
(2040,	9,	4,	162),
(2041,	10,	4,	162),
(2042,	11,	4,	162),
(2043,	12,	4,	162),
(2044,	1,	2,	163),
(2045,	2,	2,	163),
(2046,	3,	2,	163),
(2047,	4,	2,	163),
(2048,	5,	2,	163),
(2049,	6,	2,	163),
(2050,	7,	2,	163),
(2051,	8,	2,	163),
(2052,	9,	2,	163),
(2053,	10,	2,	163),
(2054,	11,	2,	163),
(2055,	12,	2,	163),
(2056,	1,	2,	164),
(2057,	2,	3,	164),
(2058,	3,	3,	164),
(2059,	4,	3,	164),
(2060,	5,	3,	164),
(2061,	6,	3,	164),
(2062,	7,	3,	164),
(2063,	8,	3,	164),
(2064,	9,	3,	164),
(2065,	10,	3,	164),
(2066,	11,	3,	164),
(2067,	12,	3,	164),
(2068,	1,	1,	165),
(2069,	2,	1,	165),
(2070,	3,	1,	165),
(2071,	4,	1,	165),
(2072,	5,	1,	165),
(2073,	6,	1,	165),
(2074,	7,	1,	165),
(2075,	8,	1,	165),
(2076,	9,	1,	165),
(2077,	10,	1,	165),
(2078,	11,	1,	165),
(2079,	12,	1,	165),
(2080,	1,	1,	166),
(2081,	2,	3,	166),
(2082,	3,	2,	166),
(2083,	4,	3,	166),
(2084,	5,	4,	166),
(2085,	6,	1,	166),
(2086,	7,	2,	166),
(2087,	8,	3,	166),
(2088,	9,	1,	166),
(2089,	10,	3,	166),
(2090,	11,	2,	166),
(2091,	12,	2,	166),
(2092,	1,	1,	186),
(2093,	2,	2,	186),
(2094,	3,	3,	186),
(2095,	4,	4,	186),
(2096,	5,	4,	186),
(2097,	6,	2,	186),
(2098,	7,	1,	186),
(2099,	8,	2,	186),
(2100,	9,	3,	186),
(2101,	10,	2,	186),
(2102,	11,	4,	186),
(2103,	12,	4,	186),
(2104,	1,	3,	187),
(2105,	2,	3,	187),
(2106,	3,	4,	187),
(2107,	4,	3,	187),
(2108,	5,	3,	187),
(2109,	6,	3,	187),
(2110,	7,	3,	187),
(2111,	8,	4,	187),
(2112,	9,	3,	187),
(2113,	10,	3,	187),
(2114,	11,	4,	187),
(2115,	12,	4,	187),
(2116,	1,	1,	188),
(2117,	2,	2,	188),
(2118,	3,	3,	188),
(2119,	4,	3,	188),
(2120,	5,	2,	188),
(2121,	6,	1,	188),
(2122,	7,	2,	188),
(2123,	8,	3,	188),
(2124,	9,	4,	188),
(2125,	10,	1,	188),
(2126,	11,	2,	188),
(2127,	12,	2,	188),
(2128,	1,	1,	189),
(2129,	2,	3,	189),
(2130,	3,	2,	189),
(2131,	4,	4,	189),
(2132,	5,	4,	189),
(2133,	6,	4,	189),
(2134,	7,	4,	189),
(2135,	8,	1,	189),
(2136,	9,	3,	189),
(2137,	10,	2,	189),
(2138,	11,	3,	189),
(2139,	12,	1,	189),
(2140,	1,	1,	190),
(2141,	2,	2,	190),
(2142,	3,	3,	190),
(2143,	4,	2,	190),
(2144,	5,	1,	190),
(2145,	6,	2,	190),
(2146,	7,	3,	190),
(2147,	8,	2,	190),
(2148,	9,	1,	190),
(2149,	10,	3,	190),
(2150,	11,	4,	190),
(2151,	12,	2,	190),
(2152,	1,	4,	191),
(2153,	2,	2,	191),
(2154,	3,	3,	191),
(2155,	4,	2,	191),
(2156,	5,	1,	191),
(2157,	6,	2,	191),
(2158,	7,	3,	191),
(2159,	8,	2,	191),
(2160,	9,	3,	191),
(2161,	10,	1,	191),
(2162,	11,	2,	191),
(2163,	12,	3,	191),
(2164,	1,	1,	192),
(2165,	2,	2,	192),
(2166,	3,	3,	192),
(2167,	4,	3,	192),
(2168,	5,	2,	192),
(2169,	6,	1,	192),
(2170,	7,	2,	192),
(2171,	8,	3,	192),
(2172,	9,	2,	192),
(2173,	10,	1,	192),
(2174,	11,	3,	192),
(2175,	12,	4,	192),
(2176,	1,	3,	193),
(2177,	2,	2,	193),
(2178,	3,	1,	193),
(2179,	4,	3,	193),
(2180,	5,	2,	193),
(2181,	6,	1,	193),
(2182,	7,	2,	193),
(2183,	8,	2,	193),
(2184,	9,	2,	193),
(2185,	10,	2,	193),
(2186,	11,	2,	193),
(2187,	12,	2,	193),
(2188,	1,	2,	194),
(2189,	2,	2,	194),
(2190,	3,	2,	194),
(2191,	4,	2,	194),
(2192,	5,	1,	194),
(2193,	6,	1,	194),
(2194,	7,	2,	194),
(2195,	8,	3,	194),
(2196,	9,	2,	194),
(2197,	10,	2,	194),
(2198,	11,	2,	194),
(2199,	12,	2,	194),
(2200,	1,	1,	195),
(2201,	2,	2,	195),
(2202,	3,	3,	195),
(2203,	4,	1,	195),
(2204,	5,	2,	195),
(2205,	6,	3,	195),
(2206,	7,	2,	195),
(2207,	8,	4,	195),
(2208,	9,	1,	195),
(2209,	10,	2,	195),
(2210,	11,	3,	195),
(2211,	12,	4,	195),
(2212,	1,	1,	196),
(2213,	2,	2,	196),
(2214,	3,	3,	196),
(2215,	4,	4,	196),
(2216,	5,	1,	196),
(2217,	6,	2,	196),
(2218,	7,	3,	196),
(2219,	8,	4,	196),
(2220,	9,	1,	196),
(2221,	10,	2,	196),
(2222,	11,	3,	196),
(2223,	12,	4,	196),
(2224,	1,	3,	197),
(2225,	2,	3,	197),
(2226,	3,	3,	197),
(2227,	4,	3,	197),
(2228,	5,	4,	197),
(2229,	6,	3,	197),
(2230,	7,	4,	197),
(2231,	8,	3,	197),
(2232,	9,	4,	197),
(2233,	10,	4,	197),
(2234,	11,	3,	197),
(2235,	12,	4,	197),
(2236,	1,	3,	198),
(2237,	2,	2,	198),
(2238,	3,	3,	198),
(2239,	4,	3,	198),
(2240,	5,	3,	198),
(2241,	6,	3,	198),
(2242,	7,	3,	198),
(2243,	8,	4,	198),
(2244,	9,	4,	198),
(2245,	10,	4,	198),
(2246,	11,	4,	198),
(2247,	12,	4,	198),
(2248,	1,	2,	199),
(2249,	2,	3,	199),
(2250,	3,	2,	199),
(2251,	4,	3,	199),
(2252,	5,	2,	199),
(2253,	6,	3,	199),
(2254,	7,	2,	199),
(2255,	8,	3,	199),
(2256,	9,	2,	199),
(2257,	10,	2,	199),
(2258,	11,	2,	199),
(2259,	12,	3,	199),
(2260,	1,	2,	200),
(2261,	2,	2,	200),
(2262,	3,	2,	200),
(2263,	4,	3,	200),
(2264,	5,	3,	200),
(2265,	6,	4,	200),
(2266,	7,	3,	200),
(2267,	8,	4,	200),
(2268,	9,	3,	200),
(2269,	10,	4,	200),
(2270,	11,	3,	200),
(2271,	12,	4,	200),
(2272,	1,	1,	201),
(2273,	2,	2,	201),
(2274,	3,	3,	201),
(2275,	4,	4,	201),
(2276,	5,	1,	201),
(2277,	6,	2,	201),
(2278,	7,	3,	201),
(2279,	8,	4,	201),
(2280,	9,	1,	201),
(2281,	10,	2,	201),
(2282,	11,	3,	201),
(2283,	12,	4,	201),
(2284,	1,	2,	202),
(2285,	2,	2,	202),
(2286,	3,	4,	202),
(2287,	4,	3,	202),
(2288,	5,	4,	202),
(2289,	6,	4,	202),
(2290,	7,	4,	202),
(2291,	8,	3,	202),
(2292,	9,	4,	202),
(2293,	10,	2,	202),
(2294,	11,	4,	202),
(2295,	12,	4,	202),
(2296,	1,	1,	203),
(2297,	2,	4,	203),
(2298,	3,	4,	203),
(2299,	4,	4,	203),
(2300,	5,	4,	203),
(2301,	6,	4,	203),
(2302,	7,	4,	203),
(2303,	8,	4,	203),
(2304,	9,	4,	203),
(2305,	10,	4,	203),
(2306,	11,	4,	203),
(2307,	12,	4,	203),
(2308,	1,	4,	204),
(2309,	2,	3,	204),
(2310,	3,	3,	204),
(2311,	4,	4,	204),
(2312,	5,	3,	204),
(2313,	6,	3,	204),
(2314,	7,	4,	204),
(2315,	8,	3,	204),
(2316,	9,	4,	204),
(2317,	10,	3,	204),
(2318,	11,	4,	204),
(2319,	12,	4,	204),
(2320,	1,	1,	205),
(2321,	2,	3,	205),
(2322,	3,	3,	205),
(2323,	4,	3,	205),
(2324,	5,	2,	205),
(2325,	6,	3,	205),
(2326,	7,	3,	205),
(2327,	8,	3,	205),
(2328,	9,	4,	205),
(2329,	10,	4,	205),
(2330,	11,	3,	205),
(2331,	12,	4,	205),
(2332,	1,	1,	206),
(2333,	2,	2,	206),
(2334,	3,	3,	206),
(2335,	4,	2,	206),
(2336,	5,	4,	206),
(2337,	6,	1,	206),
(2338,	7,	4,	206),
(2339,	8,	2,	206),
(2340,	9,	1,	206),
(2341,	10,	3,	206),
(2342,	11,	4,	206),
(2343,	12,	3,	206),
(2344,	1,	1,	207),
(2345,	2,	2,	207),
(2346,	3,	3,	207),
(2347,	4,	4,	207),
(2348,	5,	1,	207),
(2349,	6,	2,	207),
(2350,	7,	3,	207),
(2351,	8,	4,	207),
(2352,	9,	1,	207),
(2353,	10,	2,	207),
(2354,	11,	3,	207),
(2355,	12,	4,	207);

CREATE TABLE `socio_emotional_test_question` (
  `socio_emotional_test_question_id` bigint NOT NULL AUTO_INCREMENT,
  `is_reversed` bit(1) NOT NULL,
  `socio_emotional_test_question_type` bigint NOT NULL,
  `text` varchar(255) DEFAULT NULL,
  PRIMARY KEY (`socio_emotional_test_question_id`)
) ENGINE=MyISAM DEFAULT CHARSET=utf8mb3;

INSERT INTO `socio_emotional_test_question` (`socio_emotional_test_question_id`, `is_reversed`, `socio_emotional_test_question_type`, `text`) VALUES
(1,	CONV('1', 2, 10) + 0,	1,	'I blame others when I’m in trouble.'),
(2,	CONV('1', 2, 10) + 0,	2,	'I think about how others feel.'),
(3,	CONV('1', 2, 10) + 0,	3,	'I can control how I behave.'),
(4,	CONV('1', 2, 10) + 0,	4,	'I am good at solving conflicts with others.'),
(5,	CONV('1', 2, 10) + 0,	1,	'I feel responsible for how I act.'),
(6,	CONV('1', 2, 10) + 0,	2,	'I care about how others feel.'),
(7,	CONV('1', 2, 10) + 0,	3,	'I think before I act.'),
(8,	CONV('1', 2, 10) + 0,	4,	'I get along well with others.'),
(9,	CONV('1', 2, 10) + 0,	1,	'I am good at deciding right from wrong.'),
(10,	CONV('1', 2, 10) + 0,	2,	'What others think is important to me.'),
(11,	CONV('1', 2, 10) + 0,	3,	'I am good at waiting for what I want.'),
(12,	CONV('1', 2, 10) + 0,	4,	'I have one or more close friends.');

CREATE TABLE `socio_emotional_test_question_option` (
  `socio_emotional_test_question_option_id` bigint NOT NULL AUTO_INCREMENT,
  `reverse_weight` int NOT NULL,
  `text` varchar(255) DEFAULT NULL,
  `weight` int NOT NULL,
  PRIMARY KEY (`socio_emotional_test_question_option_id`)
) ENGINE=MyISAM DEFAULT CHARSET=utf8mb3;

INSERT INTO `socio_emotional_test_question_option` (`socio_emotional_test_question_option_id`, `reverse_weight`, `text`, `weight`) VALUES
(1,	4,	'Not like me at all',	1),
(2,	3,	'Not much like me ',	2),
(3,	2,	'Somewhat like me',	3),
(4,	1,	'Very much like me',	4);

CREATE TABLE `socio_emotional_test_question_type` (
  `socio_emotional_test_question_type_id` bigint NOT NULL AUTO_INCREMENT,
  `text` varchar(255) DEFAULT NULL,
  PRIMARY KEY (`socio_emotional_test_question_type_id`)
) ENGINE=MyISAM DEFAULT CHARSET=utf8mb3;

INSERT INTO `socio_emotional_test_question_type` (`socio_emotional_test_question_type_id`, `text`) VALUES
(1,	'Responsible decision making'),
(2,	'Social Awareness'),
(3,	'Self-Management'),
(4,	'Relationship Skills');

CREATE TABLE `socio_emotional_test_result` (
  `socio_emotional_test_result_id` bigint NOT NULL AUTO_INCREMENT,
  `created_at` datetime DEFAULT NULL,
  `last_completed_lesson_id` bigint NOT NULL,
  `score` int NOT NULL,
  `student_id` bigint NOT NULL,
  PRIMARY KEY (`socio_emotional_test_result_id`)
) ENGINE=MyISAM DEFAULT CHARSET=utf8mb3;

INSERT INTO `socio_emotional_test_result` (`socio_emotional_test_result_id`, `created_at`, `last_completed_lesson_id`, `score`, `student_id`) VALUES
(61,	'2020-02-28 13:16:09',	111,	36,	11),
(57,	'2020-02-28 12:49:52',	111,	37,	1),
(58,	'2020-02-28 12:49:52',	111,	37,	1),
(59,	'2020-02-28 12:49:52',	111,	37,	1),
(63,	'2020-02-28 13:16:11',	111,	36,	11),
(62,	'2020-02-28 13:16:10',	111,	36,	11),
(60,	'2020-02-28 12:49:52',	111,	37,	1),
(64,	'2020-02-28 13:16:12',	111,	36,	11),
(52,	'2020-02-27 12:53:19',	111,	31,	155),
(53,	'2020-02-27 14:58:30',	61,	37,	157),
(54,	'2020-02-27 15:10:50',	61,	46,	158),
(65,	'2020-02-28 13:16:13',	111,	36,	11),
(56,	'2020-02-28 12:13:38',	61,	36,	162),
(66,	'2020-02-28 14:39:26',	61,	36,	163),
(67,	'2020-02-28 14:41:34',	61,	40,	164),
(68,	'2020-02-28 14:41:34',	61,	40,	164),
(69,	'2020-02-28 18:05:53',	111,	26,	81),
(70,	'2020-02-29 02:19:12',	41,	15,	166),
(71,	'2020-03-02 18:45:34',	61,	43,	167),
(72,	'2020-03-03 13:06:37',	81,	41,	168),
(73,	'2020-03-06 12:21:53',	61,	41,	170),
(74,	'2020-03-06 12:37:13',	111,	40,	176),
(75,	'2020-03-06 12:37:14',	111,	40,	176),
(76,	'2020-03-06 12:37:15',	111,	40,	176),
(77,	'2020-03-12 06:43:39',	113,	42,	160),
(78,	'2020-03-13 07:58:44',	114,	40,	178),
(79,	'2020-03-13 09:20:53',	114,	41,	177),
(80,	'2020-03-13 12:56:51',	118,	33,	179),
(81,	'2020-04-22 18:30:59',	61,	26,	210),
(82,	'2020-04-23 10:21:50',	61,	15,	237),
(83,	'2020-04-30 02:21:20',	61,	22,	254),
(84,	'2020-09-25 16:43:32',	61,	42,	182),
(85,	'2020-11-26 16:58:11',	71,	30,	182),
(86,	'2020-11-26 17:59:12',	41,	30,	21),
(87,	'2020-11-26 18:08:10',	81,	31,	154),
(88,	'2020-12-07 10:48:15',	121,	41,	182),
(89,	'2020-12-07 10:51:58',	121,	43,	182),
(90,	'2020-12-07 11:02:51',	121,	43,	182),
(91,	'2020-12-07 11:07:54',	121,	43,	182),
(92,	'2020-12-11 12:28:14',	123,	41,	182),
(93,	'2020-12-11 12:28:43',	123,	42,	182),
(94,	'2020-12-14 11:05:44',	61,	26,	262),
(95,	'2020-12-14 18:13:14',	123,	20,	262),
(96,	'2020-12-22 12:13:50',	41,	33,	265),
(97,	'2020-12-22 14:27:21',	61,	42,	266),
(98,	'2020-12-22 17:50:47',	61,	12,	266),
(99,	'2020-12-22 17:57:41',	124,	12,	182),
(100,	'2020-12-23 10:14:56',	61,	12,	276),
(101,	'2020-12-23 10:17:42',	61,	48,	277),
(102,	'2020-12-23 10:54:01',	61,	36,	268),
(103,	'2020-12-23 11:15:41',	61,	24,	284),
(104,	'2020-12-23 12:14:19',	41,	48,	265),
(105,	'2020-12-23 13:23:41',	61,	48,	277),
(106,	'2020-12-23 18:11:54',	61,	30,	268),
(107,	'2020-12-24 11:19:02',	61,	48,	276),
(108,	'2020-12-24 19:24:11',	41,	25,	295),
(109,	'2020-12-25 22:13:16',	61,	35,	269),
(110,	'2020-12-25 23:27:44',	61,	40,	275),
(111,	'2020-12-25 23:28:56',	61,	39,	272),
(112,	'2020-12-26 14:52:00',	61,	42,	274),
(113,	'2020-12-26 20:25:35',	61,	48,	271),
(114,	'2021-01-18 12:50:36',	61,	18,	296),
(115,	'2021-01-18 14:48:09',	61,	25,	298),
(116,	'2021-01-18 18:18:19',	116,	19,	296),
(117,	'2021-01-18 18:18:27',	124,	43,	182),
(118,	'2021-01-18 18:19:14',	81,	39,	154),
(119,	'2021-01-18 18:29:15',	61,	38,	268),
(120,	'2021-01-18 18:33:25',	81,	45,	155),
(121,	'2021-01-18 18:44:22',	116,	42,	296),
(122,	'2021-01-18 18:47:07',	124,	44,	182),
(123,	'2021-01-18 18:52:03',	81,	43,	154),
(124,	'2021-01-18 18:57:04',	61,	20,	298),
(125,	'2021-01-18 19:52:59',	116,	48,	296),
(126,	'2021-01-19 13:11:45',	123,	48,	262),
(127,	'2021-01-19 13:14:38',	116,	48,	296),
(128,	'2021-01-19 13:15:06',	116,	31,	296),
(129,	'2021-01-19 13:19:27',	116,	48,	296),
(130,	'2021-01-19 13:20:24',	116,	12,	296),
(131,	'2021-01-19 15:59:16',	124,	35,	182),
(132,	'2021-01-19 16:29:46',	61,	44,	268),
(133,	'2021-01-19 18:20:23',	120,	48,	296),
(134,	'2021-01-20 12:24:04',	61,	48,	278),
(135,	'2021-01-20 12:25:03',	61,	48,	277),
(136,	'2021-01-20 12:31:52',	61,	48,	278),
(137,	'2021-01-20 12:33:11',	61,	39,	278),
(138,	'2021-01-20 12:33:39',	61,	48,	277),
(139,	'2021-01-20 12:38:13',	122,	36,	296),
(140,	'2021-01-20 12:46:50',	122,	24,	296),
(141,	'2021-01-20 12:48:44',	122,	48,	296),
(142,	'2021-01-20 12:58:15',	122,	48,	296),
(143,	'2021-01-20 19:10:19',	61,	48,	300),
(144,	'2021-02-02 15:48:47',	81,	44,	154),
(145,	'2021-02-02 15:50:11',	81,	40,	155),
(146,	'2021-02-08 10:50:32',	125,	35,	182),
(147,	'2021-02-10 11:10:25',	61,	32,	303),
(148,	'2021-02-11 14:36:21',	61,	13,	303),
(149,	'2021-02-11 18:24:29',	61,	28,	307),
(150,	'2021-02-11 18:25:00',	61,	21,	307),
(151,	'2021-02-24 17:36:52',	61,	34,	309),
(152,	'2021-03-16 19:32:35',	61,	19,	309),
(153,	'2021-03-17 16:48:22',	61,	30,	309),
(154,	'2021-04-07 10:48:55',	81,	24,	154),
(155,	'2021-05-17 14:42:03',	81,	26,	155),
(156,	'2021-05-27 11:43:59',	125,	18,	182),
(157,	'2021-05-27 15:01:31',	81,	39,	154),
(158,	'2021-06-25 03:33:46',	41,	35,	307),
(159,	'2021-07-05 08:00:47',	125,	23,	182),
(160,	'2021-09-13 08:02:30',	111,	25,	11),
(161,	'2022-01-12 11:54:58',	125,	33,	182),
(162,	'2022-01-20 14:38:48',	61,	12,	401),
(163,	'2022-01-20 14:39:29',	61,	36,	401),
(164,	'2022-01-20 14:43:41',	61,	25,	401),
(165,	'2022-01-20 14:49:05',	61,	48,	401),
(166,	'2022-01-21 05:24:33',	125,	33,	182),
(167,	'2022-01-21 06:09:01',	125,	0,	182),
(168,	'2022-01-21 07:43:19',	125,	0,	182),
(169,	'2022-01-21 07:51:49',	125,	0,	182),
(170,	'2022-01-21 07:54:20',	125,	0,	182),
(171,	'2022-01-21 08:19:52',	125,	0,	182),
(172,	'2022-01-21 08:21:58',	125,	0,	182),
(173,	'2022-01-21 08:23:04',	125,	0,	182),
(174,	'2022-01-21 08:24:14',	125,	0,	182),
(175,	'2022-01-21 10:32:07',	125,	0,	182),
(176,	'2022-01-21 10:36:47',	125,	0,	182),
(177,	'2022-01-24 09:33:51',	61,	0,	401),
(178,	'2022-01-25 05:32:25',	61,	0,	406),
(179,	'2022-01-25 09:57:55',	61,	0,	406),
(180,	'2022-01-25 10:06:10',	61,	0,	406),
(181,	'2022-01-25 10:23:12',	125,	0,	182),
(182,	'2022-01-25 10:33:58',	125,	0,	182),
(183,	'2022-01-25 10:39:04',	41,	0,	380),
(184,	'2022-01-25 11:34:11',	125,	0,	182),
(185,	'2022-01-25 16:12:51',	125,	0,	182),
(186,	'2022-01-25 16:24:09',	125,	28,	182),
(187,	'2022-01-27 10:04:39',	61,	20,	401),
(188,	'2022-01-27 10:16:30',	61,	34,	401),
(189,	'2022-01-28 06:29:42',	61,	28,	401),
(190,	'2022-01-28 10:43:13',	125,	34,	182),
(191,	'2022-02-01 09:22:20',	125,	32,	182),
(192,	'2022-02-01 10:12:31',	125,	33,	182),
(193,	'2022-02-01 14:36:58',	61,	36,	406),
(194,	'2022-02-01 14:49:01',	61,	37,	406),
(195,	'2022-02-03 14:56:40',	125,	32,	182),
(196,	'2022-02-03 15:41:01',	125,	30,	182),
(197,	'2022-02-07 07:23:32',	61,	19,	401),
(198,	'2022-02-08 12:28:13',	61,	20,	401),
(199,	'2022-02-08 12:29:41',	61,	31,	401),
(200,	'2022-02-08 12:31:44',	61,	23,	401),
(201,	'2022-02-09 08:48:09',	125,	30,	182),
(202,	'2022-02-09 12:29:01',	61,	20,	401),
(203,	'2022-02-10 06:01:03',	81,	15,	155),
(204,	'2022-02-10 06:08:39',	61,	18,	401),
(205,	'2022-02-10 06:25:51',	81,	24,	155),
(206,	'2022-02-10 13:48:56',	61,	30,	732),
(207,	'2022-02-11 06:54:13',	125,	30,	182);

CREATE TABLE `standard` (
  `standard_id` bigint NOT NULL AUTO_INCREMENT,
  `created_at` datetime NOT NULL,
  `grade_type` int NOT NULL,
  `standard_name` varchar(255) DEFAULT NULL,
  `updated_at` datetime DEFAULT NULL,
  PRIMARY KEY (`standard_id`)
) ENGINE=MyISAM DEFAULT CHARSET=latin1;

INSERT INTO `standard` (`standard_id`, `created_at`, `grade_type`, `standard_name`, `updated_at`) VALUES
(1,	'2020-11-13 19:29:06',	1,	'K',	'2020-11-17 17:32:51'),
(2,	'2020-11-13 19:30:49',	1,	'1',	'2020-11-13 19:30:49'),
(3,	'2020-11-13 19:30:54',	1,	'2',	'2020-11-13 19:30:54'),
(4,	'2020-11-13 19:31:02',	1,	'3',	'2020-11-13 19:31:02'),
(5,	'2020-11-13 19:31:05',	1,	'4',	'2020-11-13 19:31:05'),
(6,	'2020-11-13 19:31:17',	2,	'5',	'2020-11-13 19:31:17'),
(7,	'2020-11-13 19:31:23',	2,	'6',	'2020-11-13 19:31:23'),
(8,	'2020-11-13 19:31:27',	2,	'7',	'2020-11-13 19:31:27'),
(9,	'2020-11-13 19:31:30',	2,	'8',	'2020-11-13 19:31:30'),
(10,	'2020-11-13 19:31:39',	3,	'9',	'2020-11-13 19:31:39'),
(11,	'2020-11-13 19:31:44',	3,	'10',	'2020-11-13 19:31:44'),
(12,	'2020-11-13 19:31:53',	3,	'11',	'2020-11-13 19:31:53'),
(13,	'2020-11-13 19:32:00',	3,	'12',	'2020-11-13 19:59:22');

CREATE TABLE `student_notification_template` (
  `student_notification_template_id` bigint NOT NULL AUTO_INCREMENT,
  `created_at` datetime DEFAULT NULL,
  `notification_id` bigint NOT NULL,
  `student_id` bigint NOT NULL,
  PRIMARY KEY (`student_notification_template_id`)
) ENGINE=MyISAM DEFAULT CHARSET=latin1;

INSERT INTO `student_notification_template` (`student_notification_template_id`, `created_at`, `notification_id`, `student_id`) VALUES
(1,	'2020-10-19 12:09:44',	1,	11),
(2,	'2020-10-19 12:09:44',	1,	41),
(3,	'2020-10-19 12:09:44',	1,	182),
(4,	'2020-10-19 12:10:24',	2,	11),
(5,	'2020-10-19 12:10:24',	2,	41),
(6,	'2020-10-19 12:10:24',	2,	182);

CREATE TABLE `student_push_notification` (
  `student_push_notification_id` bigint NOT NULL AUTO_INCREMENT,
  `created_at` datetime DEFAULT NULL,
  `push_notification_id` bigint NOT NULL,
  `student_id` bigint NOT NULL,
  PRIMARY KEY (`student_push_notification_id`),
  KEY `FKqx8wcr80oqvddwwvqww47rpdp` (`push_notification_id`)
) ENGINE=MyISAM DEFAULT CHARSET=latin1;

INSERT INTO `student_push_notification` (`student_push_notification_id`, `created_at`, `push_notification_id`, `student_id`) VALUES
(1,	'2020-12-07 10:44:12',	1,	182),
(2,	'2020-12-07 10:46:25',	2,	182),
(3,	'2020-12-07 10:51:14',	3,	182),
(4,	'2020-12-07 10:58:37',	4,	182),
(5,	'2020-12-07 10:58:56',	5,	182),
(6,	'2020-12-07 10:59:41',	6,	182),
(7,	'2020-12-07 11:01:35',	7,	182),
(8,	'2020-12-07 11:02:19',	8,	182),
(9,	'2020-12-07 11:03:36',	9,	182),
(10,	'2020-12-07 11:07:08',	10,	182),
(11,	'2020-12-07 11:38:04',	11,	11),
(12,	'2020-12-07 11:38:14',	12,	11),
(13,	'2020-12-11 12:27:41',	13,	182),
(14,	'2020-12-11 12:28:21',	14,	182),
(15,	'2020-12-11 12:42:38',	15,	182),
(16,	'2020-12-11 12:44:36',	16,	182),
(17,	'2020-12-11 12:45:06',	17,	182),
(18,	'2020-12-11 12:45:27',	18,	182),
(19,	'2020-12-11 12:46:37',	19,	182),
(20,	'2020-12-11 12:46:48',	20,	182),
(21,	'2020-12-11 12:51:11',	21,	182),
(22,	'2020-12-11 12:51:24',	22,	182),
(23,	'2020-12-11 12:52:01',	23,	182),
(24,	'2020-12-14 11:09:48',	24,	262),
(25,	'2020-12-14 18:12:21',	25,	262),
(26,	'2020-12-22 11:49:12',	26,	266),
(27,	'2020-12-22 12:10:30',	27,	266),
(28,	'2020-12-22 12:10:45',	28,	265),
(29,	'2020-12-22 12:11:05',	29,	265),
(30,	'2020-12-22 12:12:12',	30,	265),
(31,	'2020-12-22 12:12:18',	31,	265),
(32,	'2020-12-22 12:12:21',	32,	265),
(33,	'2020-12-22 12:14:45',	33,	261),
(34,	'2020-12-22 12:14:52',	34,	182),
(35,	'2020-12-22 12:17:12',	35,	265),
(36,	'2020-12-22 12:17:19',	36,	265),
(37,	'2020-12-22 17:50:10',	37,	266),
(38,	'2020-12-23 13:20:40',	38,	276),
(39,	'2020-12-23 13:20:44',	39,	277),
(40,	'2020-12-23 17:48:20',	40,	267),
(41,	'2020-12-23 17:48:51',	41,	275),
(42,	'2020-12-23 17:50:15',	42,	268),
(43,	'2020-12-23 17:50:17',	43,	269),
(44,	'2020-12-23 17:50:19',	44,	270),
(45,	'2020-12-23 17:50:21',	45,	271),
(46,	'2020-12-23 17:50:23',	46,	272),
(47,	'2020-12-23 17:50:25',	47,	273),
(48,	'2020-12-23 17:50:27',	48,	274),
(49,	'2020-12-23 17:50:27',	49,	273),
(50,	'2020-12-23 17:50:30',	50,	274),
(51,	'2020-12-23 17:50:33',	51,	275),
(52,	'2021-01-12 10:50:55',	52,	0),
(53,	'2021-01-12 21:09:51',	53,	182),
(54,	'2021-01-12 21:12:49',	54,	0),
(55,	'2021-01-13 11:49:13',	55,	0),
(56,	'2021-01-13 12:18:27',	56,	0),
(57,	'2021-01-13 12:20:46',	57,	1),
(58,	'2021-01-13 12:20:46',	57,	11),
(59,	'2021-01-13 12:20:46',	57,	21),
(60,	'2021-01-13 12:20:46',	57,	31),
(61,	'2021-01-13 12:20:46',	57,	41),
(62,	'2021-01-13 12:20:46',	57,	51),
(63,	'2021-01-13 12:20:46',	57,	61),
(64,	'2021-01-13 12:20:46',	57,	71),
(65,	'2021-01-13 12:20:46',	57,	81),
(66,	'2021-01-13 12:20:46',	57,	91),
(67,	'2021-01-13 12:20:46',	57,	182),
(68,	'2021-01-13 19:22:30',	58,	284),
(69,	'2021-01-13 19:50:01',	59,	284),
(70,	'2021-01-18 14:05:59',	60,	1),
(71,	'2021-01-18 14:05:59',	60,	11),
(72,	'2021-01-18 14:05:59',	60,	21),
(73,	'2021-01-18 14:05:59',	60,	31),
(74,	'2021-01-18 14:05:59',	60,	41),
(75,	'2021-01-18 14:05:59',	60,	51),
(76,	'2021-01-18 14:05:59',	60,	61),
(77,	'2021-01-18 14:05:59',	60,	71),
(78,	'2021-01-18 14:05:59',	60,	81),
(79,	'2021-01-18 14:05:59',	60,	91),
(80,	'2021-01-18 14:05:59',	60,	101),
(81,	'2021-01-18 14:05:59',	60,	111),
(82,	'2021-01-18 14:05:59',	60,	121),
(83,	'2021-01-18 14:05:59',	60,	131),
(84,	'2021-01-18 14:05:59',	60,	141),
(85,	'2021-01-18 14:05:59',	60,	151),
(86,	'2021-01-18 14:05:59',	60,	152),
(87,	'2021-01-18 14:05:59',	60,	153),
(88,	'2021-01-18 14:05:59',	60,	154),
(89,	'2021-01-18 14:05:59',	60,	155),
(90,	'2021-01-18 14:05:59',	60,	156),
(91,	'2021-01-18 14:05:59',	60,	157),
(92,	'2021-01-18 14:05:59',	60,	158),
(93,	'2021-01-18 14:05:59',	60,	159),
(94,	'2021-01-18 14:05:59',	60,	160),
(95,	'2021-01-18 14:05:59',	60,	161),
(96,	'2021-01-18 14:05:59',	60,	162),
(97,	'2021-01-18 14:05:59',	60,	163),
(98,	'2021-01-18 14:05:59',	60,	164),
(99,	'2021-01-18 14:05:59',	60,	165),
(100,	'2021-01-18 14:05:59',	60,	166),
(101,	'2021-01-18 14:05:59',	60,	167),
(102,	'2021-01-18 14:05:59',	60,	168),
(103,	'2021-01-18 14:05:59',	60,	169),
(104,	'2021-01-18 14:05:59',	60,	170),
(105,	'2021-01-18 14:05:59',	60,	171),
(106,	'2021-01-18 14:05:59',	60,	172),
(107,	'2021-01-18 14:05:59',	60,	173),
(108,	'2021-01-18 14:05:59',	60,	174),
(109,	'2021-01-18 14:05:59',	60,	175),
(110,	'2021-01-18 14:05:59',	60,	176),
(111,	'2021-01-18 14:05:59',	60,	177),
(112,	'2021-01-18 14:05:59',	60,	178),
(113,	'2021-01-18 14:05:59',	60,	179),
(114,	'2021-01-18 14:05:59',	60,	180),
(115,	'2021-01-18 14:05:59',	60,	181),
(116,	'2021-01-18 14:05:59',	60,	182),
(117,	'2021-01-18 14:05:59',	60,	183),
(118,	'2021-01-18 14:05:59',	60,	184),
(119,	'2021-01-18 14:05:59',	60,	185),
(120,	'2021-01-18 14:05:59',	60,	186),
(121,	'2021-01-18 14:05:59',	60,	187),
(122,	'2021-01-18 14:05:59',	60,	188),
(123,	'2021-01-18 14:05:59',	60,	189),
(124,	'2021-01-18 14:05:59',	60,	190),
(125,	'2021-01-18 14:05:59',	60,	191),
(126,	'2021-01-18 14:05:59',	60,	192),
(127,	'2021-01-18 14:05:59',	60,	193),
(128,	'2021-01-18 14:05:59',	60,	194),
(129,	'2021-01-18 14:05:59',	60,	195),
(130,	'2021-01-18 14:05:59',	60,	196),
(131,	'2021-01-18 14:05:59',	60,	197),
(132,	'2021-01-18 14:05:59',	60,	198),
(133,	'2021-01-18 14:05:59',	60,	199),
(134,	'2021-01-18 14:05:59',	60,	200),
(135,	'2021-01-18 14:05:59',	60,	201),
(136,	'2021-01-18 14:05:59',	60,	202),
(137,	'2021-01-18 14:05:59',	60,	203),
(138,	'2021-01-18 14:05:59',	60,	204),
(139,	'2021-01-18 14:05:59',	60,	205),
(140,	'2021-01-18 14:05:59',	60,	206),
(141,	'2021-01-18 14:05:59',	60,	207),
(142,	'2021-01-18 14:05:59',	60,	208),
(143,	'2021-01-18 14:05:59',	60,	209),
(144,	'2021-01-18 14:05:59',	60,	210),
(145,	'2021-01-18 14:05:59',	60,	211),
(146,	'2021-01-18 14:05:59',	60,	212),
(147,	'2021-01-18 14:05:59',	60,	213),
(148,	'2021-01-18 14:05:59',	60,	214),
(149,	'2021-01-18 14:05:59',	60,	215),
(150,	'2021-01-18 14:05:59',	60,	216),
(151,	'2021-01-18 14:05:59',	60,	217),
(152,	'2021-01-18 14:05:59',	60,	218),
(153,	'2021-01-18 14:05:59',	60,	219),
(154,	'2021-01-18 14:05:59',	60,	220),
(155,	'2021-01-18 14:05:59',	60,	221),
(156,	'2021-01-18 14:05:59',	60,	222),
(157,	'2021-01-18 14:05:59',	60,	223),
(158,	'2021-01-18 14:05:59',	60,	224),
(159,	'2021-01-18 14:05:59',	60,	225),
(160,	'2021-01-18 14:05:59',	60,	226),
(161,	'2021-01-18 14:05:59',	60,	227),
(162,	'2021-01-18 14:05:59',	60,	228),
(163,	'2021-01-18 14:05:59',	60,	229),
(164,	'2021-01-18 14:05:59',	60,	230),
(165,	'2021-01-18 14:05:59',	60,	231),
(166,	'2021-01-18 14:05:59',	60,	232),
(167,	'2021-01-18 14:05:59',	60,	233),
(168,	'2021-01-18 14:05:59',	60,	234),
(169,	'2021-01-18 14:05:59',	60,	235),
(170,	'2021-01-18 14:05:59',	60,	236),
(171,	'2021-01-18 14:05:59',	60,	237),
(172,	'2021-01-18 14:05:59',	60,	238),
(173,	'2021-01-18 14:05:59',	60,	239),
(174,	'2021-01-18 14:05:59',	60,	240),
(175,	'2021-01-18 14:05:59',	60,	241),
(176,	'2021-01-18 14:05:59',	60,	242),
(177,	'2021-01-18 14:05:59',	60,	243),
(178,	'2021-01-18 14:05:59',	60,	244),
(179,	'2021-01-18 14:05:59',	60,	245),
(180,	'2021-01-18 14:05:59',	60,	246),
(181,	'2021-01-18 14:05:59',	60,	247),
(182,	'2021-01-18 14:05:59',	60,	248),
(183,	'2021-01-18 14:05:59',	60,	249),
(184,	'2021-01-18 14:05:59',	60,	250),
(185,	'2021-01-18 14:05:59',	60,	251),
(186,	'2021-01-18 14:05:59',	60,	252),
(187,	'2021-01-18 14:05:59',	60,	253),
(188,	'2021-01-18 14:05:59',	60,	254),
(189,	'2021-01-18 14:06:00',	60,	255),
(190,	'2021-01-18 14:06:00',	60,	256),
(191,	'2021-01-18 14:06:00',	60,	257),
(192,	'2021-01-18 14:06:00',	60,	258),
(193,	'2021-01-18 14:06:00',	60,	259),
(194,	'2021-01-18 14:06:00',	60,	260),
(195,	'2021-01-18 14:06:00',	60,	261),
(196,	'2021-01-18 14:06:00',	60,	262),
(197,	'2021-01-18 14:06:00',	60,	263),
(198,	'2021-01-18 14:06:00',	60,	264),
(199,	'2021-01-18 14:06:00',	60,	265),
(200,	'2021-01-18 14:06:00',	60,	266),
(201,	'2021-01-18 14:06:00',	60,	267),
(202,	'2021-01-18 14:06:00',	60,	268),
(203,	'2021-01-18 14:06:00',	60,	269),
(204,	'2021-01-18 14:06:00',	60,	270),
(205,	'2021-01-18 14:06:00',	60,	271),
(206,	'2021-01-18 14:06:00',	60,	272),
(207,	'2021-01-18 14:06:00',	60,	273),
(208,	'2021-01-18 14:06:00',	60,	274),
(209,	'2021-01-18 14:06:00',	60,	275),
(210,	'2021-01-18 14:06:00',	60,	298),
(211,	'2021-01-18 14:06:33',	61,	1),
(212,	'2021-01-18 14:06:33',	61,	11),
(213,	'2021-01-18 14:06:33',	61,	21),
(214,	'2021-01-18 14:06:33',	61,	31),
(215,	'2021-01-18 14:06:33',	61,	41),
(216,	'2021-01-18 14:06:33',	61,	51),
(217,	'2021-01-18 14:06:33',	61,	61),
(218,	'2021-01-18 14:06:33',	61,	71),
(219,	'2021-01-18 14:06:33',	61,	81),
(220,	'2021-01-18 14:06:33',	61,	91),
(221,	'2021-01-18 14:06:33',	61,	101),
(222,	'2021-01-18 14:06:34',	61,	111),
(223,	'2021-01-18 14:06:34',	61,	121),
(224,	'2021-01-18 14:06:34',	61,	131),
(225,	'2021-01-18 14:06:34',	61,	141),
(226,	'2021-01-18 14:06:34',	61,	151),
(227,	'2021-01-18 14:06:34',	61,	152),
(228,	'2021-01-18 14:06:34',	61,	153),
(229,	'2021-01-18 14:06:34',	61,	154),
(230,	'2021-01-18 14:06:34',	61,	155),
(231,	'2021-01-18 14:06:34',	61,	156),
(232,	'2021-01-18 14:06:34',	61,	157),
(233,	'2021-01-18 14:06:34',	61,	158),
(234,	'2021-01-18 14:06:34',	61,	159),
(235,	'2021-01-18 14:06:34',	61,	160),
(236,	'2021-01-18 14:06:34',	61,	161),
(237,	'2021-01-18 14:06:34',	61,	162),
(238,	'2021-01-18 14:06:34',	61,	163),
(239,	'2021-01-18 14:06:34',	61,	164),
(240,	'2021-01-18 14:06:34',	61,	165),
(241,	'2021-01-18 14:06:34',	61,	166),
(242,	'2021-01-18 14:06:34',	61,	167),
(243,	'2021-01-18 14:06:34',	61,	168),
(244,	'2021-01-18 14:06:34',	61,	169),
(245,	'2021-01-18 14:06:34',	61,	170),
(246,	'2021-01-18 14:06:34',	61,	171),
(247,	'2021-01-18 14:06:34',	61,	172),
(248,	'2021-01-18 14:06:34',	61,	173),
(249,	'2021-01-18 14:06:34',	61,	174),
(250,	'2021-01-18 14:06:34',	61,	175),
(251,	'2021-01-18 14:06:34',	61,	176),
(252,	'2021-01-18 14:06:34',	61,	177),
(253,	'2021-01-18 14:06:34',	61,	178),
(254,	'2021-01-18 14:06:34',	61,	179),
(255,	'2021-01-18 14:06:34',	61,	180),
(256,	'2021-01-18 14:06:34',	61,	181),
(257,	'2021-01-18 14:06:34',	61,	182),
(258,	'2021-01-18 14:06:34',	61,	183),
(259,	'2021-01-18 14:06:34',	61,	184),
(260,	'2021-01-18 14:06:34',	61,	185),
(261,	'2021-01-18 14:06:34',	61,	186),
(262,	'2021-01-18 14:06:34',	61,	187),
(263,	'2021-01-18 14:06:34',	61,	188),
(264,	'2021-01-18 14:06:34',	61,	189),
(265,	'2021-01-18 14:06:34',	61,	190),
(266,	'2021-01-18 14:06:34',	61,	191),
(267,	'2021-01-18 14:06:34',	61,	192),
(268,	'2021-01-18 14:06:34',	61,	193),
(269,	'2021-01-18 14:06:34',	61,	194),
(270,	'2021-01-18 14:06:34',	61,	195),
(271,	'2021-01-18 14:06:34',	61,	196),
(272,	'2021-01-18 14:06:34',	61,	197),
(273,	'2021-01-18 14:06:34',	61,	198),
(274,	'2021-01-18 14:06:34',	61,	199),
(275,	'2021-01-18 14:06:34',	61,	200),
(276,	'2021-01-18 14:06:34',	61,	201),
(277,	'2021-01-18 14:06:34',	61,	202),
(278,	'2021-01-18 14:06:34',	61,	203),
(279,	'2021-01-18 14:06:34',	61,	204),
(280,	'2021-01-18 14:06:34',	61,	205),
(281,	'2021-01-18 14:06:34',	61,	206),
(282,	'2021-01-18 14:06:34',	61,	207),
(283,	'2021-01-18 14:06:34',	61,	208),
(284,	'2021-01-18 14:06:34',	61,	209),
(285,	'2021-01-18 14:06:34',	61,	210),
(286,	'2021-01-18 14:06:34',	61,	211),
(287,	'2021-01-18 14:06:34',	61,	212),
(288,	'2021-01-18 14:06:34',	61,	213),
(289,	'2021-01-18 14:06:34',	61,	214),
(290,	'2021-01-18 14:06:34',	61,	215),
(291,	'2021-01-18 14:06:34',	61,	216),
(292,	'2021-01-18 14:06:34',	61,	217),
(293,	'2021-01-18 14:06:34',	61,	218),
(294,	'2021-01-18 14:06:34',	61,	219),
(295,	'2021-01-18 14:06:34',	61,	220),
(296,	'2021-01-18 14:06:34',	61,	221),
(297,	'2021-01-18 14:06:34',	61,	222),
(298,	'2021-01-18 14:06:34',	61,	223),
(299,	'2021-01-18 14:06:34',	61,	224),
(300,	'2021-01-18 14:06:34',	61,	225),
(301,	'2021-01-18 14:06:34',	61,	226),
(302,	'2021-01-18 14:06:35',	61,	227),
(303,	'2021-01-18 14:06:35',	61,	228),
(304,	'2021-01-18 14:06:35',	61,	229),
(305,	'2021-01-18 14:06:35',	61,	230),
(306,	'2021-01-18 14:06:35',	61,	231),
(307,	'2021-01-18 14:06:35',	61,	232),
(308,	'2021-01-18 14:06:35',	61,	233),
(309,	'2021-01-18 14:06:35',	61,	234),
(310,	'2021-01-18 14:06:35',	61,	235),
(311,	'2021-01-18 14:06:35',	61,	236),
(312,	'2021-01-18 14:06:35',	61,	237),
(313,	'2021-01-18 14:06:35',	61,	238),
(314,	'2021-01-18 14:06:35',	61,	239),
(315,	'2021-01-18 14:06:35',	61,	240),
(316,	'2021-01-18 14:06:35',	61,	241),
(317,	'2021-01-18 14:06:35',	61,	242),
(318,	'2021-01-18 14:06:35',	61,	243),
(319,	'2021-01-18 14:06:35',	61,	244),
(320,	'2021-01-18 14:06:35',	61,	245),
(321,	'2021-01-18 14:06:35',	61,	246),
(322,	'2021-01-18 14:06:35',	61,	247),
(323,	'2021-01-18 14:06:35',	61,	248),
(324,	'2021-01-18 14:06:35',	61,	249),
(325,	'2021-01-18 14:06:35',	61,	250),
(326,	'2021-01-18 14:06:35',	61,	251),
(327,	'2021-01-18 14:06:35',	61,	252),
(328,	'2021-01-18 14:06:35',	61,	253),
(329,	'2021-01-18 14:06:35',	61,	254),
(330,	'2021-01-18 14:06:35',	61,	255),
(331,	'2021-01-18 14:06:35',	61,	256),
(332,	'2021-01-18 14:06:35',	61,	257),
(333,	'2021-01-18 14:06:35',	61,	258),
(334,	'2021-01-18 14:06:35',	61,	259),
(335,	'2021-01-18 14:06:35',	61,	260),
(336,	'2021-01-18 14:06:35',	61,	261),
(337,	'2021-01-18 14:06:35',	61,	262),
(338,	'2021-01-18 14:06:35',	61,	263),
(339,	'2021-01-18 14:06:35',	61,	264),
(340,	'2021-01-18 14:06:35',	61,	265),
(341,	'2021-01-18 14:06:35',	61,	266),
(342,	'2021-01-18 14:06:35',	61,	267),
(343,	'2021-01-18 14:06:35',	61,	268),
(344,	'2021-01-18 14:06:35',	61,	269),
(345,	'2021-01-18 14:06:35',	61,	270),
(346,	'2021-01-18 14:06:35',	61,	271),
(347,	'2021-01-18 14:06:35',	61,	272),
(348,	'2021-01-18 14:06:35',	61,	273),
(349,	'2021-01-18 14:06:35',	61,	274),
(350,	'2021-01-18 14:06:35',	61,	275),
(351,	'2021-01-18 14:06:35',	61,	298),
(352,	'2021-01-18 14:50:44',	62,	298),
(353,	'2021-01-18 14:51:00',	63,	298),
(354,	'2021-01-18 14:59:32',	64,	0),
(355,	'2021-01-18 15:01:08',	65,	0),
(356,	'2021-01-18 15:38:50',	66,	298),
(357,	'2021-01-18 15:39:07',	67,	298),
(358,	'2021-01-18 15:39:18',	68,	284),
(359,	'2021-01-18 15:39:22',	69,	285),
(360,	'2021-01-18 15:39:25',	70,	286),
(361,	'2021-01-18 15:39:31',	71,	81),
(362,	'2021-01-18 15:39:33',	72,	131),
(363,	'2021-01-18 15:39:37',	73,	269),
(364,	'2021-01-18 15:39:40',	74,	271),
(365,	'2021-01-18 17:47:59',	75,	182),
(366,	'2021-01-18 17:59:01',	76,	182),
(367,	'2021-01-18 17:59:01',	76,	268),
(368,	'2021-01-18 18:16:49',	77,	0),
(369,	'2021-01-18 18:17:08',	78,	0),
(370,	'2021-01-18 18:17:29',	79,	0),
(371,	'2021-01-18 18:19:32',	80,	0),
(372,	'2021-01-18 18:20:00',	81,	0),
(373,	'2021-01-18 18:24:27',	82,	0),
(374,	'2021-01-18 18:24:49',	83,	182),
(375,	'2021-01-18 18:24:49',	83,	268),
(376,	'2021-01-18 18:26:14',	84,	154),
(377,	'2021-01-18 18:26:14',	84,	182),
(378,	'2021-01-18 18:26:14',	84,	268),
(379,	'2021-01-18 18:28:25',	85,	0),
(380,	'2021-01-18 18:28:34',	86,	0),
(381,	'2021-01-18 18:33:54',	87,	0),
(382,	'2021-01-18 18:34:45',	88,	154),
(383,	'2021-01-18 18:34:45',	88,	155),
(384,	'2021-01-18 18:34:45',	88,	182),
(385,	'2021-01-18 18:34:45',	88,	268),
(386,	'2021-01-18 18:34:55',	89,	154),
(387,	'2021-01-18 18:34:55',	89,	155),
(388,	'2021-01-18 18:34:55',	89,	182),
(389,	'2021-01-18 18:34:55',	89,	268),
(390,	'2021-01-18 18:35:07',	90,	0),
(391,	'2021-01-18 18:42:11',	91,	0),
(392,	'2021-01-18 18:51:43',	92,	0),
(393,	'2021-01-18 18:52:17',	93,	0),
(394,	'2021-01-18 18:52:27',	94,	0),
(395,	'2021-01-18 19:01:54',	95,	0),
(396,	'2021-01-18 19:03:13',	96,	0),
(397,	'2021-01-18 19:03:21',	97,	0),
(398,	'2021-01-18 19:03:37',	98,	0),
(399,	'2021-01-19 10:50:12',	99,	296),
(400,	'2021-01-19 13:14:11',	100,	296),
(401,	'2021-01-19 13:14:48',	101,	296),
(402,	'2021-01-19 13:19:09',	102,	296),
(403,	'2021-01-19 13:19:41',	103,	296),
(404,	'2021-01-19 13:23:53',	104,	259),
(405,	'2021-01-19 15:35:22',	105,	259),
(406,	'2021-01-19 15:35:22',	105,	260),
(407,	'2021-01-19 15:35:22',	105,	262),
(408,	'2021-01-19 15:35:22',	105,	296),
(409,	'2021-01-19 18:11:54',	106,	0),
(410,	'2021-01-20 11:09:34',	107,	296),
(411,	'2021-01-20 11:17:16',	108,	296),
(412,	'2021-01-20 11:18:19',	109,	296),
(413,	'2021-01-20 11:21:03',	110,	296),
(414,	'2021-01-20 11:23:35',	111,	296),
(415,	'2021-01-20 12:31:29',	112,	0),
(416,	'2021-01-20 12:31:56',	113,	285),
(417,	'2021-01-20 12:32:14',	114,	284),
(418,	'2021-01-20 12:32:49',	115,	0),
(419,	'2021-01-20 12:37:40',	116,	296),
(420,	'2021-01-20 12:45:22',	117,	296),
(421,	'2021-01-20 12:48:27',	118,	296),
(422,	'2021-01-20 12:57:36',	119,	296),
(423,	'2021-01-20 15:25:09',	120,	296),
(424,	'2021-01-20 15:25:39',	121,	296),
(425,	'2021-01-20 19:12:05',	122,	300),
(426,	'2021-01-20 19:12:33',	123,	300),
(427,	'2021-01-20 19:12:54',	124,	300),
(428,	'2021-01-20 19:13:28',	125,	300),
(429,	'2021-01-20 19:14:14',	126,	300),
(430,	'2021-01-27 11:18:21',	127,	0),
(431,	'2021-01-27 11:18:25',	128,	0),
(432,	'2021-01-27 18:19:13',	129,	278),
(433,	'2021-01-27 18:19:21',	130,	278),
(434,	'2021-02-02 15:12:58',	131,	71),
(435,	'2021-02-02 16:13:16',	132,	155),
(436,	'2021-02-02 16:18:50',	133,	155),
(437,	'2021-02-02 16:19:40',	134,	154),
(438,	'2021-02-02 16:19:40',	134,	155),
(439,	'2021-02-02 16:20:56',	135,	154),
(440,	'2021-02-02 16:20:56',	135,	155),
(441,	'2021-02-02 16:22:52',	136,	154),
(442,	'2021-02-02 16:22:52',	136,	155),
(443,	'2021-02-02 16:27:35',	137,	154),
(444,	'2021-02-02 16:27:35',	137,	155),
(445,	'2021-02-02 16:27:41',	138,	154),
(446,	'2021-02-02 16:27:41',	138,	155),
(447,	'2021-02-02 16:27:48',	139,	154),
(448,	'2021-02-02 16:27:48',	139,	155),
(449,	'2021-02-02 16:28:00',	140,	154),
(450,	'2021-02-02 16:28:00',	140,	155),
(451,	'2021-02-02 16:28:10',	141,	154),
(452,	'2021-02-02 16:28:10',	141,	155),
(453,	'2021-02-02 16:44:09',	142,	154),
(454,	'2021-02-02 16:44:09',	142,	155),
(455,	'2021-02-02 16:44:40',	143,	154),
(456,	'2021-02-02 16:44:40',	143,	155),
(457,	'2021-02-02 16:55:04',	144,	154),
(458,	'2021-02-02 16:55:04',	144,	155),
(459,	'2021-02-02 17:00:16',	145,	154),
(460,	'2021-02-02 17:00:16',	145,	155),
(461,	'2021-02-02 17:09:46',	146,	155),
(462,	'2021-02-02 17:18:48',	147,	155),
(463,	'2021-02-02 18:45:55',	148,	155),
(464,	'2021-02-02 18:50:45',	149,	0),
(465,	'2021-02-02 18:51:26',	150,	0),
(466,	'2021-02-02 18:51:34',	151,	0),
(467,	'2021-02-02 18:51:42',	152,	0),
(468,	'2021-02-02 18:51:59',	153,	0),
(469,	'2021-02-02 18:52:11',	154,	0),
(470,	'2021-02-02 18:52:34',	155,	0),
(471,	'2021-02-02 18:52:45',	156,	0),
(472,	'2021-02-02 18:55:29',	157,	0),
(473,	'2021-02-02 18:55:49',	158,	0),
(474,	'2021-02-02 19:03:22',	159,	0),
(475,	'2021-02-02 19:13:48',	160,	0),
(476,	'2021-02-02 19:29:37',	161,	0),
(477,	'2021-02-02 19:30:15',	162,	0),
(478,	'2021-02-02 19:31:11',	163,	0),
(479,	'2021-02-02 19:47:33',	164,	0),
(480,	'2021-02-02 19:48:31',	165,	0),
(481,	'2021-02-02 19:50:36',	166,	0),
(482,	'2021-02-02 19:51:58',	167,	0),
(483,	'2021-02-02 19:54:59',	168,	0),
(484,	'2021-02-02 19:55:43',	169,	0),
(485,	'2021-02-03 12:57:46',	170,	154),
(486,	'2021-02-03 12:57:46',	170,	155),
(487,	'2021-02-03 13:00:46',	171,	154),
(488,	'2021-02-03 13:00:46',	171,	155),
(489,	'2021-02-03 13:02:34',	172,	154),
(490,	'2021-02-03 13:02:34',	172,	155),
(491,	'2021-02-03 13:15:44',	173,	154),
(492,	'2021-02-03 13:15:44',	173,	155),
(493,	'2021-02-03 13:16:17',	174,	154),
(494,	'2021-02-03 13:16:17',	174,	155),
(495,	'2021-02-03 13:16:18',	175,	154),
(496,	'2021-02-03 13:16:18',	175,	155),
(497,	'2021-02-03 13:16:18',	176,	154),
(498,	'2021-02-03 13:16:18',	176,	155),
(499,	'2021-02-03 13:16:59',	177,	154),
(500,	'2021-02-03 13:16:59',	177,	155),
(501,	'2021-02-03 13:18:41',	178,	154),
(502,	'2021-02-03 13:18:41',	178,	155),
(503,	'2021-02-03 17:48:46',	179,	0),
(504,	'2021-02-10 17:36:38',	180,	303),
(505,	'2021-02-11 14:35:38',	181,	303),
(506,	'2021-02-11 18:24:35',	182,	307),
(507,	'2021-02-11 18:24:39',	183,	305),
(508,	'2021-02-24 18:32:10',	184,	0),
(509,	'2021-02-24 18:32:14',	185,	311),
(510,	'2021-03-10 21:52:58',	186,	0),
(511,	'2021-03-10 21:52:59',	187,	0),
(512,	'2021-03-17 16:45:39',	188,	0),
(513,	'2021-03-26 12:15:02',	189,	0),
(514,	'2021-03-26 12:45:58',	190,	0),
(515,	'2021-03-26 14:20:09',	191,	315),
(516,	'2021-03-26 14:21:19',	192,	315),
(517,	'2021-05-27 12:56:48',	193,	154),
(518,	'2021-06-24 07:38:44',	194,	319),
(519,	'2021-07-02 05:49:59',	195,	0),
(520,	'2021-07-02 06:17:26',	196,	0),
(521,	'2021-07-05 00:56:06',	197,	51),
(522,	'2021-07-05 04:58:33',	198,	121),
(523,	'2021-12-17 05:10:40',	199,	0),
(524,	'2021-12-21 23:52:39',	200,	285),
(525,	'2021-12-22 00:09:41',	201,	285),
(526,	'2021-12-22 00:35:50',	202,	0),
(527,	'2021-12-22 05:17:53',	203,	11),
(528,	'2021-12-28 06:14:11',	204,	0),
(529,	'2021-12-29 04:31:17',	205,	0),
(530,	'2021-12-29 23:58:08',	206,	0),
(531,	'2022-01-20 07:03:37',	207,	401),
(532,	'2022-01-20 08:59:08',	208,	182),
(533,	'2022-01-20 13:35:54',	209,	0),
(534,	'2022-01-21 05:46:55',	210,	401),
(535,	'2022-01-21 05:47:08',	211,	401),
(536,	'2022-01-21 06:39:18',	212,	182),
(537,	'2022-01-21 06:50:02',	213,	0),
(538,	'2022-01-21 06:50:27',	214,	0),
(539,	'2022-01-21 07:08:25',	215,	182),
(540,	'2022-01-21 07:08:53',	216,	182),
(541,	'2022-01-21 07:50:55',	217,	182),
(542,	'2022-01-21 07:53:19',	218,	182),
(543,	'2022-01-21 08:19:14',	219,	182),
(544,	'2022-01-21 08:21:35',	220,	182),
(545,	'2022-01-21 08:22:47',	221,	182),
(546,	'2022-01-21 08:23:51',	222,	182),
(547,	'2022-01-21 09:19:30',	223,	0),
(548,	'2022-01-21 10:35:57',	224,	182),
(549,	'2022-01-21 10:44:40',	225,	182),
(550,	'2022-01-21 12:03:42',	226,	406),
(551,	'2022-01-24 05:44:49',	227,	404),
(552,	'2022-01-24 10:49:47',	228,	0),
(553,	'2022-01-24 10:58:00',	229,	0),
(554,	'2022-01-24 11:22:31',	230,	0),
(555,	'2022-01-24 11:22:32',	231,	0),
(556,	'2022-01-24 11:22:32',	232,	0),
(557,	'2022-01-24 11:22:32',	233,	0),
(558,	'2022-01-24 11:22:32',	234,	0),
(559,	'2022-01-24 11:22:33',	235,	0),
(560,	'2022-01-24 11:22:39',	236,	0),
(561,	'2022-01-24 11:22:40',	237,	0),
(562,	'2022-01-24 11:22:40',	238,	0),
(563,	'2022-01-24 11:22:40',	239,	0),
(564,	'2022-01-24 14:37:45',	240,	401),
(565,	'2022-01-24 14:39:26',	241,	0),
(566,	'2022-01-24 16:09:35',	242,	0),
(567,	'2022-01-24 16:11:05',	243,	0),
(568,	'2022-01-25 09:55:56',	244,	403),
(569,	'2022-01-25 09:56:28',	245,	406),
(570,	'2022-01-25 10:05:24',	246,	406),
(571,	'2022-01-25 10:33:23',	247,	182),
(572,	'2022-01-25 11:23:51',	248,	406),
(573,	'2022-01-25 11:33:36',	249,	182),
(574,	'2022-01-25 12:40:36',	250,	0),
(575,	'2022-01-25 12:46:00',	251,	0),
(576,	'2022-01-25 16:12:07',	252,	182),
(577,	'2022-01-25 16:21:38',	253,	0),
(578,	'2022-01-27 10:11:02',	254,	401),
(579,	'2022-01-27 10:22:05',	255,	0),
(580,	'2022-01-27 11:02:52',	256,	0),
(581,	'2022-01-27 11:03:06',	257,	0),
(582,	'2022-01-27 11:04:25',	258,	1),
(583,	'2022-01-27 11:04:25',	258,	11),
(584,	'2022-01-27 11:04:25',	258,	21),
(585,	'2022-01-27 11:04:25',	258,	31),
(586,	'2022-01-27 11:04:25',	258,	41),
(587,	'2022-01-27 11:04:25',	258,	51),
(588,	'2022-01-27 11:04:25',	258,	61),
(589,	'2022-01-27 11:04:25',	258,	71),
(590,	'2022-01-27 11:04:25',	258,	81),
(591,	'2022-01-27 11:04:25',	258,	91),
(592,	'2022-01-27 11:42:45',	259,	0),
(593,	'2022-01-27 12:37:59',	260,	182),
(594,	'2022-01-27 12:38:57',	261,	182),
(595,	'2022-01-27 13:20:55',	262,	401),
(596,	'2022-01-28 22:55:46',	263,	1),
(597,	'2022-01-31 14:45:22',	264,	0),
(598,	'2022-02-01 04:29:17',	265,	0),
(599,	'2022-02-01 09:14:54',	266,	0),
(600,	'2022-02-01 09:23:05',	267,	182),
(601,	'2022-02-01 14:37:17',	268,	406),
(602,	'2022-02-01 14:53:59',	269,	0),
(603,	'2022-02-03 14:55:34',	270,	182),
(604,	'2022-02-03 15:40:27',	271,	182),
(605,	'2022-02-08 12:25:53',	272,	401),
(606,	'2022-02-08 12:31:12',	273,	401),
(607,	'2022-02-09 08:47:28',	274,	182),
(608,	'2022-02-09 12:28:01',	275,	401),
(609,	'2022-02-10 05:45:38',	276,	155),
(610,	'2022-02-10 06:07:21',	277,	401),
(611,	'2022-02-10 06:20:22',	278,	155),
(612,	'2022-02-10 06:21:50',	279,	155),
(613,	'2022-02-10 11:04:07',	280,	11),
(614,	'2022-02-10 11:04:17',	281,	0);

CREATE TABLE `test` (
  `test_id` bigint NOT NULL AUTO_INCREMENT,
  `is_graded` bit(1) NOT NULL,
  `test_name` varchar(255) DEFAULT NULL,
  PRIMARY KEY (`test_id`)
) ENGINE=MyISAM DEFAULT CHARSET=utf8mb3;

INSERT INTO `test` (`test_id`, `is_graded`, `test_name`) VALUES
(1,	CONV('1', 2, 10) + 0,	'Controlling 1 Test'),
(11,	CONV('1', 2, 10) + 0,	'Test 2'),
(21,	CONV('1', 2, 10) + 0,	'Test 3'),
(51,	CONV('1', 2, 10) + 0,	''),
(61,	CONV('1', 2, 10) + 0,	''),
(71,	CONV('1', 2, 10) + 0,	'Why Is Mindfulness Relevant to Me?'),
(94,	CONV('1', 2, 10) + 0,	'EG Test2 Video2'),
(93,	CONV('1', 2, 10) + 0,	'EG Test1 Video1'),
(111,	CONV('1', 2, 10) + 0,	'MG Test3 Video3'),
(110,	CONV('1', 2, 10) + 0,	'MG Test2 Video2'),
(109,	CONV('1', 2, 10) + 0,	'MG Test1 Video1'),
(95,	CONV('1', 2, 10) + 0,	'EG Test3 Video3'),
(96,	CONV('1', 2, 10) + 0,	'EG Test4 Video4'),
(97,	CONV('1', 2, 10) + 0,	'EG Test5 Video5'),
(98,	CONV('1', 2, 10) + 0,	'EG Test6 Video6'),
(99,	CONV('1', 2, 10) + 0,	'EG Test7 Video7'),
(100,	CONV('1', 2, 10) + 0,	'EG Test8 Video8'),
(101,	CONV('1', 2, 10) + 0,	'EG Test9 Video9'),
(102,	CONV('1', 2, 10) + 0,	'EG Test10 Video10'),
(103,	CONV('1', 2, 10) + 0,	'EG Test11 Video11'),
(104,	CONV('1', 2, 10) + 0,	'EG Test12 Video12'),
(105,	CONV('1', 2, 10) + 0,	'EG Test13 Video13'),
(106,	CONV('1', 2, 10) + 0,	'EG Test14 Video14'),
(107,	CONV('1', 2, 10) + 0,	'EG Test15 Video15'),
(112,	CONV('1', 2, 10) + 0,	'MG Test4 Video4'),
(113,	CONV('1', 2, 10) + 0,	'MG Test5 Video5'),
(114,	CONV('1', 2, 10) + 0,	'MG Test6 Video6'),
(115,	CONV('1', 2, 10) + 0,	'MG Test7 Video7'),
(116,	CONV('1', 2, 10) + 0,	'MG Test8 Video8'),
(117,	CONV('1', 2, 10) + 0,	'MG Test9 Video9'),
(118,	CONV('1', 2, 10) + 0,	'MG Test10 Video10'),
(119,	CONV('1', 2, 10) + 0,	'MG Test11 Video11'),
(120,	CONV('1', 2, 10) + 0,	'MG Test12 Video12'),
(121,	CONV('1', 2, 10) + 0,	'MG Test13 Video13'),
(122,	CONV('1', 2, 10) + 0,	'MG Test14 Video14'),
(123,	CONV('1', 2, 10) + 0,	'MG Test15 Video15'),
(124,	CONV('1', 2, 10) + 0,	'MG Test16 Video16'),
(125,	CONV('1', 2, 10) + 0,	'MG Test17 Video17'),
(126,	CONV('1', 2, 10) + 0,	'MG Test18 Video18'),
(127,	CONV('1', 2, 10) + 0,	'MG Test19 Video19'),
(128,	CONV('1', 2, 10) + 0,	'HS Test1 Video1'),
(129,	CONV('1', 2, 10) + 0,	'HS Test2 Video2'),
(130,	CONV('1', 2, 10) + 0,	'HS Test3 Video3'),
(131,	CONV('1', 2, 10) + 0,	'HS Test4 Video4'),
(132,	CONV('1', 2, 10) + 0,	'HS Test5 Video5'),
(133,	CONV('1', 2, 10) + 0,	'HS Test6 Video6'),
(134,	CONV('1', 2, 10) + 0,	'HS Test7 Video7'),
(135,	CONV('1', 2, 10) + 0,	'HS Test8 Video8'),
(136,	CONV('1', 2, 10) + 0,	'HS Test9 Video9'),
(137,	CONV('1', 2, 10) + 0,	'HS Test10 Video10'),
(138,	CONV('1', 2, 10) + 0,	'HS Test11 Video11'),
(139,	CONV('1', 2, 10) + 0,	'HS Test12 Video12'),
(140,	CONV('1', 2, 10) + 0,	'HS Test13 Video13'),
(141,	CONV('1', 2, 10) + 0,	'HS Test14 Video14'),
(142,	CONV('1', 2, 10) + 0,	'HS Test15 Video15'),
(143,	CONV('1', 2, 10) + 0,	'test');

CREATE TABLE `test_result` (
  `test_result_id` bigint NOT NULL AUTO_INCREMENT,
  `created_at` datetime DEFAULT NULL,
  `student_id` bigint NOT NULL,
  `test_id` bigint NOT NULL,
  PRIMARY KEY (`test_result_id`)
) ENGINE=MyISAM DEFAULT CHARSET=utf8mb3;

INSERT INTO `test_result` (`test_result_id`, `created_at`, `student_id`, `test_id`) VALUES
(1,	'2019-01-18 22:25:38',	1,	1),
(11,	'2019-01-18 23:20:16',	1,	1),
(21,	'2019-01-18 23:25:37',	1,	1),
(31,	'2019-01-19 00:43:22',	1,	1),
(41,	'2019-01-19 16:28:14',	1,	1),
(51,	'2019-01-20 02:55:35',	1,	1),
(61,	'2019-01-21 16:03:13',	1,	1),
(71,	'2019-01-29 22:48:51',	1,	1),
(81,	'2019-02-01 22:32:28',	1,	1),
(91,	'2019-02-01 22:48:12',	1,	1),
(101,	'2019-02-10 22:42:03',	1,	1),
(111,	'2019-02-16 02:37:12',	1,	1),
(121,	'2019-02-16 02:37:13',	1,	1),
(131,	'2019-02-26 20:45:10',	1,	1),
(141,	'2019-04-28 00:22:34',	1,	71),
(151,	'2019-06-14 16:04:39',	1,	71),
(161,	'2019-06-17 04:36:12',	1,	71),
(171,	'2019-06-17 16:36:12',	1,	71),
(181,	'2019-08-27 17:10:30',	1,	71),
(182,	'2020-02-27 11:25:52',	154,	81),
(183,	'2020-02-27 11:27:00',	154,	81),
(184,	'2020-02-27 11:27:49',	154,	81),
(185,	'2020-02-27 11:29:40',	154,	81),
(186,	'2020-02-27 11:33:22',	154,	81),
(187,	'2020-02-27 11:34:29',	154,	81),
(188,	'2020-02-27 11:39:09',	154,	81),
(189,	'2020-02-27 11:43:47',	154,	81),
(190,	'2020-02-27 11:46:22',	154,	82),
(191,	'2020-02-27 11:47:07',	154,	83),
(249,	'2020-03-03 17:38:33',	171,	82),
(193,	'2020-02-27 11:59:01',	11,	81),
(194,	'2020-02-27 12:01:14',	11,	82),
(195,	'2020-02-27 12:02:52',	11,	83),
(197,	'2020-02-27 12:45:57',	155,	81),
(198,	'2020-02-27 12:47:26',	155,	82),
(199,	'2020-02-27 12:48:44',	155,	83),
(286,	'2020-03-04 15:12:59',	173,	83),
(201,	'2020-02-27 14:13:04',	156,	81),
(202,	'2020-02-27 14:14:35',	156,	82),
(203,	'2020-02-27 14:15:19',	156,	83),
(281,	'2020-03-04 14:01:58',	172,	81),
(205,	'2020-02-27 15:01:55',	157,	81),
(206,	'2020-02-27 15:02:38',	157,	82),
(207,	'2020-02-27 15:04:35',	157,	83),
(284,	'2020-03-04 15:11:01',	173,	81),
(209,	'2020-02-27 15:11:51',	158,	81),
(210,	'2020-02-27 15:12:32',	158,	82),
(211,	'2020-02-27 15:13:17',	158,	83),
(283,	'2020-03-04 14:52:37',	170,	81),
(213,	'2020-02-28 11:08:29',	1,	81),
(214,	'2020-02-28 11:09:14',	1,	82),
(215,	'2020-02-28 11:10:00',	1,	83),
(285,	'2020-03-04 15:11:49',	173,	82),
(217,	'2020-02-28 11:45:10',	81,	81),
(218,	'2020-02-28 11:46:25',	81,	82),
(219,	'2020-02-28 11:47:10',	81,	83),
(282,	'2020-03-04 14:47:41',	171,	83),
(221,	'2020-02-28 12:14:37',	162,	81),
(222,	'2020-02-28 12:15:21',	162,	82),
(223,	'2020-02-28 12:16:11',	162,	83),
(248,	'2020-03-03 17:37:32',	171,	81),
(225,	'2020-02-28 14:43:19',	164,	81),
(226,	'2020-02-28 14:44:03',	164,	82),
(227,	'2020-02-28 14:44:46',	164,	83),
(228,	'2020-02-28 14:44:46',	164,	83),
(260,	'2020-03-03 20:23:58',	169,	82),
(230,	'2020-02-28 18:56:09',	165,	81),
(231,	'2020-02-28 18:56:52',	165,	82),
(232,	'2020-02-28 18:57:39',	165,	83),
(259,	'2020-03-03 20:21:46',	169,	81),
(291,	'2020-03-05 19:20:31',	172,	82),
(290,	'2020-03-05 19:06:58',	167,	85),
(289,	'2020-03-05 19:02:26',	167,	83),
(288,	'2020-03-05 19:01:11',	167,	82),
(287,	'2020-03-05 19:00:12',	167,	81),
(245,	'2020-03-03 12:38:51',	168,	81),
(246,	'2020-03-03 12:40:04',	168,	82),
(247,	'2020-03-04 11:43:32',	168,	83),
(292,	'2020-03-06 12:10:15',	172,	83),
(293,	'2020-03-06 12:11:08',	172,	85),
(294,	'2020-03-06 12:27:26',	176,	81),
(295,	'2020-03-06 12:28:19',	176,	82),
(296,	'2020-03-06 12:30:19',	176,	83),
(297,	'2020-03-06 12:31:33',	176,	85),
(298,	'2020-03-12 06:07:38',	160,	86),
(299,	'2020-03-12 13:27:57',	160,	87),
(300,	'2020-03-13 07:18:27',	177,	86),
(301,	'2020-03-13 07:39:31',	177,	87),
(302,	'2020-03-13 07:52:04',	178,	86),
(303,	'2020-03-13 07:53:09',	178,	87),
(304,	'2020-03-13 12:13:08',	179,	86),
(305,	'2020-03-13 12:13:57',	179,	87),
(306,	'2020-03-13 12:28:20',	179,	89),
(307,	'2020-03-13 12:39:45',	179,	90),
(308,	'2020-03-13 12:41:31',	179,	91),
(309,	'2020-03-17 06:16:49',	11,	85),
(310,	'2020-03-27 07:35:25',	1,	85),
(311,	'2020-04-16 22:03:25',	181,	93),
(312,	'2020-04-22 18:43:42',	210,	93),
(313,	'2020-04-23 10:33:59',	237,	93),
(314,	'2020-04-30 02:28:01',	254,	93),
(315,	'2020-05-05 11:04:10',	237,	94),
(316,	'2020-09-25 16:31:23',	182,	93),
(317,	'2020-09-25 16:44:56',	182,	94),
(318,	'2020-11-30 18:22:13',	182,	95),
(319,	'2020-11-30 18:46:58',	182,	96),
(320,	'2020-12-01 11:13:53',	182,	97),
(321,	'2020-12-01 11:16:12',	182,	98),
(322,	'2020-12-01 11:23:51',	182,	99),
(323,	'2020-12-07 17:35:57',	182,	100),
(324,	'2020-12-11 12:23:24',	182,	101),
(325,	'2020-12-14 12:19:52',	262,	93),
(326,	'2020-12-14 12:41:44',	262,	94),
(327,	'2020-12-14 16:24:43',	262,	95),
(328,	'2020-12-14 16:39:59',	262,	96),
(329,	'2020-12-14 17:16:58',	262,	97),
(330,	'2020-12-14 17:29:09',	262,	98),
(331,	'2020-12-14 17:39:36',	262,	99),
(332,	'2020-12-14 17:42:18',	262,	100),
(333,	'2020-12-14 18:09:19',	262,	101),
(334,	'2020-12-21 19:09:02',	182,	102),
(335,	'2021-01-18 13:02:27',	296,	93),
(336,	'2021-01-18 14:53:12',	296,	94),
(337,	'2021-01-18 14:55:03',	296,	95),
(338,	'2021-01-18 15:59:46',	296,	96),
(339,	'2021-01-18 16:09:32',	296,	97),
(340,	'2021-01-19 13:40:04',	296,	98),
(341,	'2021-01-19 17:35:16',	182,	103),
(342,	'2021-01-19 18:30:46',	296,	99),
(343,	'2021-01-19 18:32:47',	296,	100),
(344,	'2021-01-20 12:37:23',	278,	93),
(345,	'2021-01-20 12:37:36',	277,	93),
(346,	'2021-01-20 13:43:38',	296,	101),
(347,	'2021-09-09 00:56:15',	154,	96),
(348,	'2021-09-15 00:15:22',	154,	97);

CREATE TABLE `test_result_grade` (
  `test_result_grade_id` bigint NOT NULL AUTO_INCREMENT,
  `grade` float NOT NULL,
  `test_result_id` bigint NOT NULL,
  PRIMARY KEY (`test_result_grade_id`)
) ENGINE=MyISAM DEFAULT CHARSET=utf8mb3;

INSERT INTO `test_result_grade` (`test_result_grade_id`, `grade`, `test_result_id`) VALUES
(1,	1,	1),
(11,	1,	11),
(21,	1,	21),
(31,	0.666667,	31),
(41,	0,	41),
(51,	1,	51),
(61,	0,	61),
(71,	0,	71),
(81,	1,	81),
(91,	0.666667,	91),
(101,	0,	101),
(111,	1,	111),
(121,	1,	121),
(131,	0,	131),
(141,	0.333333,	141),
(151,	0.333333,	151),
(161,	0.333333,	161),
(171,	0.333333,	171),
(181,	0.333333,	181),
(182,	0.333333,	182),
(183,	1,	183),
(184,	1,	184),
(185,	0.666667,	185),
(186,	0.666667,	186),
(187,	0.666667,	187),
(188,	0.666667,	188),
(189,	0,	189),
(190,	0,	190),
(191,	0.5,	191),
(192,	0,	192),
(193,	0.5,	193),
(194,	1,	194),
(195,	0.5,	195),
(196,	1,	196),
(197,	0.5,	197),
(198,	0,	198),
(199,	0.5,	199),
(200,	0,	200),
(201,	0.5,	201),
(202,	0,	202),
(203,	0.5,	203),
(204,	0,	204),
(205,	0.5,	205),
(206,	0,	206),
(207,	0,	207),
(208,	0,	208),
(209,	0.5,	209),
(210,	0,	210),
(211,	0,	211),
(212,	0,	212),
(213,	0.5,	213),
(214,	0,	214),
(215,	0.5,	215),
(216,	0,	216),
(217,	0.5,	217),
(218,	0,	218),
(219,	0.5,	219),
(220,	0,	220),
(221,	0.5,	221),
(222,	0,	222),
(223,	0.5,	223),
(224,	0,	224),
(225,	0.5,	225),
(226,	0,	226),
(227,	0.5,	227),
(228,	0.5,	228),
(229,	0,	229),
(230,	0.5,	230),
(231,	0,	231),
(232,	0,	232),
(233,	0,	233),
(234,	0.75,	234),
(235,	0,	235),
(236,	0,	236),
(237,	0,	238),
(238,	0,	237),
(239,	0,	239),
(240,	0,	240),
(241,	0,	241),
(242,	0,	242),
(243,	0,	243),
(244,	0,	244),
(245,	0.75,	245),
(246,	1,	246),
(247,	0,	247),
(248,	0,	248),
(249,	1,	249),
(250,	0,	250),
(251,	0,	251),
(252,	0.5,	252),
(253,	0.5,	253),
(254,	0.5,	254),
(255,	0,	255),
(256,	0,	256),
(257,	0,	257),
(258,	0,	258),
(259,	0.25,	259),
(260,	0,	260),
(261,	0.5,	261),
(262,	0.5,	262),
(263,	0.5,	263),
(264,	0.5,	264),
(265,	0,	274),
(266,	0.25,	275),
(267,	1,	276),
(268,	0.5,	277),
(269,	0.5,	278),
(270,	1,	279),
(271,	0,	280),
(272,	0,	281),
(273,	0,	282),
(274,	0.5,	283),
(275,	0.5,	284),
(276,	1,	285),
(277,	0.5,	286),
(278,	0.5,	287),
(279,	0,	288),
(280,	0.5,	289),
(281,	1,	290),
(282,	1,	291),
(283,	0,	292),
(284,	0,	293),
(285,	0.5,	294),
(286,	1,	295),
(287,	0,	296),
(288,	1,	297),
(289,	0.333333,	298),
(290,	1,	299),
(291,	0.666667,	300),
(292,	1,	301),
(293,	0.666667,	302),
(294,	1,	303),
(295,	1,	304),
(296,	0,	305),
(297,	0,	306),
(298,	0,	307),
(299,	0.666667,	308),
(300,	1,	309),
(301,	1,	310),
(302,	0.333333,	311),
(303,	1,	312),
(304,	1,	313),
(305,	0.333333,	314),
(306,	1,	315),
(307,	0,	316),
(308,	0.25,	317),
(309,	0.25,	318),
(310,	0.4,	319),
(311,	0,	320),
(312,	0.75,	321),
(313,	0.333333,	322),
(314,	1,	323),
(315,	0.5,	324),
(316,	1,	325),
(317,	0.75,	326),
(318,	0.5,	327),
(319,	0.8,	328),
(320,	0.5,	329),
(321,	0.75,	330),
(322,	0.666667,	331),
(323,	0.6,	332),
(324,	0.75,	333),
(325,	0.25,	334),
(326,	1,	335),
(327,	0.5,	336),
(328,	0.75,	337),
(329,	0.2,	338),
(330,	0.5,	339),
(331,	0.75,	340),
(332,	0.25,	341),
(333,	0.666667,	342),
(334,	0.6,	343),
(335,	0.666667,	344),
(336,	1,	345),
(337,	0.25,	346),
(338,	0.4,	347),
(339,	0.75,	348);

CREATE TABLE `top_picks` (
  `top_picks_id` bigint NOT NULL AUTO_INCREMENT,
  `quote` varchar(255) DEFAULT NULL,
  `is_daily_top_picks` bit(1) DEFAULT NULL,
  `created_at` datetime NOT NULL,
  `updated_at` datetime DEFAULT NULL,
  PRIMARY KEY (`top_picks_id`)
) ENGINE=MyISAM DEFAULT CHARSET=latin1;

INSERT INTO `top_picks` (`top_picks_id`, `quote`, `is_daily_top_picks`, `created_at`, `updated_at`) VALUES
(172,	'test1',	CONV('0', 2, 10) + 0,	'2022-02-07 14:41:20',	'2022-02-10 10:42:46'),
(171,	'Test',	CONV('0', 2, 10) + 0,	'2022-02-03 09:08:11',	'2022-02-10 10:42:46'),
(173,	'dsds',	CONV('0', 2, 10) + 0,	'2022-02-07 14:46:49',	'2022-02-10 10:42:46'),
(167,	'Share Something With Us',	CONV('1', 2, 10) + 0,	'2022-02-03 09:07:31',	'2022-02-10 10:42:46'),
(168,	'Post A Photo',	CONV('0', 2, 10) + 0,	'2022-02-03 09:07:52',	'2022-02-10 10:42:46'),
(159,	'The Purpose Of Lives Is To Be Happy	',	CONV('0', 2, 10) + 0,	'2022-02-01 15:51:08',	'2022-02-10 10:42:46');

CREATE TABLE `wall_post` (
  `wall_post_id` bigint NOT NULL AUTO_INCREMENT,
  `created_at` datetime DEFAULT NULL,
  `instructor_id` bigint NOT NULL,
  `is_active` bit(1) DEFAULT NULL,
  `likes` int NOT NULL,
  `student_id` bigint NOT NULL,
  `text` varchar(255) DEFAULT NULL,
  `type` varchar(255) DEFAULT NULL,
  `is_deleted` bit(1) DEFAULT NULL,
  `approved_date` datetime DEFAULT NULL,
  `deleted_date` datetime DEFAULT NULL,
  PRIMARY KEY (`wall_post_id`)
) ENGINE=MyISAM DEFAULT CHARSET=utf8mb3;

INSERT INTO `wall_post` (`wall_post_id`, `created_at`, `instructor_id`, `is_active`, `likes`, `student_id`, `text`, `type`, `is_deleted`, `approved_date`, `deleted_date`) VALUES
(1,	'2020-04-16 22:02:18',	0,	CONV('1', 2, 10) + 0,	0,	181,	'Welcome to Infinite Focus Schools!',	'student',	CONV('1', 2, 10) + 0,	'2020-04-17 01:02:18',	'2020-04-17 02:02:18'),
(7,	'2020-04-22 22:00:55',	121,	CONV('1', 2, 10) + 0,	3,	0,	'I\'m happy.',	'instructor',	CONV('1', 2, 10) + 0,	'2020-04-22 23:00:55',	'2020-04-23 00:00:55'),
(6,	'2020-04-17 14:00:55',	1,	CONV('1', 2, 10) + 0,	1,	0,	'',	'instructor',	CONV('1', 2, 10) + 0,	'2020-04-17 16:00:55',	'2020-04-17 18:00:55'),
(8,	'2020-10-08 18:33:00',	1,	CONV('1', 2, 10) + 0,	1,	0,	'testing update ',	'instructor',	CONV('1', 2, 10) + 0,	'2020-10-08 21:33:00',	'2020-10-08 23:33:00'),
(9,	'2020-10-12 10:33:14',	1,	CONV('1', 2, 10) + 0,	0,	0,	'checking',	'instructor',	CONV('1', 2, 10) + 0,	'2020-10-12 13:33:14',	'2020-10-12 15:33:14'),
(10,	'2020-10-12 12:47:28',	1,	CONV('1', 2, 10) + 0,	0,	0,	'',	'instructor',	CONV('1', 2, 10) + 0,	'2020-10-12 14:47:28',	'2020-10-12 16:47:28'),
(11,	'2020-10-12 19:49:22',	0,	CONV('1', 2, 10) + 0,	0,	182,	'Test',	'student',	CONV('1', 2, 10) + 0,	'2020-10-12 22:49:22',	'2020-10-13 01:49:22'),
(12,	'2020-10-13 11:56:45',	1,	CONV('1', 2, 10) + 0,	1,	0,	'asas',	'instructor',	CONV('1', 2, 10) + 0,	'2020-10-13 14:56:45',	'2020-10-13 17:56:45'),
(13,	'2020-10-13 14:31:20',	0,	CONV('1', 2, 10) + 0,	1,	182,	'Test Crop Post',	'student',	CONV('1', 2, 10) + 0,	'2020-10-13 16:31:20',	'2020-10-13 18:31:20'),
(14,	'2020-10-13 17:04:04',	0,	CONV('1', 2, 10) + 0,	0,	182,	'Test',	'student',	CONV('1', 2, 10) + 0,	'2020-10-13 19:04:04',	'2020-10-13 22:04:04'),
(15,	'2020-10-14 12:06:53',	1,	CONV('1', 2, 10) + 0,	0,	0,	'',	'instructor',	CONV('1', 2, 10) + 0,	'2020-10-14 13:06:53',	'2020-10-14 15:06:53'),
(16,	'2020-10-14 12:12:02',	1,	CONV('1', 2, 10) + 0,	2,	0,	'',	'instructor',	CONV('1', 2, 10) + 0,	'2020-10-14 15:12:02',	'2020-10-14 18:12:02'),
(17,	'2020-10-14 13:42:59',	1,	CONV('1', 2, 10) + 0,	0,	0,	'',	'instructor',	CONV('1', 2, 10) + 0,	'2020-10-14 16:42:59',	'2020-10-14 17:42:59'),
(18,	'2020-10-14 14:24:13',	1,	CONV('1', 2, 10) + 0,	0,	0,	'',	'instructor',	CONV('1', 2, 10) + 0,	'2020-10-14 16:24:13',	'2020-10-14 19:24:13'),
(19,	'2020-10-14 14:24:36',	1,	CONV('1', 2, 10) + 0,	0,	0,	'',	'instructor',	CONV('1', 2, 10) + 0,	'2020-10-14 17:24:36',	'2020-10-14 19:24:36'),
(20,	'2020-10-14 14:46:17',	1,	CONV('1', 2, 10) + 0,	0,	0,	'',	'instructor',	CONV('1', 2, 10) + 0,	'2020-10-14 15:46:17',	'2020-10-14 16:46:17'),
(21,	'2020-10-14 14:47:27',	1,	CONV('1', 2, 10) + 0,	0,	0,	'',	'instructor',	CONV('1', 2, 10) + 0,	'2020-10-14 16:47:27',	'2020-10-14 18:47:27'),
(22,	'2020-10-14 16:06:56',	1,	CONV('1', 2, 10) + 0,	0,	0,	'',	'instructor',	CONV('1', 2, 10) + 0,	'2020-10-14 18:06:56',	'2020-10-14 20:06:56'),
(23,	'2020-10-14 16:07:23',	1,	CONV('1', 2, 10) + 0,	0,	0,	'',	'instructor',	CONV('1', 2, 10) + 0,	'2020-10-14 19:07:23',	'2020-10-14 21:07:23'),
(24,	'2020-10-14 17:10:56',	1,	CONV('1', 2, 10) + 0,	0,	0,	'',	'instructor',	CONV('1', 2, 10) + 0,	'2020-10-14 20:10:56',	'2020-10-14 22:10:56'),
(25,	'2021-01-18 18:15:23',	1,	CONV('1', 2, 10) + 0,	2,	0,	'happy happy',	'instructor',	CONV('1', 2, 10) + 0,	'2021-01-18 21:15:23',	'2021-01-19 00:15:23'),
(26,	'2021-01-19 16:30:23',	0,	CONV('1', 2, 10) + 0,	0,	268,	'Test',	'student',	CONV('1', 2, 10) + 0,	'2021-01-19 17:30:23',	'2021-01-19 20:30:23'),
(27,	'2021-01-19 16:31:42',	0,	CONV('1', 2, 10) + 0,	0,	268,	'Test',	'student',	CONV('1', 2, 10) + 0,	'2021-01-19 18:31:42',	'2021-01-19 21:31:42'),
(28,	'2021-01-19 16:41:10',	1,	CONV('1', 2, 10) + 0,	0,	0,	'tesssssst',	'instructor',	CONV('1', 2, 10) + 0,	'2021-01-19 18:41:10',	'2021-01-19 20:41:10'),
(29,	'2021-01-19 16:46:19',	0,	CONV('1', 2, 10) + 0,	0,	268,	'Test',	'student',	CONV('1', 2, 10) + 0,	'2021-01-19 18:46:19',	'2021-01-19 20:46:19'),
(30,	'2021-01-19 17:47:15',	0,	CONV('1', 2, 10) + 0,	0,	296,	'happy',	'student',	CONV('1', 2, 10) + 0,	'2021-01-19 18:47:15',	'2021-01-19 21:47:15'),
(31,	'2021-01-20 15:29:44',	0,	CONV('1', 2, 10) + 0,	0,	296,	'test',	'student',	CONV('1', 2, 10) + 0,	'2021-01-20 17:29:44',	'2021-01-20 19:29:44'),
(32,	'2021-02-03 19:44:51',	1,	CONV('1', 2, 10) + 0,	0,	0,	'test',	'instructor',	CONV('1', 2, 10) + 0,	'2021-02-03 22:44:51',	'2021-02-04 00:44:51'),
(33,	'2021-06-23 04:15:22',	0,	CONV('1', 2, 10) + 0,	8,	182,	'Test Post',	'student',	CONV('0', 2, 10) + 0,	'2021-06-23 05:15:22',	NULL),
(34,	'2021-11-26 01:30:05',	1,	CONV('1', 2, 10) + 0,	1,	0,	'Test Post',	'instructor',	CONV('1', 2, 10) + 0,	'2021-11-26 04:30:05',	'2021-11-26 07:30:05'),
(37,	'2021-12-10 02:44:43',	0,	CONV('1', 2, 10) + 0,	0,	182,	'test post',	'student',	CONV('1', 2, 10) + 0,	'2021-12-10 04:44:43',	'2021-12-10 07:44:43'),
(38,	'2021-12-10 02:45:57',	0,	CONV('1', 2, 10) + 0,	0,	182,	'test post',	'student',	CONV('1', 2, 10) + 0,	'2021-12-10 04:45:57',	'2021-12-10 06:45:57'),
(39,	'2021-12-13 02:56:26',	0,	CONV('1', 2, 10) + 0,	3,	182,	'Test Post',	'student',	CONV('1', 2, 10) + 0,	'2021-12-13 04:56:26',	'2021-12-13 07:56:26'),
(43,	'2021-12-28 03:28:11',	1,	CONV('1', 2, 10) + 0,	0,	0,	'test',	'instructor',	CONV('1', 2, 10) + 0,	'2021-12-28 05:28:11',	'2021-12-28 08:28:11'),
(42,	'2021-12-24 02:23:39',	0,	CONV('1', 2, 10) + 0,	4,	182,	'Test Post',	'student',	CONV('1', 2, 10) + 0,	'2021-12-24 05:23:39',	'2021-12-24 08:23:39'),
(44,	'2021-12-30 03:58:43',	1,	CONV('1', 2, 10) + 0,	0,	0,	'',	'instructor',	CONV('1', 2, 10) + 0,	'2021-12-30 04:58:43',	'2021-12-30 06:58:43'),
(45,	'2021-12-31 03:34:53',	1,	CONV('1', 2, 10) + 0,	3,	0,	'test',	'instructor',	CONV('0', 2, 10) + 0,	'2021-12-31 05:34:53',	NULL),
(88,	'2022-02-01 14:49:45',	0,	CONV('1', 2, 10) + 0,	4,	401,	'Wall Of wonder\n',	'student',	CONV('0', 2, 10) + 0,	'2022-02-01 17:49:45',	NULL),
(87,	'2022-02-01 14:30:41',	0,	CONV('1', 2, 10) + 0,	0,	406,	'',	'student',	CONV('0', 2, 10) + 0,	'2022-02-01 16:30:41',	NULL),
(86,	'2022-02-01 05:24:23',	0,	CONV('0', 2, 10) + 0,	0,	182,	'',	'student',	CONV('0', 2, 10) + 0,	NULL,	NULL),
(85,	'2022-01-31 14:52:57',	0,	CONV('0', 2, 10) + 0,	0,	401,	'',	'student',	CONV('0', 2, 10) + 0,	NULL,	NULL),
(50,	'2022-01-13 07:39:43',	1,	CONV('1', 2, 10) + 0,	4,	0,	'',	'instructor',	CONV('0', 2, 10) + 0,	'2022-01-13 10:39:43',	NULL),
(51,	'2022-01-13 12:47:45',	0,	CONV('1', 2, 10) + 0,	2,	380,	'test',	'student',	CONV('1', 2, 10) + 0,	'2022-01-13 13:47:45',	'2022-01-13 14:47:45'),
(52,	'2022-01-13 18:09:54',	0,	CONV('0', 2, 10) + 0,	0,	182,	'test',	'student',	CONV('0', 2, 10) + 0,	NULL,	NULL),
(53,	'2022-01-13 18:16:06',	0,	CONV('0', 2, 10) + 0,	0,	182,	'',	'student',	CONV('0', 2, 10) + 0,	NULL,	NULL),
(69,	'2022-01-24 08:00:54',	0,	CONV('1', 2, 10) + 0,	1,	380,	'',	'student',	CONV('1', 2, 10) + 0,	'2022-01-24 11:00:54',	'2022-01-24 13:00:54'),
(55,	'2022-01-15 05:53:18',	0,	CONV('1', 2, 10) + 0,	1,	182,	'My test',	'student',	CONV('1', 2, 10) + 0,	'2022-01-15 07:53:18',	'2022-01-15 09:53:18'),
(56,	'2022-01-18 11:25:20',	0,	CONV('1', 2, 10) + 0,	0,	401,	'Stephen',	'student',	CONV('1', 2, 10) + 0,	'2022-01-18 12:25:20',	'2022-01-18 13:25:20'),
(57,	'2022-01-18 11:40:37',	0,	CONV('1', 2, 10) + 0,	0,	401,	'stephen',	'student',	CONV('1', 2, 10) + 0,	'2022-01-18 12:40:37',	'2022-01-18 13:40:37'),
(58,	'2022-01-18 11:41:28',	0,	CONV('1', 2, 10) + 0,	2,	401,	'step',	'student',	CONV('0', 2, 10) + 0,	'2022-01-18 14:41:28',	NULL),
(59,	'2022-01-19 05:31:59',	0,	CONV('1', 2, 10) + 0,	0,	401,	's',	'student',	CONV('1', 2, 10) + 0,	'2022-01-19 08:31:59',	'2022-01-19 09:31:59'),
(60,	'2022-01-19 11:27:26',	1,	CONV('1', 2, 10) + 0,	3,	0,	'Test',	'instructor',	CONV('0', 2, 10) + 0,	'2022-01-19 14:27:26',	NULL),
(61,	'2022-01-19 13:15:25',	0,	CONV('1', 2, 10) + 0,	1,	401,	'',	'student',	CONV('1', 2, 10) + 0,	'2022-01-19 14:15:25',	'2022-01-19 15:15:25'),
(62,	'2022-01-19 13:31:50',	0,	CONV('1', 2, 10) + 0,	4,	401,	'stephen',	'student',	CONV('1', 2, 10) + 0,	'2022-01-19 14:31:50',	'2022-01-19 17:31:50'),
(63,	'2022-01-20 05:52:01',	0,	CONV('0', 2, 10) + 0,	0,	401,	'happy',	'student',	CONV('0', 2, 10) + 0,	NULL,	NULL),
(64,	'2022-01-20 07:09:22',	1,	CONV('1', 2, 10) + 0,	0,	0,	'Hi',	'instructor',	CONV('1', 2, 10) + 0,	'2022-01-20 08:09:22',	'2022-01-20 11:09:22'),
(65,	'2022-01-20 07:13:46',	0,	CONV('1', 2, 10) + 0,	0,	401,	'hlo',	'student',	CONV('1', 2, 10) + 0,	'2022-01-20 09:13:46',	'2022-01-20 12:13:46'),
(67,	'2022-01-21 08:47:30',	1,	CONV('1', 2, 10) + 0,	0,	0,	'New Posts',	'instructor',	CONV('1', 2, 10) + 0,	'2022-01-21 10:47:30',	'2022-01-21 12:47:30'),
(68,	'2022-01-21 09:31:45',	11,	CONV('1', 2, 10) + 0,	2,	0,	'Test with image.',	'instructor',	CONV('0', 2, 10) + 0,	'2022-01-21 10:31:45',	NULL),
(70,	'2022-01-24 09:58:27',	0,	CONV('1', 2, 10) + 0,	2,	182,	'',	'student',	CONV('0', 2, 10) + 0,	'2022-01-24 11:58:27',	NULL),
(71,	'2022-01-24 10:00:56',	0,	CONV('1', 2, 10) + 0,	2,	182,	'',	'student',	CONV('0', 2, 10) + 0,	'2022-01-24 11:00:56',	NULL),
(72,	'2022-01-24 13:44:22',	0,	CONV('0', 2, 10) + 0,	0,	401,	'step',	'student',	CONV('0', 2, 10) + 0,	NULL,	NULL),
(73,	'2022-01-25 07:23:06',	0,	CONV('1', 2, 10) + 0,	0,	406,	'happy ',	'student',	CONV('0', 2, 10) + 0,	'2022-02-10 05:59:24',	NULL),
(74,	'2022-01-25 09:47:42',	0,	CONV('1', 2, 10) + 0,	1,	380,	'',	'student',	CONV('0', 2, 10) + 0,	'2022-01-25 10:47:42',	NULL),
(75,	'2022-01-25 13:56:54',	0,	CONV('0', 2, 10) + 0,	0,	401,	'stephen',	'student',	CONV('0', 2, 10) + 0,	NULL,	NULL),
(76,	'2022-01-25 13:58:07',	0,	CONV('0', 2, 10) + 0,	0,	401,	'stephen',	'student',	CONV('0', 2, 10) + 0,	NULL,	NULL),
(77,	'2022-01-25 15:46:01',	0,	CONV('0', 2, 10) + 0,	0,	401,	'dsfsdfds',	'student',	CONV('0', 2, 10) + 0,	NULL,	NULL),
(78,	'2022-01-25 15:46:24',	0,	CONV('0', 2, 10) + 0,	0,	401,	'test',	'student',	CONV('0', 2, 10) + 0,	NULL,	NULL),
(79,	'2022-01-25 17:01:30',	0,	CONV('1', 2, 10) + 0,	0,	182,	'Hello World!',	'student',	CONV('1', 2, 10) + 0,	'2022-01-25 20:01:30',	'2022-01-25 22:01:30'),
(80,	'2022-01-26 06:04:59',	0,	CONV('1', 2, 10) + 0,	1,	182,	'test post new',	'student',	CONV('0', 2, 10) + 0,	'2022-01-26 08:04:59',	NULL),
(81,	'2022-01-27 08:32:51',	0,	CONV('1', 2, 10) + 0,	1,	406,	'test',	'student',	CONV('0', 2, 10) + 0,	'2022-01-27 10:32:51',	NULL),
(82,	'2022-01-27 08:33:00',	0,	CONV('1', 2, 10) + 0,	1,	406,	'test',	'student',	CONV('1', 2, 10) + 0,	'2022-01-27 09:33:00',	'2022-01-27 10:33:00'),
(83,	'2022-01-27 11:58:39',	0,	CONV('1', 2, 10) + 0,	1,	182,	'',	'student',	CONV('0', 2, 10) + 0,	'2022-02-10 06:00:29',	NULL),
(84,	'2022-01-27 23:09:12',	0,	CONV('0', 2, 10) + 0,	0,	182,	'Hi!',	'student',	CONV('0', 2, 10) + 0,	NULL,	NULL),
(89,	'2022-02-08 12:19:48',	0,	CONV('0', 2, 10) + 0,	0,	401,	'',	'student',	CONV('0', 2, 10) + 0,	NULL,	NULL),
(90,	'2022-02-09 07:08:08',	0,	CONV('0', 2, 10) + 0,	0,	182,	'Test Post',	'student',	CONV('0', 2, 10) + 0,	NULL,	NULL),
(91,	'2022-02-09 07:34:10',	0,	CONV('1', 2, 10) + 0,	0,	401,	'test',	'student',	CONV('0', 2, 10) + 0,	'2022-02-09 10:34:10',	NULL),
(92,	'2022-02-09 12:24:14',	0,	CONV('0', 2, 10) + 0,	0,	401,	'success message check',	'student',	CONV('0', 2, 10) + 0,	NULL,	NULL),
(93,	'2022-02-10 13:51:31',	0,	CONV('1', 2, 10) + 0,	2,	732,	'I love nature.',	'student',	CONV('1', 2, 10) + 0,	'2022-02-10 13:51:47',	'2022-02-10 13:57:55');

CREATE TABLE `wall_post_attachment` (
  `wall_post_attachment_id` bigint NOT NULL AUTO_INCREMENT,
  `type` varchar(255) DEFAULT NULL,
  `url` varchar(255) DEFAULT NULL,
  `wall_post_id` bigint NOT NULL,
  PRIMARY KEY (`wall_post_attachment_id`)
) ENGINE=MyISAM DEFAULT CHARSET=utf8mb3;

INSERT INTO `wall_post_attachment` (`wall_post_attachment_id`, `type`, `url`, `wall_post_id`) VALUES
(1,	'image',	'http://res.cloudinary.com/veedbeta/image/upload/v1587074515/wall/posts/nor7xiyuvttah3i4ihfi.jpg',	1),
(7,	'image',	'http://res.cloudinary.com/veedbeta/image/upload/v1587132050/nykjiswtrtne1kpugcq4.jpg',	6),
(12,	'image',	'http://res.cloudinary.com/veedbeta/image/upload/v1602226655/oc3xgf0k9dkyglfz3g57.png',	8),
(11,	'image',	'http://res.cloudinary.com/veedbeta/image/upload/v1602162549/cfppljn2m5f7ms2ddhge.png',	8),
(13,	'image',	'http://res.cloudinary.com/veedbeta/image/upload/v1602226779/cwkn8hhgvoyiiogjigui.png',	8),
(14,	'image',	'http://res.cloudinary.com/veedbeta/image/upload/v1602479403/rpubdgfleuae3stqtnw0.png',	9),
(15,	'image',	'http://res.cloudinary.com/veedbeta/image/upload/v1602487458/hzibs7kd2peo3ldxe80r.png',	10),
(16,	'image',	'http://res.cloudinary.com/veedbeta/image/upload/v1602487465/knxbugrwxmiaofshie4o.png',	10),
(17,	'image',	'http://res.cloudinary.com/veedbeta/image/upload/v1602512746/wall/posts/mgdislbyikt6me6ufhfe.jpg',	11),
(18,	'image',	'http://res.cloudinary.com/veedbeta/image/upload/v1602512766/wall/posts/eb9pi08ggqsw3wu6d2re.jpg',	11),
(20,	'image',	'http://res.cloudinary.com/veedbeta/image/upload/v1602570808/ndvkjoswe9hquzfwyfee.png',	12),
(21,	'image',	'http://res.cloudinary.com/veedbeta/image/upload/v1602570839/yk1xwgapgpdkh1kriizb.png',	12),
(22,	'image',	'http://res.cloudinary.com/veedbeta/image/upload/v1602580053/wall/posts/h5mfglf0wnnqr7van7yv.jpg',	13),
(23,	'image',	'http://res.cloudinary.com/veedbeta/image/upload/v1602580081/wall/posts/y3xrdibdpkevds1esdzs.jpg',	13),
(27,	'image',	'http://res.cloudinary.com/veedbeta/image/upload/v1602658139/q7cr0pmhyvl4xvlxayeb.jpg',	16),
(26,	'image',	'http://res.cloudinary.com/veedbeta/image/upload/v1602657821/tjjxw1umdvmugxbi9u5s.jpg',	15),
(28,	'image',	'http://res.cloudinary.com/veedbeta/image/upload/v1602663549/nfaqarwlqpvt1yrfcpjf.jpg',	17),
(29,	'image',	'http://res.cloudinary.com/veedbeta/image/upload/v1602666067/c6czbd4n8gaolh9gluoj.jpg',	18),
(30,	'image',	'http://res.cloudinary.com/veedbeta/image/upload/v1602666091/dgs9gg4aojnvx84g8gc3.jpg',	19),
(31,	'image',	'http://res.cloudinary.com/veedbeta/image/upload/v1602667380/pdw7b3ebhhryrahoqlk2.jpg',	20),
(32,	'image',	'http://res.cloudinary.com/veedbeta/image/upload/v1602667394/amnsbplaqulb9thvrd8a.jpg',	20),
(33,	'image',	'http://res.cloudinary.com/veedbeta/image/upload/v1602667410/npwdbcfxv23cqyqere8i.jpg',	21),
(34,	'image',	'http://res.cloudinary.com/veedbeta/image/upload/v1602667432/xvim4skbple0wgcujxqg.jpg',	21),
(35,	'image',	'http://res.cloudinary.com/veedbeta/image/upload/v1602667450/ed8kbtikospwcrpio0za.jpg',	21),
(36,	'image',	'http://res.cloudinary.com/veedbeta/image/upload/v1602667462/cpnjggqujunqr1yadtm7.jpg',	21),
(37,	'image',	'http://res.cloudinary.com/veedbeta/image/upload/v1602672230/sarn83dikp29yxyuwbam.jpg',	22),
(38,	'image',	'http://res.cloudinary.com/veedbeta/image/upload/v1602672257/ivccgmaih5dn8k8rameu.jpg',	23),
(39,	'image',	'http://res.cloudinary.com/veedbeta/image/upload/v1602675655/viufrjfez4mawmvgs0us.jpg',	24),
(40,	'image',	'http://res.cloudinary.com/veedbeta/image/upload/v1611054043/wall/posts/jbotdcuufwqrznc7vxot.jpg',	26),
(41,	'image',	'http://res.cloudinary.com/veedbeta/image/upload/v1611054127/wall/posts/t7czjt2yuz5dpnxxc4jh.jpg',	27),
(42,	'image',	'http://res.cloudinary.com/veedbeta/image/upload/v1611054518/wall/posts/ubwbs4pymqkrz4um8n68.jpg',	29),
(43,	'image',	'http://res.cloudinary.com/veedbeta/image/upload/v1611058664/wall/posts/jctrngb3hxll67cp8qrr.jpg',	30),
(44,	'image',	'http://res.cloudinary.com/veedbeta/image/upload/v1611136812/wall/posts/fi4kxxhma0zgb69taowt.jpg',	31),
(45,	'image',	'http://res.cloudinary.com/veedbeta/image/upload/v1612361694/ftmmvqdtbpd1158epi13.jpg',	32),
(46,	'image',	'http://res.cloudinary.com/veedbeta/image/upload/v1624439688/wall/posts/jom089pxpkulbuez4zpd.jpg',	33),
(47,	'image',	'http://res.cloudinary.com/veedbeta/image/upload/v1624439698/wall/posts/tfscumgwusr48ae9laap.jpg',	33),
(50,	'image',	'http://res.cloudinary.com/veedbeta/image/upload/v1639125878/ahxsxup18eygiunq6diw.jpg',	37),
(51,	'image',	'http://res.cloudinary.com/veedbeta/image/upload/v1639125954/te0ihcdubxb82c9eiux3.jpg',	38),
(52,	'image',	'http://res.cloudinary.com/veedbeta/image/upload/v1639385779/sgxflbdpzffwrplinq66.jpg',	39),
(53,	'image',	'http://res.cloudinary.com/veedbeta/image/upload/v1640334191/k7urlawgw29vxncvi7gg.jpg',	42),
(54,	'image',	'http://res.cloudinary.com/veedbeta/image/upload/v1640858256/tgnjnjbnqsl2fudf0eqg.jpg',	44),
(56,	'image',	'http://res.cloudinary.com/veedbeta/image/upload/v1640943284/bajw8m7z1rtakxk6mlom.jpg',	45),
(57,	'image',	'http://res.cloudinary.com/veedbeta/image/upload/v1640943465/cvbsrr3uun9wedad5xeh.jpg',	45),
(58,	'image',	'http://res.cloudinary.com/veedbeta/image/upload/v1640943768/ncq5rztlfclq1k5xgjop.jpg',	43),
(59,	'image',	'http://res.cloudinary.com/veedbeta/image/upload/v1642002059/xlhn5nsrbh9o7zsnuy1n.jpg',	46),
(60,	'image',	'http://res.cloudinary.com/veedbeta/image/upload/v1642002075/tgk1ucyoxdojbu0fdutg.jpg',	46),
(61,	'image',	'http://res.cloudinary.com/veedbeta/image/upload/v1642002209/scdyucvyj3m9poldr1ar.jpg',	49),
(62,	'image',	'http://res.cloudinary.com/veedbeta/image/upload/v1642059035/xxocd1wnnajwzjkgew8k.jpg',	50),
(63,	'image',	'http://res.cloudinary.com/veedbeta/image/upload/v1642077969/ajpzhnc0rkk0jrhhq0ac.jpg',	51),
(64,	'image',	'http://res.cloudinary.com/veedbeta/image/upload/v1642078059/v3dtqbscfmc6vw5d64nn.jpg',	51),
(65,	'image',	'http://res.cloudinary.com/veedbeta/image/upload/v1642097362/bu3lkzp2ly40sbuwr6na.jpg',	52),
(66,	'image',	'http://res.cloudinary.com/veedbeta/image/upload/v1642097746/atoucwvumbgswbugmtyv.jpg',	53),
(68,	'image',	'http://res.cloudinary.com/veedbeta/image/upload/v1642424518/hwyichbxbbrjl54mrbfq.jpg',	55),
(69,	'image',	'http://res.cloudinary.com/veedbeta/image/upload/v1642505081/q7gv4akoikpghg0n8a0o.jpg',	56),
(70,	'image',	'http://res.cloudinary.com/veedbeta/image/upload/v1642591597/tub1t5puketqktmzb0ew.jpg',	60),
(71,	'image',	'http://res.cloudinary.com/veedbeta/image/upload/v1642591614/zf2gtenwev5zfvahkafx.jpg',	60),
(72,	'image',	'http://res.cloudinary.com/veedbeta/image/upload/v1642591627/ue8wdk5iyp8qai1q4kub.jpg',	60),
(74,	'image',	'http://res.cloudinary.com/veedbeta/image/upload/v1642598228/rs9behjdnmcfojtj1rcr.jpg',	61),
(83,	'image',	'http://res.cloudinary.com/veedbeta/image/upload/v1642757477/tyhyzvezhbgagmardkfr.jpg',	68),
(89,	'image',	'http://res.cloudinary.com/veedbeta/image/upload/v1643005554/kgiky5vjz57fktwsnvfs.jpg',	62),
(78,	'image',	'http://res.cloudinary.com/veedbeta/image/upload/v1643011250/iipblvbmlq9wjtfjttbg.jpg',	69),
(79,	'image',	'http://res.cloudinary.com/veedbeta/image/upload/v1643018302/mrozpwfapa7q8urkcflx.jpg',	70),
(80,	'image',	'http://res.cloudinary.com/veedbeta/image/upload/v1643018452/j5kotdfeddpvsjq6i1l4.jpg',	71),
(81,	'image',	'http://res.cloudinary.com/veedbeta/image/upload/v1643095378/mrzx4bze2skkwomcfb92.jpg',	73),
(82,	'image',	'http://res.cloudinary.com/veedbeta/image/upload/v1643104059/dnwvvfknhpob34bhq5ox.jpg',	74),
(93,	'image',	'http://res.cloudinary.com/veedbeta/image/upload/v1643878609/cmwjpcm9imj1yswaijg5.jpg',	81),
(95,	'image',	'http://res.cloudinary.com/veedbeta/image/upload/v1643284694/gda028ltfgwjq6ls26e4.jpg',	83),
(87,	'image',	'http://res.cloudinary.com/veedbeta/image/upload/v1643640772/rcom3tmykezehbcglbrx.jpg',	85),
(88,	'image',	'http://res.cloudinary.com/veedbeta/image/upload/v1643693057/thigju9fa1gzqnbefdeg.jpg',	86),
(91,	'image',	'http://res.cloudinary.com/veedbeta/image/upload/v1643867652/xx6pjljturiqzuo6lks5.jpg',	87),
(94,	'image',	'http://res.cloudinary.com/veedbeta/image/upload/v1644322776/ly57okkmdma2dsoyne1q.jpg',	89),
(96,	'image',	'http://res.cloudinary.com/veedbeta/image/upload/v1644501069/rwy5gncqjyrvlnzwh6aw.jpg',	93);

CREATE TABLE `wall_post_request` (
  `wall_post_request_id` bigint NOT NULL AUTO_INCREMENT,
  `instructor_id` bigint NOT NULL,
  `wall_post_id` bigint NOT NULL,
  PRIMARY KEY (`wall_post_request_id`)
) ENGINE=MyISAM DEFAULT CHARSET=utf8mb3;

INSERT INTO `wall_post_request` (`wall_post_request_id`, `instructor_id`, `wall_post_id`) VALUES
(58,	1,	92),
(56,	1,	90),
(55,	1,	89),
(52,	1,	86),
(22,	1,	52),
(23,	1,	53),
(38,	1,	72),
(32,	1,	63),
(41,	1,	75),
(42,	1,	76),
(43,	1,	77),
(44,	1,	78),
(51,	1,	85),
(50,	1,	84);

-- 2022-02-11 09:31:40
